USE [nikai_dsr]
GO
/****** Object:  User [db_admin]    Script Date: 09/30/2013 17:14:24 ******/
CREATE USER [db_admin] FOR LOGIN [db_admin] WITH DEFAULT_SCHEMA=[dbo]
GO
/****** Object:  User [db_user]    Script Date: 09/30/2013 17:14:24 ******/
CREATE USER [db_user] FOR LOGIN [db_user] WITH DEFAULT_SCHEMA=[dbo]
GO
/****** Object:  Table [dbo].[Parameter]    Script Date: 09/30/2013 17:11:47 ******/
SET ANSI_NULLS ON
GO
SET QUOTED_IDENTIFIER ON
GO
SET ANSI_PADDING ON
GO
CREATE TABLE [dbo].[Parameter](
	[ParameterId] [int] NOT NULL,
	[ParameterText] [varchar](100) NOT NULL,
 CONSTRAINT [PK_Parameter] PRIMARY KEY CLUSTERED 
(
	[ParameterId] ASC
)WITH (PAD_INDEX  = OFF, STATISTICS_NORECOMPUTE  = OFF, IGNORE_DUP_KEY = OFF, ALLOW_ROW_LOCKS  = ON, ALLOW_PAGE_LOCKS  = ON) ON [PRIMARY]
) ON [PRIMARY]
GO
SET ANSI_PADDING OFF
GO
INSERT [dbo].[Parameter] ([ParameterId], [ParameterText]) VALUES (1, N'Menu_Status')
INSERT [dbo].[Parameter] ([ParameterId], [ParameterText]) VALUES (2, N'Access_Type')
INSERT [dbo].[Parameter] ([ParameterId], [ParameterText]) VALUES (3, N'Holiday_Type')
INSERT [dbo].[Parameter] ([ParameterId], [ParameterText]) VALUES (4, N'Shift_Name')
INSERT [dbo].[Parameter] ([ParameterId], [ParameterText]) VALUES (5, N'Business_Type')
INSERT [dbo].[Parameter] ([ParameterId], [ParameterText]) VALUES (6, N'Customer_Type')
INSERT [dbo].[Parameter] ([ParameterId], [ParameterText]) VALUES (7, N'Customer_Group')
INSERT [dbo].[Parameter] ([ParameterId], [ParameterText]) VALUES (8, N'Visit_Objective')
INSERT [dbo].[Parameter] ([ParameterId], [ParameterText]) VALUES (9, N'User_Language')
INSERT [dbo].[Parameter] ([ParameterId], [ParameterText]) VALUES (10, N'Sales_Channel')
/****** Object:  UserDefinedFunction [dbo].[Split]    Script Date: 09/30/2013 17:14:23 ******/
SET ANSI_NULLS ON
GO
SET QUOTED_IDENTIFIER ON
GO
CREATE FUNCTION [dbo].[Split] (
      @InputString                  VARCHAR(8000),
      @Delimiter                    VARCHAR(50)
)

RETURNS @Items TABLE (
      Item                          VARCHAR(8000)
)

AS
BEGIN
      IF @Delimiter = ' '
      BEGIN
            SET @Delimiter = ','
            SET @InputString = REPLACE(@InputString, ' ', @Delimiter)
      END

      IF (@Delimiter IS NULL OR @Delimiter = '')
            SET @Delimiter = ','

--INSERT INTO @Items VALUES (@Delimiter) -- Diagnostic
--INSERT INTO @Items VALUES (@InputString) -- Diagnostic

      DECLARE @Item                 VARCHAR(8000)
      DECLARE @ItemList       VARCHAR(8000)
      DECLARE @DelimIndex     INT

      SET @ItemList = @InputString
      SET @DelimIndex = CHARINDEX(@Delimiter, @ItemList, 0)
      WHILE (@DelimIndex != 0)
      BEGIN
            SET @Item = SUBSTRING(@ItemList, 0, @DelimIndex)
            INSERT INTO @Items VALUES (@Item)

            -- Set @ItemList = @ItemList minus one less item
            SET @ItemList = SUBSTRING(@ItemList, @DelimIndex+1, LEN(@ItemList)-@DelimIndex)
            SET @DelimIndex = CHARINDEX(@Delimiter, @ItemList, 0)
      END -- End WHILE

      IF @Item IS NOT NULL -- At least one delimiter was encountered in @InputString
      BEGIN
            SET @Item = @ItemList
            INSERT INTO @Items VALUES (@Item)
      END

      -- No delimiters were encountered in @InputString, so just return @InputString
      ELSE INSERT INTO @Items VALUES (@InputString)

      RETURN

END -- End Function
GO
/****** Object:  Table [dbo].[Role]    Script Date: 09/30/2013 17:11:47 ******/
SET ANSI_NULLS ON
GO
SET QUOTED_IDENTIFIER ON
GO
CREATE TABLE [dbo].[Role](
	[Role_Id] [int] IDENTITY(1,1) NOT NULL,
	[Role_Name] [nvarchar](50) NOT NULL,
 CONSTRAINT [PK_Role] PRIMARY KEY CLUSTERED 
(
	[Role_Id] ASC
)WITH (PAD_INDEX  = OFF, STATISTICS_NORECOMPUTE  = OFF, IGNORE_DUP_KEY = OFF, ALLOW_ROW_LOCKS  = ON, ALLOW_PAGE_LOCKS  = ON) ON [PRIMARY]
) ON [PRIMARY]
GO
SET IDENTITY_INSERT [dbo].[Role] ON
INSERT [dbo].[Role] ([Role_Id], [Role_Name]) VALUES (1, N'admin')
INSERT [dbo].[Role] ([Role_Id], [Role_Name]) VALUES (2, N'Country Head')
INSERT [dbo].[Role] ([Role_Id], [Role_Name]) VALUES (3, N'Regional Manager')
INSERT [dbo].[Role] ([Role_Id], [Role_Name]) VALUES (4, N'Location Manager')
INSERT [dbo].[Role] ([Role_Id], [Role_Name]) VALUES (5, N'Sales Executive')
INSERT [dbo].[Role] ([Role_Id], [Role_Name]) VALUES (6, N'CEO')
SET IDENTITY_INSERT [dbo].[Role] OFF
/****** Object:  Table [dbo].[Country]    Script Date: 09/30/2013 17:11:47 ******/
SET ANSI_NULLS ON
GO
SET QUOTED_IDENTIFIER ON
GO
CREATE TABLE [dbo].[Country](
	[Country_Id] [int] IDENTITY(1,1) NOT NULL,
	[Country_Name] [nvarchar](50) NOT NULL,
 CONSTRAINT [PK_Country] PRIMARY KEY CLUSTERED 
(
	[Country_Id] ASC
)WITH (PAD_INDEX  = OFF, STATISTICS_NORECOMPUTE  = OFF, IGNORE_DUP_KEY = OFF, ALLOW_ROW_LOCKS  = ON, ALLOW_PAGE_LOCKS  = ON) ON [PRIMARY]
) ON [PRIMARY]
GO
SET IDENTITY_INSERT [dbo].[Country] ON
INSERT [dbo].[Country] ([Country_Id], [Country_Name]) VALUES (1, N'United Arab Emirates')
INSERT [dbo].[Country] ([Country_Id], [Country_Name]) VALUES (2, N'Saudi ')
INSERT [dbo].[Country] ([Country_Id], [Country_Name]) VALUES (4, N'Oman')
SET IDENTITY_INSERT [dbo].[Country] OFF
/****** Object:  Table [dbo].[DSR_Header]    Script Date: 09/30/2013 17:11:47 ******/
SET ANSI_NULLS ON
GO
SET QUOTED_IDENTIFIER ON
GO
CREATE TABLE [dbo].[DSR_Header](
	[DSR_Head_Id] [int] IDENTITY(1,1) NOT NULL,
	[Date] [date] NOT NULL,
	[Shift] [nvarchar](50) NULL,
	[Morning_Time_In] [time](7) NULL,
	[Morning_Time_Out] [time](7) NULL,
	[Evening_Time_In] [time](7) NULL,
	[Evening_Time_Out] [time](7) NULL,
	[Comments] [nvarchar](50) NULL,
	[Site_User_Id] [int] NOT NULL,
 CONSTRAINT [PK_DSR_Header] PRIMARY KEY CLUSTERED 
(
	[DSR_Head_Id] ASC
)WITH (PAD_INDEX  = OFF, STATISTICS_NORECOMPUTE  = OFF, IGNORE_DUP_KEY = OFF, ALLOW_ROW_LOCKS  = ON, ALLOW_PAGE_LOCKS  = ON) ON [PRIMARY]
) ON [PRIMARY]
GO
SET IDENTITY_INSERT [dbo].[DSR_Header] ON
INSERT [dbo].[DSR_Header] ([DSR_Head_Id], [Date], [Shift], [Morning_Time_In], [Morning_Time_Out], [Evening_Time_In], [Evening_Time_Out], [Comments], [Site_User_Id]) VALUES (1, CAST(0x81370B00 AS Date), N'11', CAST(0x0700A8E76F4B0000 AS Time), CAST(0x0700AC5264600000 AS Time), NULL, NULL, N'', 36)
INSERT [dbo].[DSR_Header] ([DSR_Head_Id], [Date], [Shift], [Morning_Time_In], [Morning_Time_Out], [Evening_Time_In], [Evening_Time_Out], [Comments], [Site_User_Id]) VALUES (2, CAST(0x80370B00 AS Date), N'12', NULL, NULL, CAST(0x0700E80A7E8E0000 AS Time), CAST(0x070050CFDF960000 AS Time), N'', 36)
INSERT [dbo].[DSR_Header] ([DSR_Head_Id], [Date], [Shift], [Morning_Time_In], [Morning_Time_Out], [Evening_Time_In], [Evening_Time_Out], [Comments], [Site_User_Id]) VALUES (3, CAST(0x81370B00 AS Date), N'11', CAST(0x0700A8E76F4B0000 AS Time), CAST(0x070010ACD1530000 AS Time), NULL, NULL, N'', 49)
INSERT [dbo].[DSR_Header] ([DSR_Head_Id], [Date], [Shift], [Morning_Time_In], [Morning_Time_Out], [Evening_Time_In], [Evening_Time_Out], [Comments], [Site_User_Id]) VALUES (4, CAST(0x7D370B00 AS Date), N'11', CAST(0x0700A8E76F4B0000 AS Time), CAST(0x07001417C6680000 AS Time), NULL, NULL, N'', 49)
INSERT [dbo].[DSR_Header] ([DSR_Head_Id], [Date], [Shift], [Morning_Time_In], [Morning_Time_Out], [Evening_Time_In], [Evening_Time_Out], [Comments], [Site_User_Id]) VALUES (5, CAST(0x82370B00 AS Date), N'11', CAST(0x0700448E02580000 AS Time), CAST(0x07007870335C0000 AS Time), NULL, NULL, N'', 49)
INSERT [dbo].[DSR_Header] ([DSR_Head_Id], [Date], [Shift], [Morning_Time_In], [Morning_Time_Out], [Evening_Time_In], [Evening_Time_Out], [Comments], [Site_User_Id]) VALUES (6, CAST(0x84370B00 AS Date), N'11', CAST(0x0700448E02580000 AS Time), CAST(0x0700AC5264600000 AS Time), NULL, NULL, N'', 49)
INSERT [dbo].[DSR_Header] ([DSR_Head_Id], [Date], [Shift], [Morning_Time_In], [Morning_Time_Out], [Evening_Time_In], [Evening_Time_Out], [Comments], [Site_User_Id]) VALUES (7, CAST(0x7C370B00 AS Date), N'11', CAST(0x0700000000000000 AS Time), CAST(0x0700000000000000 AS Time), NULL, NULL, N'', 49)
INSERT [dbo].[DSR_Header] ([DSR_Head_Id], [Date], [Shift], [Morning_Time_In], [Morning_Time_Out], [Evening_Time_In], [Evening_Time_Out], [Comments], [Site_User_Id]) VALUES (8, CAST(0x86370B00 AS Date), N'11', CAST(0x0700A8E76F4B0000 AS Time), CAST(0x070010ACD1530000 AS Time), CAST(0x070050CFDF960000 AS Time), CAST(0x0700B893419F0000 AS Time), N'', 49)
INSERT [dbo].[DSR_Header] ([DSR_Head_Id], [Date], [Shift], [Morning_Time_In], [Morning_Time_Out], [Evening_Time_In], [Evening_Time_Out], [Comments], [Site_User_Id]) VALUES (9, CAST(0x8E370B00 AS Date), N'11', CAST(0x0700A8E76F4B0000 AS Time), CAST(0x070010ACD1530000 AS Time), NULL, NULL, N'', 49)
INSERT [dbo].[DSR_Header] ([DSR_Head_Id], [Date], [Shift], [Morning_Time_In], [Morning_Time_Out], [Evening_Time_In], [Evening_Time_Out], [Comments], [Site_User_Id]) VALUES (10, CAST(0x8F370B00 AS Date), N'11', CAST(0x0700A8E76F4B0000 AS Time), CAST(0x070010ACD1530000 AS Time), NULL, NULL, N'', 49)
INSERT [dbo].[DSR_Header] ([DSR_Head_Id], [Date], [Shift], [Morning_Time_In], [Morning_Time_Out], [Evening_Time_In], [Evening_Time_Out], [Comments], [Site_User_Id]) VALUES (11, CAST(0x90370B00 AS Date), N'11', CAST(0x070040230E430000 AS Time), CAST(0x07007870335C0000 AS Time), NULL, NULL, N'', 49)
INSERT [dbo].[DSR_Header] ([DSR_Head_Id], [Date], [Shift], [Morning_Time_In], [Morning_Time_Out], [Evening_Time_In], [Evening_Time_Out], [Comments], [Site_User_Id]) VALUES (12, CAST(0x8B370B00 AS Date), N'11', CAST(0x0700A8E76F4B0000 AS Time), CAST(0x070010ACD1530000 AS Time), NULL, NULL, N'', 49)
INSERT [dbo].[DSR_Header] ([DSR_Head_Id], [Date], [Shift], [Morning_Time_In], [Morning_Time_Out], [Evening_Time_In], [Evening_Time_Out], [Comments], [Site_User_Id]) VALUES (13, CAST(0x92370B00 AS Date), N'11', CAST(0x0700A8E76F4B0000 AS Time), CAST(0x070010ACD1530000 AS Time), NULL, NULL, N'', 49)
INSERT [dbo].[DSR_Header] ([DSR_Head_Id], [Date], [Shift], [Morning_Time_In], [Morning_Time_Out], [Evening_Time_In], [Evening_Time_Out], [Comments], [Site_User_Id]) VALUES (14, CAST(0x91370B00 AS Date), N'11', CAST(0x0700A8E76F4B0000 AS Time), CAST(0x070010ACD1530000 AS Time), NULL, NULL, N'', 49)
INSERT [dbo].[DSR_Header] ([DSR_Head_Id], [Date], [Shift], [Morning_Time_In], [Morning_Time_Out], [Evening_Time_In], [Evening_Time_Out], [Comments], [Site_User_Id]) VALUES (15, CAST(0x94370B00 AS Date), N'12', NULL, NULL, CAST(0x0700B4284D8A0000 AS Time), CAST(0x0700E80A7E8E0000 AS Time), N'', 49)
INSERT [dbo].[DSR_Header] ([DSR_Head_Id], [Date], [Shift], [Morning_Time_In], [Morning_Time_Out], [Evening_Time_In], [Evening_Time_Out], [Comments], [Site_User_Id]) VALUES (16, CAST(0x96370B00 AS Date), N'11', CAST(0x0700A8E76F4B0000 AS Time), CAST(0x070010ACD1530000 AS Time), CAST(0x07001CEDAE920000 AS Time), CAST(0x0700881C05B00000 AS Time), N'', 49)
INSERT [dbo].[DSR_Header] ([DSR_Head_Id], [Date], [Shift], [Morning_Time_In], [Morning_Time_Out], [Evening_Time_In], [Evening_Time_Out], [Comments], [Site_User_Id]) VALUES (17, CAST(0x95370B00 AS Date), N'12', NULL, NULL, CAST(0x0700B4284D8A0000 AS Time), CAST(0x0700B893419F0000 AS Time), N'', 49)
INSERT [dbo].[DSR_Header] ([DSR_Head_Id], [Date], [Shift], [Morning_Time_In], [Morning_Time_Out], [Evening_Time_In], [Evening_Time_Out], [Comments], [Site_User_Id]) VALUES (18, CAST(0x8A370B00 AS Date), N'11', CAST(0x0700A8E76F4B0000 AS Time), CAST(0x070010ACD1530000 AS Time), NULL, NULL, N'', 49)
INSERT [dbo].[DSR_Header] ([DSR_Head_Id], [Date], [Shift], [Morning_Time_In], [Morning_Time_Out], [Evening_Time_In], [Evening_Time_Out], [Comments], [Site_User_Id]) VALUES (19, CAST(0x98370B00 AS Date), N'11', CAST(0x0700A8E76F4B0000 AS Time), CAST(0x070010ACD1530000 AS Time), CAST(0x07001CEDAE920000 AS Time), CAST(0x07002058A3A70000 AS Time), N'', 49)
INSERT [dbo].[DSR_Header] ([DSR_Head_Id], [Date], [Shift], [Morning_Time_In], [Morning_Time_Out], [Evening_Time_In], [Evening_Time_Out], [Comments], [Site_User_Id]) VALUES (20, CAST(0x9F370B00 AS Date), N'11', CAST(0x0700A8E76F4B0000 AS Time), CAST(0x0700DCC9A04F0000 AS Time), NULL, NULL, N'', 40)
INSERT [dbo].[DSR_Header] ([DSR_Head_Id], [Date], [Shift], [Morning_Time_In], [Morning_Time_Out], [Evening_Time_In], [Evening_Time_Out], [Comments], [Site_User_Id]) VALUES (21, CAST(0x9F370B00 AS Date), N'0', CAST(0x0700DCC9A04F0000 AS Time), CAST(0x070010ACD1530000 AS Time), NULL, NULL, N'', 41)
INSERT [dbo].[DSR_Header] ([DSR_Head_Id], [Date], [Shift], [Morning_Time_In], [Morning_Time_Out], [Evening_Time_In], [Evening_Time_Out], [Comments], [Site_User_Id]) VALUES (22, CAST(0xA0370B00 AS Date), N'11', CAST(0x0700A8E76F4B0000 AS Time), CAST(0x0700448E02580000 AS Time), CAST(0x070080461C860000 AS Time), CAST(0x070050CFDF960000 AS Time), N'', 141)
INSERT [dbo].[DSR_Header] ([DSR_Head_Id], [Date], [Shift], [Morning_Time_In], [Morning_Time_Out], [Evening_Time_In], [Evening_Time_Out], [Comments], [Site_User_Id]) VALUES (23, CAST(0xA3370B00 AS Date), N'11', CAST(0x070040230E430000 AS Time), CAST(0x0700A8E76F4B0000 AS Time), CAST(0x07004C64EB810000 AS Time), CAST(0x070084B1109B0000 AS Time), N'', 69)
INSERT [dbo].[DSR_Header] ([DSR_Head_Id], [Date], [Shift], [Morning_Time_In], [Morning_Time_Out], [Evening_Time_In], [Evening_Time_Out], [Comments], [Site_User_Id]) VALUES (24, CAST(0xA2370B00 AS Date), N'12', NULL, NULL, CAST(0x070080461C860000 AS Time), CAST(0x0700881C05B00000 AS Time), N'', 141)
INSERT [dbo].[DSR_Header] ([DSR_Head_Id], [Date], [Shift], [Morning_Time_In], [Morning_Time_Out], [Evening_Time_In], [Evening_Time_Out], [Comments], [Site_User_Id]) VALUES (25, CAST(0xA3370B00 AS Date), N'11', CAST(0x0700A8E76F4B0000 AS Time), CAST(0x0700448E02580000 AS Time), CAST(0x07004C64EB810000 AS Time), CAST(0x070050CFDF960000 AS Time), N'', 142)
SET IDENTITY_INSERT [dbo].[DSR_Header] OFF
/****** Object:  UserDefinedFunction [dbo].[GetDateRangeFn]    Script Date: 09/30/2013 17:14:21 ******/
SET ANSI_NULLS ON
GO
SET QUOTED_IDENTIFIER ON
GO
CREATE FUNCTION [dbo].[GetDateRangeFn](@startdate datetime, @enddate datetime)
returns table as
return (
with 
 N0 as (SELECT 1 as n UNION ALL SELECT 1)
,N1 as (SELECT 1 as n FROM N0 t1, N0 t2)
,N2 as (SELECT 1 as n FROM N1 t1, N1 t2)
,N3 as (SELECT 1 as n FROM N2 t1, N2 t2)
,N4 as (SELECT 1 as n FROM N3 t1, N3 t2)
,N5 as (SELECT 1 as n FROM N4 t1, N4 t2)
,N6 as (SELECT 1 as n FROM N5 t1, N5 t2)
,nums as (SELECT ROW_NUMBER() OVER (ORDER BY (SELECT 1)) as num FROM N6)
SELECT DATEADD(day,num-1,@startdate) as thedate
FROM nums
WHERE num <= DATEDIFF(day,@startdate,@enddate) + 1
);
GO
/****** Object:  StoredProcedure [dbo].[GetCountry]    Script Date: 09/30/2013 17:13:48 ******/
SET ANSI_NULLS ON
GO
SET QUOTED_IDENTIFIER ON
GO
-- =============================================
-- Author:		Prashant
-- Description:	Get Country 
-- =============================================
CREATE PROCEDURE [dbo].[GetCountry]
	@Country_Id int = NULL,
	@Country_Name nvarchar(50) = NULL
AS
BEGIN
	Select * from Country 
	where (Country_Id = @Country_Id  OR @Country_Id IS NULL)
	AND   (Country_Name = @Country_Name  OR @Country_Name IS NULL)
END
GO
/****** Object:  StoredProcedure [dbo].[GetDSRHeader]    Script Date: 09/30/2013 17:13:50 ******/
SET ANSI_NULLS ON
GO
SET QUOTED_IDENTIFIER ON
GO
-- =============================================
-- Author:		Prashant
-- Description:	Get DSRHeader
-- =============================================
CREATE PROCEDURE [dbo].[GetDSRHeader]
	@DSR_Head_Id int = NULL,
	@Date date = NULL,
	@Shift nvarchar(50) = NULL,
	@Morning_Time_In time = NULL,
	@Morning_Time_Out time = NULL,
	@Evening_Time_In time = NULL,
	@Evening_Time_Out time = NULL,
	@Comments nvarchar(50) = NULL,
	@Site_User_Id int = NULL
AS
BEGIN
	select * from DSR_Header
	where (DSR_Head_Id = @DSR_Head_Id OR @DSR_Head_Id IS NULL)
	AND	  (Date = @Date OR @Date IS NULL)
	AND	  (Shift = @Shift OR @Shift IS NULL)
	AND	  (Morning_Time_In = @Morning_Time_In OR @Morning_Time_In IS NULL)
	AND	  (Morning_Time_Out = @Morning_Time_Out OR @Morning_Time_Out IS NULL)
	AND	  (Evening_Time_In = @Evening_Time_In OR @Evening_Time_In IS NULL)
	AND	  (Evening_Time_Out = @Evening_Time_Out OR @Evening_Time_Out IS NULL)
	AND	  (Comments = @Comments OR @Comments IS NULL)
	AND	  (Site_User_Id = @Site_User_Id OR @Site_User_Id IS NULL)
END
GO
/****** Object:  StoredProcedure [dbo].[InsertUpdateRole]    Script Date: 09/30/2013 17:14:05 ******/
SET ANSI_NULLS ON
GO
SET QUOTED_IDENTIFIER ON
GO
-- =============================================
-- Author:		Prashant
-- Description:	Insert Update Role 
-- =============================================
Create PROCEDURE [dbo].[InsertUpdateRole]
	@Role_Id int = NULL,
	@Role_Name int = NULL
AS
BEGIN
	MERGE Role AS target
    USING (SELECT @Role_Id, @Role_Name) 
    AS source (Role_Id, Role_Name)
    ON (target.Role_Id = source.Role_Id)
    WHEN MATCHED THEN 
        UPDATE SET	Role_Name = source.Role_Name
	WHEN NOT MATCHED THEN	
	    insert 
		values(source.Role_Name);
END
GO
/****** Object:  StoredProcedure [dbo].[InsertUpdateDSRHeader]    Script Date: 09/30/2013 17:14:03 ******/
SET ANSI_NULLS ON
GO
SET QUOTED_IDENTIFIER ON
GO
-- =============================================
-- Author:		Prashant
-- Description:	Insert Update DSR_Header
-- =============================================
CREATE PROCEDURE [dbo].[InsertUpdateDSRHeader]
	@DSR_Head_Id int = NULL,
	@Date date,
	@Shift nvarchar(50) = NULL,
	@Morning_Time_In time = NULL,
	@Morning_Time_Out time = NULL,
	@Evening_Time_In time = NULL,
	@Evening_Time_Out time = NULL,
	@Comments nvarchar(50) = NULL,
	@Site_User_Id int
AS
BEGIN
	MERGE DSR_Header AS target
    USING (SELECT @DSR_Head_Id, @Date, @Shift, @Morning_Time_In, @Morning_Time_Out, @Evening_Time_In, 
				  @Evening_Time_Out, @Comments,@Site_User_Id) 
    AS source (	  DSR_Head_Id, Date, Shift, Morning_Time_In, Morning_Time_Out, Evening_Time_In, 
				  Evening_Time_Out, Comments,Site_User_Id)
    ON (target.DSR_Head_Id = source.DSR_Head_Id OR
		(target.Date = source.Date and target.Site_User_Id = source.Site_User_Id))
    WHEN MATCHED THEN 
        UPDATE SET	Date = source.Date,
					Shift = source.Shift,
					Morning_Time_In = source.Morning_Time_In,
					Morning_Time_Out = source.Morning_Time_Out,
					Evening_Time_In = source.Evening_Time_In,
					Evening_Time_Out = source.Evening_Time_Out,
					Site_User_Id = source.Site_User_Id
	WHEN NOT MATCHED THEN	
	    insert 
		values(source.Date, source.Shift, source.Morning_Time_In, source.Morning_Time_Out, source.Evening_Time_In, 
			   source.Evening_Time_Out, source.Comments,source.Site_User_Id);
END
GO
/****** Object:  StoredProcedure [dbo].[InsertUpdateCountry]    Script Date: 09/30/2013 17:14:01 ******/
SET ANSI_NULLS ON
GO
SET QUOTED_IDENTIFIER ON
GO
-- =============================================
-- Author:		Prashant
-- Description:	Insert Update Country 
-- =============================================
CREATE PROCEDURE [dbo].[InsertUpdateCountry] 
	@Country_Id int,
	@Country_Name nvarchar(50)
AS
BEGIN
	Update Country
	set Country_Name = @Country_Name
	where Country_Id = @Country_Id
	
	MERGE Country AS target
    USING (SELECT @Country_Id, @Country_Name) 
    AS source (Country_Id, Country_Name)
    ON (target.Country_Id = source.Country_Id)
    WHEN MATCHED THEN 
        UPDATE SET	Country_Name = source.Country_Name
	WHEN NOT MATCHED THEN	
	    insert 
		values(source.Country_Name);
END
GO
/****** Object:  StoredProcedure [dbo].[GetRole]    Script Date: 09/30/2013 17:13:56 ******/
SET ANSI_NULLS ON
GO
SET QUOTED_IDENTIFIER ON
GO
-- =============================================
-- Author:		Prashant
-- Description:	Get Role
-- =============================================
CREATE PROCEDURE [dbo].[GetRole]
	@Role_Id int = NULL,
	@Role_Name nvarchar(50) = NULL
AS
BEGIN
	select * from Role  
	where (Role_Id = @Role_Id OR @Role_Id IS NULL)
	AND	  (Role_Name = @Role_Name OR @Role_Name IS NULL)
END
GO
/****** Object:  Table [dbo].[Region]    Script Date: 09/30/2013 17:11:47 ******/
SET ANSI_NULLS ON
GO
SET QUOTED_IDENTIFIER ON
GO
CREATE TABLE [dbo].[Region](
	[Region_Id] [int] IDENTITY(1,1) NOT NULL,
	[Region_Name] [nvarchar](50) NOT NULL,
	[Country_Id] [int] NOT NULL,
 CONSTRAINT [PK_Region] PRIMARY KEY CLUSTERED 
(
	[Region_Id] ASC
)WITH (PAD_INDEX  = OFF, STATISTICS_NORECOMPUTE  = OFF, IGNORE_DUP_KEY = OFF, ALLOW_ROW_LOCKS  = ON, ALLOW_PAGE_LOCKS  = ON) ON [PRIMARY]
) ON [PRIMARY]
GO
SET IDENTITY_INSERT [dbo].[Region] ON
INSERT [dbo].[Region] ([Region_Id], [Region_Name], [Country_Id]) VALUES (1, N'Abu Dhabi', 1)
INSERT [dbo].[Region] ([Region_Id], [Region_Name], [Country_Id]) VALUES (2, N'Dubai', 1)
INSERT [dbo].[Region] ([Region_Id], [Region_Name], [Country_Id]) VALUES (3, N'Al Ain', 1)
INSERT [dbo].[Region] ([Region_Id], [Region_Name], [Country_Id]) VALUES (4, N'Sharjah', 1)
INSERT [dbo].[Region] ([Region_Id], [Region_Name], [Country_Id]) VALUES (6, N'Ras Al Khaimah', 1)
INSERT [dbo].[Region] ([Region_Id], [Region_Name], [Country_Id]) VALUES (7, N'Fujairah', 1)
INSERT [dbo].[Region] ([Region_Id], [Region_Name], [Country_Id]) VALUES (8, N'Ajman', 1)
INSERT [dbo].[Region] ([Region_Id], [Region_Name], [Country_Id]) VALUES (9, N'Dammam', 2)
INSERT [dbo].[Region] ([Region_Id], [Region_Name], [Country_Id]) VALUES (10, N'Hail', 2)
INSERT [dbo].[Region] ([Region_Id], [Region_Name], [Country_Id]) VALUES (11, N'Hofuf', 2)
INSERT [dbo].[Region] ([Region_Id], [Region_Name], [Country_Id]) VALUES (12, N'Jeddah', 2)
INSERT [dbo].[Region] ([Region_Id], [Region_Name], [Country_Id]) VALUES (13, N'Jezan', 2)
INSERT [dbo].[Region] ([Region_Id], [Region_Name], [Country_Id]) VALUES (14, N'Jizan', 2)
INSERT [dbo].[Region] ([Region_Id], [Region_Name], [Country_Id]) VALUES (15, N'Muscat', 4)
INSERT [dbo].[Region] ([Region_Id], [Region_Name], [Country_Id]) VALUES (16, N'NA', 2)
INSERT [dbo].[Region] ([Region_Id], [Region_Name], [Country_Id]) VALUES (17, N'Qassim', 2)
INSERT [dbo].[Region] ([Region_Id], [Region_Name], [Country_Id]) VALUES (19, N'Riyadh', 2)
INSERT [dbo].[Region] ([Region_Id], [Region_Name], [Country_Id]) VALUES (21, N'Umm Al Quain', 1)
SET IDENTITY_INSERT [dbo].[Region] OFF
/****** Object:  Table [dbo].[ParameterDet]    Script Date: 09/30/2013 17:11:47 ******/
SET ANSI_NULLS ON
GO
SET QUOTED_IDENTIFIER ON
GO
CREATE TABLE [dbo].[ParameterDet](
	[ParameterDetId] [int] IDENTITY(1,1) NOT NULL,
	[ParameterId] [int] NOT NULL,
	[ParameterValue] [int] NOT NULL,
	[Code] [nvarchar](100) NULL,
	[Description] [nvarchar](200) NOT NULL,
	[Description_BL] [nvarchar](200) NULL,
	[SortOrder] [int] NOT NULL,
 CONSTRAINT [PK_Parameter_Det] PRIMARY KEY CLUSTERED 
(
	[ParameterDetId] ASC
)WITH (PAD_INDEX  = OFF, STATISTICS_NORECOMPUTE  = OFF, IGNORE_DUP_KEY = OFF, ALLOW_ROW_LOCKS  = ON, ALLOW_PAGE_LOCKS  = ON) ON [PRIMARY]
) ON [PRIMARY]
GO
SET IDENTITY_INSERT [dbo].[ParameterDet] ON
INSERT [dbo].[ParameterDet] ([ParameterDetId], [ParameterId], [ParameterValue], [Code], [Description], [Description_BL], [SortOrder]) VALUES (1, 1, 1, N'MenuAct', N'Menu Active', N'Menu Active ar', 1)
INSERT [dbo].[ParameterDet] ([ParameterDetId], [ParameterId], [ParameterValue], [Code], [Description], [Description_BL], [SortOrder]) VALUES (2, 1, 2, N'MenuInAct', N'Menu InActive', N'Menu InActive ar', 2)
INSERT [dbo].[ParameterDet] ([ParameterDetId], [ParameterId], [ParameterValue], [Code], [Description], [Description_BL], [SortOrder]) VALUES (3, 2, 1, N'VIE', N'View', N'View ar', 1)
INSERT [dbo].[ParameterDet] ([ParameterDetId], [ParameterId], [ParameterValue], [Code], [Description], [Description_BL], [SortOrder]) VALUES (4, 2, 2, N'CR', N'Create', N'Create ar', 2)
INSERT [dbo].[ParameterDet] ([ParameterDetId], [ParameterId], [ParameterValue], [Code], [Description], [Description_BL], [SortOrder]) VALUES (5, 2, 3, N'MOD', N'Modify', N'Modify ar', 3)
INSERT [dbo].[ParameterDet] ([ParameterDetId], [ParameterId], [ParameterValue], [Code], [Description], [Description_BL], [SortOrder]) VALUES (6, 2, 4, N'DEL', N'Delete', N'Delete ar', 4)
INSERT [dbo].[ParameterDet] ([ParameterDetId], [ParameterId], [ParameterValue], [Code], [Description], [Description_BL], [SortOrder]) VALUES (7, 2, 5, N'PRT', N'Print', N'Print ar', 5)
INSERT [dbo].[ParameterDet] ([ParameterDetId], [ParameterId], [ParameterValue], [Code], [Description], [Description_BL], [SortOrder]) VALUES (8, 3, 1, N'Typ 1', N'Holi Typ 1', N'Holi Typ 1 ar', 1)
INSERT [dbo].[ParameterDet] ([ParameterDetId], [ParameterId], [ParameterValue], [Code], [Description], [Description_BL], [SortOrder]) VALUES (9, 3, 2, N'Typ 2', N'Holi Typ 2', N'Holi Typ 2 ar', 2)
INSERT [dbo].[ParameterDet] ([ParameterDetId], [ParameterId], [ParameterValue], [Code], [Description], [Description_BL], [SortOrder]) VALUES (10, 3, 3, N'Typ 3', N'Holi Typ 3', N'Holi Typ 3 ar', 3)
INSERT [dbo].[ParameterDet] ([ParameterDetId], [ParameterId], [ParameterValue], [Code], [Description], [Description_BL], [SortOrder]) VALUES (11, 4, 1, N'Mor', N'Morning', N'Morning ar', 1)
INSERT [dbo].[ParameterDet] ([ParameterDetId], [ParameterId], [ParameterValue], [Code], [Description], [Description_BL], [SortOrder]) VALUES (12, 4, 2, N'Eve', N'Evening', N'Evening ar', 2)
INSERT [dbo].[ParameterDet] ([ParameterDetId], [ParameterId], [ParameterValue], [Code], [Description], [Description_BL], [SortOrder]) VALUES (13, 5, 1, N'Dealer', N'Dealer', N'Dealer ar', 1)
INSERT [dbo].[ParameterDet] ([ParameterDetId], [ParameterId], [ParameterValue], [Code], [Description], [Description_BL], [SortOrder]) VALUES (14, 5, 2, N'Service', N'Service', N'Service ar', 2)
INSERT [dbo].[ParameterDet] ([ParameterDetId], [ParameterId], [ParameterValue], [Code], [Description], [Description_BL], [SortOrder]) VALUES (15, 5, 3, N'Supermarket', N'Supermarket', N'Supermarket ar', 3)
INSERT [dbo].[ParameterDet] ([ParameterDetId], [ParameterId], [ParameterValue], [Code], [Description], [Description_BL], [SortOrder]) VALUES (17, 6, 1, N'A Category', N'A Category', N'A Category ar', 1)
INSERT [dbo].[ParameterDet] ([ParameterDetId], [ParameterId], [ParameterValue], [Code], [Description], [Description_BL], [SortOrder]) VALUES (18, 6, 2, N'B Category', N'B Category', N'B Category ar', 2)
INSERT [dbo].[ParameterDet] ([ParameterDetId], [ParameterId], [ParameterValue], [Code], [Description], [Description_BL], [SortOrder]) VALUES (19, 6, 3, N'C Category', N'C Category', N'C Category ar', 3)
INSERT [dbo].[ParameterDet] ([ParameterDetId], [ParameterId], [ParameterValue], [Code], [Description], [Description_BL], [SortOrder]) VALUES (20, 7, 1, N'Market Dealers', N'Market Dealers', N'Market Dealers ar', 1)
INSERT [dbo].[ParameterDet] ([ParameterDetId], [ParameterId], [ParameterValue], [Code], [Description], [Description_BL], [SortOrder]) VALUES (21, 7, 2, N'Institutional Customers ', N'Institutional Customers', N'Institutional Customers ar', 2)
INSERT [dbo].[ParameterDet] ([ParameterDetId], [ParameterId], [ParameterValue], [Code], [Description], [Description_BL], [SortOrder]) VALUES (22, 7, 3, N'Other', N'Other', N'Other ar', 3)
INSERT [dbo].[ParameterDet] ([ParameterDetId], [ParameterId], [ParameterValue], [Code], [Description], [Description_BL], [SortOrder]) VALUES (23, 8, 1, N'VisitObj1', N'Visit Objective 1', N'Visit Objective 1 ar', 1)
INSERT [dbo].[ParameterDet] ([ParameterDetId], [ParameterId], [ParameterValue], [Code], [Description], [Description_BL], [SortOrder]) VALUES (24, 8, 2, N'VisitObj2', N'Visit Objective 2', N'Visit Objective 2 ar', 2)
INSERT [dbo].[ParameterDet] ([ParameterDetId], [ParameterId], [ParameterValue], [Code], [Description], [Description_BL], [SortOrder]) VALUES (25, 8, 3, N'VisitObj3', N'Visit Objective 3', N'Visit Objective 3 ar', 3)
INSERT [dbo].[ParameterDet] ([ParameterDetId], [ParameterId], [ParameterValue], [Code], [Description], [Description_BL], [SortOrder]) VALUES (26, 9, 1, N'Eng', N'English', N'English ar', 1)
INSERT [dbo].[ParameterDet] ([ParameterDetId], [ParameterId], [ParameterValue], [Code], [Description], [Description_BL], [SortOrder]) VALUES (27, 9, 2, N'Ar', N'Arabic', N'Arabic ar', 2)
INSERT [dbo].[ParameterDet] ([ParameterDetId], [ParameterId], [ParameterValue], [Code], [Description], [Description_BL], [SortOrder]) VALUES (28, 10, 1, N'Trade', N'Trade', N'Trade ar', 1)
INSERT [dbo].[ParameterDet] ([ParameterDetId], [ParameterId], [ParameterValue], [Code], [Description], [Description_BL], [SortOrder]) VALUES (29, 10, 2, N'NIKURA', N'NIKURA', N'NIKURA ar', 2)
INSERT [dbo].[ParameterDet] ([ParameterDetId], [ParameterId], [ParameterValue], [Code], [Description], [Description_BL], [SortOrder]) VALUES (30, 10, 3, N'Institutional', N'Institutional', N'Institutional ar', 3)
INSERT [dbo].[ParameterDet] ([ParameterDetId], [ParameterId], [ParameterValue], [Code], [Description], [Description_BL], [SortOrder]) VALUES (31, 6, 4, N'Retail & Institutional', N'Retail & Institutional', N'Retail & Institutionall ar', 4)
INSERT [dbo].[ParameterDet] ([ParameterDetId], [ParameterId], [ParameterValue], [Code], [Description], [Description_BL], [SortOrder]) VALUES (32, 5, 4, N'Other', N'Other', N'Other ar', 4)
INSERT [dbo].[ParameterDet] ([ParameterDetId], [ParameterId], [ParameterValue], [Code], [Description], [Description_BL], [SortOrder]) VALUES (33, 5, 5, N'Not Applicable', N'Not Applicable', N'Not Applicable ar', 5)
INSERT [dbo].[ParameterDet] ([ParameterDetId], [ParameterId], [ParameterValue], [Code], [Description], [Description_BL], [SortOrder]) VALUES (35, 5, 6, N'Trading', N'Trading', N'Trading ar', 6)
INSERT [dbo].[ParameterDet] ([ParameterDetId], [ParameterId], [ParameterValue], [Code], [Description], [Description_BL], [SortOrder]) VALUES (36, 5, 7, N'Construction', N'Construction', N'Construction ar', 7)
INSERT [dbo].[ParameterDet] ([ParameterDetId], [ParameterId], [ParameterValue], [Code], [Description], [Description_BL], [SortOrder]) VALUES (37, 5, 8, N'Advertisement', N'Advertisement', N'Advertisement ar', 8)
INSERT [dbo].[ParameterDet] ([ParameterDetId], [ParameterId], [ParameterValue], [Code], [Description], [Description_BL], [SortOrder]) VALUES (38, 5, 9, N'Airline', N'Airline', N'Airline ar', 9)
INSERT [dbo].[ParameterDet] ([ParameterDetId], [ParameterId], [ParameterValue], [Code], [Description], [Description_BL], [SortOrder]) VALUES (39, 5, 10, N'Bank', N'Bank', N'Bank ar', 10)
INSERT [dbo].[ParameterDet] ([ParameterDetId], [ParameterId], [ParameterValue], [Code], [Description], [Description_BL], [SortOrder]) VALUES (40, 5, 11, N'Beverage', N'Beverage', N'Beverage ar', 11)
INSERT [dbo].[ParameterDet] ([ParameterDetId], [ParameterId], [ParameterValue], [Code], [Description], [Description_BL], [SortOrder]) VALUES (41, 5, 12, N'Building', N'Building', N'Building ar', 12)
INSERT [dbo].[ParameterDet] ([ParameterDetId], [ParameterId], [ParameterValue], [Code], [Description], [Description_BL], [SortOrder]) VALUES (42, 5, 13, N'Hyper Market', N'Hyper Market', N'Hyper Market ar', 13)
INSERT [dbo].[ParameterDet] ([ParameterDetId], [ParameterId], [ParameterValue], [Code], [Description], [Description_BL], [SortOrder]) VALUES (71, 7, 4, N'AIRMILES', N'AIRMILES', N'AIRMILESAR', 4)
INSERT [dbo].[ParameterDet] ([ParameterDetId], [ParameterId], [ParameterValue], [Code], [Description], [Description_BL], [SortOrder]) VALUES (72, 7, 5, N'AL MAYALALS', N'AL MAYALALS', N'AL MAYALALSAR', 5)
INSERT [dbo].[ParameterDet] ([ParameterDetId], [ParameterId], [ParameterValue], [Code], [Description], [Description_BL], [SortOrder]) VALUES (73, 7, 6, N'AL RAYAN PROJECTS', N'AL RAYAN PROJECTS', N'AL RAYAN PROJECTSAR', 6)
INSERT [dbo].[ParameterDet] ([ParameterDetId], [ParameterId], [ParameterValue], [Code], [Description], [Description_BL], [SortOrder]) VALUES (74, 7, 7, N'ALJAZEERA', N'ALJAZEERA', N'ALJAZEERAAR', 7)
INSERT [dbo].[ParameterDet] ([ParameterDetId], [ParameterId], [ParameterValue], [Code], [Description], [Description_BL], [SortOrder]) VALUES (75, 7, 8, N'ANSAR', N'ANSAR', N'ANSARAR', 8)
INSERT [dbo].[ParameterDet] ([ParameterDetId], [ParameterId], [ParameterValue], [Code], [Description], [Description_BL], [SortOrder]) VALUES (76, 7, 9, N'BALSHARAF', N'BALSHARAF', N'BALSHARAFAR', 9)
INSERT [dbo].[ParameterDet] ([ParameterDetId], [ParameterId], [ParameterValue], [Code], [Description], [Description_BL], [SortOrder]) VALUES (77, 7, 10, N'BEST ELECTRONICS', N'BEST ELECTRONICS', N'BEST ELECTRONICSAR', 10)
INSERT [dbo].[ParameterDet] ([ParameterDetId], [ParameterId], [ParameterValue], [Code], [Description], [Description_BL], [SortOrder]) VALUES (78, 7, 11, N'C4', N'C4', N'C4AR', 11)
INSERT [dbo].[ParameterDet] ([ParameterDetId], [ParameterId], [ParameterValue], [Code], [Description], [Description_BL], [SortOrder]) VALUES (79, 7, 12, N'CASH CUSTOMERS KSA', N'CASH CUSTOMERS KSA', N'CASH CUSTOMERS KSAAR', 12)
INSERT [dbo].[ParameterDet] ([ParameterDetId], [ParameterId], [ParameterValue], [Code], [Description], [Description_BL], [SortOrder]) VALUES (80, 7, 13, N'CHOITRAM', N'CHOITRAM', N'CHOITRAMAR', 13)
INSERT [dbo].[ParameterDet] ([ParameterDetId], [ParameterId], [ParameterValue], [Code], [Description], [Description_BL], [SortOrder]) VALUES (81, 7, 14, N'DANUBE CO LTD', N'DANUBE CO LTD', N'DANUBE CO LTDAR', 14)
INSERT [dbo].[ParameterDet] ([ParameterDetId], [ParameterId], [ParameterValue], [Code], [Description], [Description_BL], [SortOrder]) VALUES (82, 7, 15, N'Emax', N'Emax', N'EmaxAR', 15)
INSERT [dbo].[ParameterDet] ([ParameterDetId], [ParameterId], [ParameterValue], [Code], [Description], [Description_BL], [SortOrder]) VALUES (83, 7, 16, N'EMIRATES COOPERATIVE', N'EMIRATES COOPERATIVE', N'EMIRATES COOPERATIVEAR', 16)
INSERT [dbo].[ParameterDet] ([ParameterDetId], [ParameterId], [ParameterValue], [Code], [Description], [Description_BL], [SortOrder]) VALUES (84, 7, 17, N'EMPLOYEE', N'EMPLOYEE', N'EMPLOYEEAR', 17)
INSERT [dbo].[ParameterDet] ([ParameterDetId], [ParameterId], [ParameterValue], [Code], [Description], [Description_BL], [SortOrder]) VALUES (85, 7, 18, N'FAST', N'FAST', N'FASTAR', 18)
INSERT [dbo].[ParameterDet] ([ParameterDetId], [ParameterId], [ParameterValue], [Code], [Description], [Description_BL], [SortOrder]) VALUES (86, 7, 19, N'FATHIMA', N'FATHIMA', N'FATHIMAAR', 19)
INSERT [dbo].[ParameterDet] ([ParameterDetId], [ParameterId], [ParameterValue], [Code], [Description], [Description_BL], [SortOrder]) VALUES (87, 7, 20, N'GEANT', N'GEANT', N'GEANTAR', 20)
INSERT [dbo].[ParameterDet] ([ParameterDetId], [ParameterId], [ParameterValue], [Code], [Description], [Description_BL], [SortOrder]) VALUES (88, 7, 21, N'GIANT', N'GIANT', N'GIANTAR', 21)
INSERT [dbo].[ParameterDet] ([ParameterDetId], [ParameterId], [ParameterValue], [Code], [Description], [Description_BL], [SortOrder]) VALUES (89, 7, 22, N'GITEX', N'GITEX', N'GITEXAR', 22)
INSERT [dbo].[ParameterDet] ([ParameterDetId], [ParameterId], [ParameterValue], [Code], [Description], [Description_BL], [SortOrder]) VALUES (90, 7, 23, N'GRAND', N'GRAND', N'GRANDAR', 23)
INSERT [dbo].[ParameterDet] ([ParameterDetId], [ParameterId], [ParameterValue], [Code], [Description], [Description_BL], [SortOrder]) VALUES (91, 7, 24, N'HYPER PANDA', N'HYPER PANDA', N'HYPER PANDAAR', 24)
INSERT [dbo].[ParameterDet] ([ParameterDetId], [ParameterId], [ParameterValue], [Code], [Description], [Description_BL], [SortOrder]) VALUES (92, 7, 25, N'JACKY', N'JACKY', N'JACKYAR', 25)
INSERT [dbo].[ParameterDet] ([ParameterDetId], [ParameterId], [ParameterValue], [Code], [Description], [Description_BL], [SortOrder]) VALUES (93, 7, 26, N'K.M.TRADING', N'K.M.TRADING', N'K.M.TRADINGAR', 26)
INSERT [dbo].[ParameterDet] ([ParameterDetId], [ParameterId], [ParameterValue], [Code], [Description], [Description_BL], [SortOrder]) VALUES (94, 7, 27, N'LULU', N'LULU', N'LULUAR', 27)
INSERT [dbo].[ParameterDet] ([ParameterDetId], [ParameterId], [ParameterValue], [Code], [Description], [Description_BL], [SortOrder]) VALUES (95, 7, 28, N'LULU AUH & ALAIN', N'LULU AUH & ALAIN', N'LULU AUH & ALAINAR', 28)
INSERT [dbo].[ParameterDet] ([ParameterDetId], [ParameterId], [ParameterValue], [Code], [Description], [Description_BL], [SortOrder]) VALUES (96, 7, 29, N'LULU DXB & NORTHERN EMIRATES', N'LULU DXB & NORTHERN EMIRATES', N'LULU DXB & NORTHERN EMIRATESAR', 29)
INSERT [dbo].[ParameterDet] ([ParameterDetId], [ParameterId], [ParameterValue], [Code], [Description], [Description_BL], [SortOrder]) VALUES (97, 7, 30, N'Madina', N'Madina', N'MadinaAR', 30)
INSERT [dbo].[ParameterDet] ([ParameterDetId], [ParameterId], [ParameterValue], [Code], [Description], [Description_BL], [SortOrder]) VALUES (98, 7, 31, N'MANAMA', N'MANAMA', N'MANAMAAR', 31)
INSERT [dbo].[ParameterDet] ([ParameterDetId], [ParameterId], [ParameterValue], [Code], [Description], [Description_BL], [SortOrder]) VALUES (99, 7, 32, N'MARHABA', N'MARHABA', N'MARHABAAR', 32)
INSERT [dbo].[ParameterDet] ([ParameterDetId], [ParameterId], [ParameterValue], [Code], [Description], [Description_BL], [SortOrder]) VALUES (100, 7, 33, N'MAZHAR', N'MAZHAR', N'MAZHARAR', 33)
INSERT [dbo].[ParameterDet] ([ParameterDetId], [ParameterId], [ParameterValue], [Code], [Description], [Description_BL], [SortOrder]) VALUES (101, 7, 34, N'NA', N'NA', N'NAAR', 34)
INSERT [dbo].[ParameterDet] ([ParameterDetId], [ParameterId], [ParameterValue], [Code], [Description], [Description_BL], [SortOrder]) VALUES (102, 7, 35, N'NESTO', N'NESTO', N'NESTOAR', 35)
INSERT [dbo].[ParameterDet] ([ParameterDetId], [ParameterId], [ParameterValue], [Code], [Description], [Description_BL], [SortOrder]) VALUES (103, 7, 36, N'Othaim Markets', N'Othaim Markets', N'Othaim MarketsAR', 36)
INSERT [dbo].[ParameterDet] ([ParameterDetId], [ParameterId], [ParameterValue], [Code], [Description], [Description_BL], [SortOrder]) VALUES (105, 7, 37, N'OTHER 2 KEY A/C', N'OTHER 2 KEY A/C', N'OTHER 2 KEY A/CAR', 37)
INSERT [dbo].[ParameterDet] ([ParameterDetId], [ParameterId], [ParameterValue], [Code], [Description], [Description_BL], [SortOrder]) VALUES (106, 7, 38, N'PLUG-INS', N'PLUG-INS', N'PLUG-INSAR', 38)
INSERT [dbo].[ParameterDet] ([ParameterDetId], [ParameterId], [ParameterValue], [Code], [Description], [Description_BL], [SortOrder]) VALUES (107, 7, 39, N'RAK NATIONAL MARKETS', N'RAK NATIONAL MARKETS', N'RAK NATIONAL MARKETSAR', 39)
INSERT [dbo].[ParameterDet] ([ParameterDetId], [ParameterId], [ParameterValue], [Code], [Description], [Description_BL], [SortOrder]) VALUES (108, 7, 40, N'RETAIL(KSA)', N'RETAIL(KSA)', N'RETAIL(KSA)AR', 40)
INSERT [dbo].[ParameterDet] ([ParameterDetId], [ParameterId], [ParameterValue], [Code], [Description], [Description_BL], [SortOrder]) VALUES (109, 7, 41, N'SAFEER', N'SAFEER', N'SAFEERAR', 41)
INSERT [dbo].[ParameterDet] ([ParameterDetId], [ParameterId], [ParameterValue], [Code], [Description], [Description_BL], [SortOrder]) VALUES (110, 7, 42, N'SHARAF', N'SHARAF', N'SHARAFAR', 42)
INSERT [dbo].[ParameterDet] ([ParameterDetId], [ParameterId], [ParameterValue], [Code], [Description], [Description_BL], [SortOrder]) VALUES (111, 7, 43, N'SHOP N SAVE', N'SHOP N SAVE', N'SHOP N SAVEAR', 43)
INSERT [dbo].[ParameterDet] ([ParameterDetId], [ParameterId], [ParameterValue], [Code], [Description], [Description_BL], [SortOrder]) VALUES (112, 7, 44, N'TALAL GROUP', N'TALAL GROUP', N'TALAL GROUPAR', 44)
INSERT [dbo].[ParameterDet] ([ParameterDetId], [ParameterId], [ParameterValue], [Code], [Description], [Description_BL], [SortOrder]) VALUES (113, 7, 45, N'TIER 1 DEALERS KSA', N'TIER 1 DEALERS KSA', N'TIER 1 DEALERS KSAAR', 45)
INSERT [dbo].[ParameterDet] ([ParameterDetId], [ParameterId], [ParameterValue], [Code], [Description], [Description_BL], [SortOrder]) VALUES (114, 7, 46, N'TIER 3 DEALERS KSA', N'TIER 3 DEALERS KSA', N'TIER 3 DEALERS KSAAR', 46)
INSERT [dbo].[ParameterDet] ([ParameterDetId], [ParameterId], [ParameterValue], [Code], [Description], [Description_BL], [SortOrder]) VALUES (115, 7, 47, N'UNION CO-OPERATIVE', N'UNION CO-OPERATIVE', N'UNION CO-OPERATIVEAR', 47)
INSERT [dbo].[ParameterDet] ([ParameterDetId], [ParameterId], [ParameterValue], [Code], [Description], [Description_BL], [SortOrder]) VALUES (121, 5, 14, N'Departmental Store', N'Departmental Store', N'Departmental Store AR', 14)
INSERT [dbo].[ParameterDet] ([ParameterDetId], [ParameterId], [ParameterValue], [Code], [Description], [Description_BL], [SortOrder]) VALUES (123, 5, 15, N'Distributors', N'Distributors', N'Distributors AR', 15)
INSERT [dbo].[ParameterDet] ([ParameterDetId], [ParameterId], [ParameterValue], [Code], [Description], [Description_BL], [SortOrder]) VALUES (124, 5, 16, N'EDUCATION', N'EDUCATION', N'EDUCATION AR', 16)
INSERT [dbo].[ParameterDet] ([ParameterDetId], [ParameterId], [ParameterValue], [Code], [Description], [Description_BL], [SortOrder]) VALUES (125, 5, 17, N'ENTERTAINMENT', N'ENTERTAINMENT', N'ENTERTAINMENT AR', 17)
INSERT [dbo].[ParameterDet] ([ParameterDetId], [ParameterId], [ParameterValue], [Code], [Description], [Description_BL], [SortOrder]) VALUES (126, 5, 18, N'FAST FOOD', N'FAST FOOD', N'FAST FOOD AR', 18)
INSERT [dbo].[ParameterDet] ([ParameterDetId], [ParameterId], [ParameterValue], [Code], [Description], [Description_BL], [SortOrder]) VALUES (127, 5, 19, N'FOOD', N'FOOD', N'FOOD AR', 19)
INSERT [dbo].[ParameterDet] ([ParameterDetId], [ParameterId], [ParameterValue], [Code], [Description], [Description_BL], [SortOrder]) VALUES (128, 5, 20, N'GOVERNMENT', N'GOVERNMENT', N'GOVERNMENT AR', 20)
INSERT [dbo].[ParameterDet] ([ParameterDetId], [ParameterId], [ParameterValue], [Code], [Description], [Description_BL], [SortOrder]) VALUES (129, 5, 21, N'GROCERY', N'GROCERY', N'GROCERY AR', 21)
INSERT [dbo].[ParameterDet] ([ParameterDetId], [ParameterId], [ParameterValue], [Code], [Description], [Description_BL], [SortOrder]) VALUES (130, 5, 22, N'HEALTH CARE', N'HEALTH CARE', N'HEALTH CARE AR', 22)
INSERT [dbo].[ParameterDet] ([ParameterDetId], [ParameterId], [ParameterValue], [Code], [Description], [Description_BL], [SortOrder]) VALUES (131, 5, 23, N'HOSPITAL', N'HOSPITAL', N'HOSPITAL AR', 23)
INSERT [dbo].[ParameterDet] ([ParameterDetId], [ParameterId], [ParameterValue], [Code], [Description], [Description_BL], [SortOrder]) VALUES (132, 5, 24, N'HOTEL', N'HOTEL', N'HOTEL AR', 24)
INSERT [dbo].[ParameterDet] ([ParameterDetId], [ParameterId], [ParameterValue], [Code], [Description], [Description_BL], [SortOrder]) VALUES (133, 5, 25, N'MARKETING', N'MARKETING', N'MARKETING AR', 25)
INSERT [dbo].[ParameterDet] ([ParameterDetId], [ParameterId], [ParameterValue], [Code], [Description], [Description_BL], [SortOrder]) VALUES (134, 5, 26, N'MINERAL WATER', N'MINERAL WATER', N'MINERAL WATER AR', 26)
INSERT [dbo].[ParameterDet] ([ParameterDetId], [ParameterId], [ParameterValue], [Code], [Description], [Description_BL], [SortOrder]) VALUES (135, 5, 27, N'MULTINATIONAL BRANDS', N'MULTINATIONAL BRANDS', N'MULTINATIONAL BRANDS AR', 27)
INSERT [dbo].[ParameterDet] ([ParameterDetId], [ParameterId], [ParameterValue], [Code], [Description], [Description_BL], [SortOrder]) VALUES (136, 5, 28, N'PETROLEUM', N'PETROLEUM', N'PETROLEUM AR', 28)
INSERT [dbo].[ParameterDet] ([ParameterDetId], [ParameterId], [ParameterValue], [Code], [Description], [Description_BL], [SortOrder]) VALUES (137, 5, 29, N'REAL-ESTATE', N'REAL-ESTATE', N'REAL-ESTATE AR', 29)
GO
print 'Processed 100 total records'
INSERT [dbo].[ParameterDet] ([ParameterDetId], [ParameterId], [ParameterValue], [Code], [Description], [Description_BL], [SortOrder]) VALUES (138, 5, 30, N'REWARDS', N'REWARDS', N'REWARDS AR', 30)
INSERT [dbo].[ParameterDet] ([ParameterDetId], [ParameterId], [ParameterValue], [Code], [Description], [Description_BL], [SortOrder]) VALUES (139, 5, 31, N'SPECIALTY TRADER', N'SPECIALTY TRADER', N'SPECIALTY TRADER AR', 31)
INSERT [dbo].[ParameterDet] ([ParameterDetId], [ParameterId], [ParameterValue], [Code], [Description], [Description_BL], [SortOrder]) VALUES (141, 5, 32, N'Wholesaler', N'Wholesaler', N'Wholesaler AR', 32)
INSERT [dbo].[ParameterDet] ([ParameterDetId], [ParameterId], [ParameterValue], [Code], [Description], [Description_BL], [SortOrder]) VALUES (146, 6, 5, N'NOT APPLICABLE', N'NOT APPLICABLE', N'NOT APPLICABLE AR', 5)
INSERT [dbo].[ParameterDet] ([ParameterDetId], [ParameterId], [ParameterValue], [Code], [Description], [Description_BL], [SortOrder]) VALUES (147, 6, 6, N'OTHER KEY AC TRADE', N'OTHER KEY AC TRADE', N'OTHER KEY AC TRADE AR', 6)
INSERT [dbo].[ParameterDet] ([ParameterDetId], [ParameterId], [ParameterValue], [Code], [Description], [Description_BL], [SortOrder]) VALUES (148, 10, 4, N'Others', N'Others', N'Others AR', 4)
INSERT [dbo].[ParameterDet] ([ParameterDetId], [ParameterId], [ParameterValue], [Code], [Description], [Description_BL], [SortOrder]) VALUES (149, 10, 5, N'Whole Sale', N'Whole Sale', N'Whole Sale AR', 5)
SET IDENTITY_INSERT [dbo].[ParameterDet] OFF
/****** Object:  StoredProcedure [dbo].[UpdateRegion]    Script Date: 09/30/2013 17:14:09 ******/
SET ANSI_NULLS ON
GO
SET QUOTED_IDENTIFIER ON
GO
-- =============================================
-- Author:		Prashant
-- Description:	Update Region 
-- =============================================
CREATE PROCEDURE [dbo].[UpdateRegion]
	@Region_Id int = NULL,
	@Region_Name nvarchar(50),
	@Country_Id int = NULL
AS
BEGIN
	Update Region
	set Region_Name = @Region_Name
	where Region_Id = @Region_Id OR @Region_Id IS NULL
	AND   Country_Id = @Country_Id OR @Country_Id IS NULL
END
GO
/****** Object:  StoredProcedure [dbo].[GetParameter]    Script Date: 09/30/2013 17:13:54 ******/
SET ANSI_NULLS ON
GO
SET QUOTED_IDENTIFIER ON
GO
-- This function returns the parameter details by @ParameterId, @ParameterDetId, @ParameterValue passed
-- @ParameterId = get records by @ParameterId value passed, 0 = exclude / no filter
-- @ParameterDetId = get records by @ParameterDetId value passed, 0 = exclude / no filter
-- @ParameterValue = get records by ParameterValue value passed, 0 = exclude / no filter
-- pass 0,0,0,0 to return all records
CREATE Procedure [dbo].[GetParameter]
(@ParameterId int = 0, @ParameterDetId int = 0, @ParameterValue int = 0)    

AS    
BEGIN  

	 Declare @Parametertbl table 
							 (ParameterDetId int,
							 ParameterId int,
							 Code nvarchar(100),
							 ParameterValue int,
							 ParameterText nvarchar(100),
							 Description nvarchar(100),
							 DescriptionBL nvarchar(100),
							 SortOrder int)
 
	IF @ParameterId = 0
		SET @ParameterId = NULL

	IF @ParameterDetId = 0
		SET @ParameterDetId = NULL

	IF @ParameterValue = 0
		SET @ParameterValue = NULL
				
	INSERT INTO @Parametertbl      
	(ParameterDetId, 
	ParameterId,
	Code,
	ParameterValue, 
	ParameterText, 
	Description, 
	DescriptionBL,
	SortOrder)      
	SELECT ParameterDet.ParameterDetId, 
	ParameterDet.ParameterId,
	ParameterDet.Code,
	ParameterDet.ParameterValue, 
	Parameter.ParameterText, 
	ParameterDet.Description,
	ParameterDet.Description_BL, 
	ParameterDet.SortOrder
	FROM Parameter(NOLOCK), ParameterDet(NOLOCK)
	WHERE Parameter.ParameterId = ParameterDet.ParameterId
	AND (ParameterDet.ParameterId = @ParameterId OR @ParameterId IS NULL)
	AND (ParameterDet.ParameterDetId = @ParameterDetId OR @ParameterDetId IS NULL)
	AND (ParameterDet.ParameterValue = @ParameterValue OR @ParameterValue IS NULL)

	select * from @Parametertbl
END
GO
/****** Object:  StoredProcedure [dbo].[InsertRegion]    Script Date: 09/30/2013 17:13:59 ******/
SET ANSI_NULLS ON
GO
SET QUOTED_IDENTIFIER ON
GO
-- =============================================
-- Author:		Prashant
-- Description:	Insert Region 
-- =============================================
CREATE PROCEDURE [dbo].[InsertRegion]
	@Region_Name nvarchar(50),
	@Country_Id int
AS
BEGIN
	insert into Region
	values(@Region_Name,@Country_Id)
END
GO
/****** Object:  Table [dbo].[Holiday]    Script Date: 09/30/2013 17:11:47 ******/
SET ANSI_NULLS ON
GO
SET QUOTED_IDENTIFIER ON
GO
CREATE TABLE [dbo].[Holiday](
	[Holiday_Id] [int] IDENTITY(1,1) NOT NULL,
	[Date] [date] NOT NULL,
	[Country_Id] [int] NOT NULL,
	[Holiday_Type] [int] NOT NULL,
 CONSTRAINT [PK_Holiday] PRIMARY KEY CLUSTERED 
(
	[Holiday_Id] ASC
)WITH (PAD_INDEX  = OFF, STATISTICS_NORECOMPUTE  = OFF, IGNORE_DUP_KEY = OFF, ALLOW_ROW_LOCKS  = ON, ALLOW_PAGE_LOCKS  = ON) ON [PRIMARY]
) ON [PRIMARY]
GO
/****** Object:  StoredProcedure [dbo].[GetRegion]    Script Date: 09/30/2013 17:13:54 ******/
SET ANSI_NULLS ON
GO
SET QUOTED_IDENTIFIER ON
GO
-- =============================================
-- Author:		Prashant
-- Description:	Get Region List 
-- =============================================
CREATE PROCEDURE [dbo].[GetRegion]
	@Region_Id int = NULL,
	@Region_Name nvarchar(50) = NULL,
	@Country_Id int = NULL
AS
BEGIN
	Select * from Region 
	where (Region_Id = @Region_Id  OR @Region_Id IS NULL)
	AND   (Region_Name = @Region_Name  OR @Region_Name IS NULL)
	AND   (Country_Id = @Country_Id  OR @Country_Id IS NULL)
END
GO
/****** Object:  UserDefinedFunction [dbo].[GetParameterFn]    Script Date: 09/30/2013 17:14:23 ******/
SET ANSI_NULLS ON
GO
SET QUOTED_IDENTIFIER ON
GO
-- This function returns the parameter details by @ParameterId, @ParameterDetId, @ParameterValue passed
-- @ParameterId = get records by @ParameterId value passed, 0 = exclude / no filter
-- @ParameterDetId = get records by @ParameterDetId value passed, 0 = exclude / no filter
-- @ParameterValue = get records by ParameterValue value passed, 0 = exclude / no filter
-- pass 0,0,0,0 to return all records
Create FUNCTION [dbo].[GetParameterFn]
(@ParameterId int = 0, @ParameterDetId int = 0, @ParameterValue int = 0)    
 RETURNS @Parametertbl table 
 (ParameterDetId int,
 ParameterId int,
 Code varchar(25),
 ParameterValue int,
 ParameterText varchar(100),
 Description varchar(50),
 SortOrder int)
AS    
BEGIN  
	IF @ParameterId = 0
		SET @ParameterId = NULL

	IF @ParameterDetId = 0
		SET @ParameterDetId = NULL

	IF @ParameterValue = 0
		SET @ParameterValue = NULL
				
	INSERT INTO @Parametertbl      
	(ParameterDetId, 
	ParameterId,
	Code,
	ParameterValue, 
	ParameterText, 
	Description, 
	SortOrder)      
	SELECT ParameterDet.ParameterDetId, 
	ParameterDet.ParameterId,
	ParameterDet.Code,
	ParameterDet.ParameterValue, 
	Parameter.ParameterText, 
	ParameterDet.Description, 
	ParameterDet.SortOrder
	FROM Parameter(NOLOCK), ParameterDet(NOLOCK)
	WHERE Parameter.ParameterId = ParameterDet.ParameterId
	AND (ParameterDet.ParameterId = @ParameterId OR @ParameterId IS NULL)
	AND (ParameterDet.ParameterDetId = @ParameterDetId OR @ParameterDetId IS NULL)
	AND (ParameterDet.ParameterValue = @ParameterValue OR @ParameterValue IS NULL)

	RETURN
END
GO
/****** Object:  Table [dbo].[Location]    Script Date: 09/30/2013 17:11:47 ******/
SET ANSI_NULLS ON
GO
SET QUOTED_IDENTIFIER ON
GO
CREATE TABLE [dbo].[Location](
	[Location_Id] [int] IDENTITY(1,1) NOT NULL,
	[Location_Name] [nvarchar](50) NULL,
	[Location_Name_BL] [nvarchar](50) NULL,
	[Region_Id] [int] NOT NULL,
 CONSTRAINT [PK_Location] PRIMARY KEY CLUSTERED 
(
	[Location_Id] ASC
)WITH (PAD_INDEX  = OFF, STATISTICS_NORECOMPUTE  = OFF, IGNORE_DUP_KEY = OFF, ALLOW_ROW_LOCKS  = ON, ALLOW_PAGE_LOCKS  = ON) ON [PRIMARY]
) ON [PRIMARY]
GO
SET IDENTITY_INSERT [dbo].[Location] ON
INSERT [dbo].[Location] ([Location_Id], [Location_Name], [Location_Name_BL], [Region_Id]) VALUES (2, N'Abu Dhabi', N'Abu Dhabi ar', 1)
INSERT [dbo].[Location] ([Location_Id], [Location_Name], [Location_Name_BL], [Region_Id]) VALUES (3, N'Dubai', N'Dubai ar', 2)
INSERT [dbo].[Location] ([Location_Id], [Location_Name], [Location_Name_BL], [Region_Id]) VALUES (4, N'Al Ain', N'Al Ain ar', 3)
INSERT [dbo].[Location] ([Location_Id], [Location_Name], [Location_Name_BL], [Region_Id]) VALUES (5, N'Sharjah', N'Sharjah ar', 4)
INSERT [dbo].[Location] ([Location_Id], [Location_Name], [Location_Name_BL], [Region_Id]) VALUES (8, N'Ras Al Khaimah', N'Ras Al Khaimah ar', 6)
INSERT [dbo].[Location] ([Location_Id], [Location_Name], [Location_Name_BL], [Region_Id]) VALUES (9, N'Fujairah', N'Fujairah ar', 7)
INSERT [dbo].[Location] ([Location_Id], [Location_Name], [Location_Name_BL], [Region_Id]) VALUES (10, N'Ajman', N'Ajman ar', 8)
INSERT [dbo].[Location] ([Location_Id], [Location_Name], [Location_Name_BL], [Region_Id]) VALUES (11, N'Dammam', N'Dammam ar', 9)
INSERT [dbo].[Location] ([Location_Id], [Location_Name], [Location_Name_BL], [Region_Id]) VALUES (12, N'Hail', N'Hail ar', 10)
INSERT [dbo].[Location] ([Location_Id], [Location_Name], [Location_Name_BL], [Region_Id]) VALUES (13, N'Hofuf', N'Hofuf ar', 11)
INSERT [dbo].[Location] ([Location_Id], [Location_Name], [Location_Name_BL], [Region_Id]) VALUES (14, N'Jeddah', N' Jeddah ar', 12)
INSERT [dbo].[Location] ([Location_Id], [Location_Name], [Location_Name_BL], [Region_Id]) VALUES (16, N'Jezan', N'Jezan ar', 13)
INSERT [dbo].[Location] ([Location_Id], [Location_Name], [Location_Name_BL], [Region_Id]) VALUES (18, N'Jizan', N'Jizan ar', 14)
INSERT [dbo].[Location] ([Location_Id], [Location_Name], [Location_Name_BL], [Region_Id]) VALUES (19, N'Muscat', N'Muscat', 15)
INSERT [dbo].[Location] ([Location_Id], [Location_Name], [Location_Name_BL], [Region_Id]) VALUES (20, N'NA', N'NA ar', 16)
INSERT [dbo].[Location] ([Location_Id], [Location_Name], [Location_Name_BL], [Region_Id]) VALUES (21, N'Qassim', N'Qassim ar', 17)
INSERT [dbo].[Location] ([Location_Id], [Location_Name], [Location_Name_BL], [Region_Id]) VALUES (23, N'Riyadh', N'Riyadh ar', 19)
INSERT [dbo].[Location] ([Location_Id], [Location_Name], [Location_Name_BL], [Region_Id]) VALUES (25, N'Umm Al Quain', N'Umm Al Quain ar', 21)
SET IDENTITY_INSERT [dbo].[Location] OFF
/****** Object:  Table [dbo].[Menu]    Script Date: 09/30/2013 17:11:47 ******/
SET ANSI_NULLS ON
GO
SET QUOTED_IDENTIFIER ON
GO
CREATE TABLE [dbo].[Menu](
	[MenuId] [int] NOT NULL,
	[MenuName] [nvarchar](100) NOT NULL,
	[MenuParentId] [int] NULL,
	[MenuStatus] [int] NOT NULL,
	[MenuOrder] [int] NOT NULL,
 CONSTRAINT [PKSMenuItem] PRIMARY KEY CLUSTERED 
(
	[MenuId] ASC
)WITH (PAD_INDEX  = OFF, STATISTICS_NORECOMPUTE  = OFF, IGNORE_DUP_KEY = OFF, ALLOW_ROW_LOCKS  = ON, ALLOW_PAGE_LOCKS  = ON) ON [PRIMARY]
) ON [PRIMARY]
GO
INSERT [dbo].[Menu] ([MenuId], [MenuName], [MenuParentId], [MenuStatus], [MenuOrder]) VALUES (1, N'Home', NULL, 1, 1)
INSERT [dbo].[Menu] ([MenuId], [MenuName], [MenuParentId], [MenuStatus], [MenuOrder]) VALUES (2, N'Reports', NULL, 1, 2)
INSERT [dbo].[Menu] ([MenuId], [MenuName], [MenuParentId], [MenuStatus], [MenuOrder]) VALUES (3, N'Setup', NULL, 1, 3)
INSERT [dbo].[Menu] ([MenuId], [MenuName], [MenuParentId], [MenuStatus], [MenuOrder]) VALUES (4, N'Customers', 3, 1, 1)
INSERT [dbo].[Menu] ([MenuId], [MenuName], [MenuParentId], [MenuStatus], [MenuOrder]) VALUES (5, N'Users', 3, 1, 2)
INSERT [dbo].[Menu] ([MenuId], [MenuName], [MenuParentId], [MenuStatus], [MenuOrder]) VALUES (6, N'Targets', 3, 1, 3)
INSERT [dbo].[Menu] ([MenuId], [MenuName], [MenuParentId], [MenuStatus], [MenuOrder]) VALUES (7, N'Home', NULL, 1, 1)
INSERT [dbo].[Menu] ([MenuId], [MenuName], [MenuParentId], [MenuStatus], [MenuOrder]) VALUES (8, N'Report A: Summary By Team', 2, 1, 3)
INSERT [dbo].[Menu] ([MenuId], [MenuName], [MenuParentId], [MenuStatus], [MenuOrder]) VALUES (9, N'Report B: Summary by SalesPerson', 2, 1, 4)
INSERT [dbo].[Menu] ([MenuId], [MenuName], [MenuParentId], [MenuStatus], [MenuOrder]) VALUES (10, N'Report C: Summary by Day', 2, 1, 5)
INSERT [dbo].[Menu] ([MenuId], [MenuName], [MenuParentId], [MenuStatus], [MenuOrder]) VALUES (11, N'Reportees', NULL, 1, 6)
INSERT [dbo].[Menu] ([MenuId], [MenuName], [MenuParentId], [MenuStatus], [MenuOrder]) VALUES (12, N'Home', NULL, 1, 1)
INSERT [dbo].[Menu] ([MenuId], [MenuName], [MenuParentId], [MenuStatus], [MenuOrder]) VALUES (13, N'Daily Sales Report', NULL, 1, 2)
/****** Object:  StoredProcedure [dbo].[GetLocation]    Script Date: 09/30/2013 17:13:52 ******/
SET ANSI_NULLS ON
GO
SET QUOTED_IDENTIFIER ON
GO
-- =============================================
-- Author:		Prashant
-- Description:	Get Location 
-- =============================================
CREATE PROCEDURE [dbo].[GetLocation]
	@Location_Id int = NULL,
	@Location_Name nvarchar(50) = NULL,
	@Region_Id int = NULL
AS
BEGIN
	Select * from Location 
	where (Location_Id = @Location_Id  OR @Location_Id IS NULL)
	AND   (Location_Name = @Location_Name  OR @Location_Name IS NULL)
	AND   (Region_Id = @Region_Id  OR @Region_Id IS NULL)
END
GO
/****** Object:  StoredProcedure [dbo].[GetHoliday]    Script Date: 09/30/2013 17:13:52 ******/
SET ANSI_NULLS ON
GO
SET QUOTED_IDENTIFIER ON
GO
-- =============================================
-- Author:		Prashant
-- Description:	Get Holiday
-- =============================================
CREATE PROCEDURE [dbo].[GetHoliday]
	@Holiday_Id int = NULL,
	@Date datetime = NULL,
	@Country_Id int = NULL,
	@Holiday_Type int = NULL
AS
BEGIN
	select * from Holiday  
	where (Holiday_Id = @Holiday_Id OR @Holiday_Id IS NULL)
	AND	  (Date = @Date OR @Date IS NULL)
	AND	  (Country_Id = @Country_Id OR @Country_Id IS NULL)
	AND	  (Holiday_Type = @Holiday_Type OR @Holiday_Type IS NULL)
END
GO
/****** Object:  StoredProcedure [dbo].[InsertUpdateHoliday]    Script Date: 09/30/2013 17:14:03 ******/
SET ANSI_NULLS ON
GO
SET QUOTED_IDENTIFIER ON
GO
-- =============================================
-- Author:		Prashant
-- Description:	Insert Update Holiday 
-- =============================================
CREATE PROCEDURE [dbo].[InsertUpdateHoliday]
	@Holiday_Id int,
	@Date datetime,
	@Country_Id int,
	@Holiday_Type int
AS
BEGIN
	MERGE Holiday AS target
    USING (SELECT @Holiday_Id, @Date, @Country_Id, @Holiday_Type) 
    AS source (Holiday_Id, Date, Country_Id, Holiday_Type)
    ON (target.Holiday_Id = source.Holiday_Id)
    WHEN MATCHED THEN 
        UPDATE SET	Date = source.Date,
					Country_Id = source.Country_Id,
					Holiday_Type = source.Holiday_Type
	WHEN NOT MATCHED THEN	
	    insert 
		values(source.Date, source.Country_Id, source.Holiday_Type);
END
GO
/****** Object:  UserDefinedFunction [dbo].[GetParameterDetId]    Script Date: 09/30/2013 17:14:22 ******/
SET ANSI_NULLS ON
GO
SET QUOTED_IDENTIFIER ON
GO
-- Function to return the parameterdetid for the parameterid and parametervalue passed
-- @ParameterId = ParameterId value
-- @ParameterValue = Parameter Value
-- Returns ParameterDetId value
CREATE FUNCTION [dbo].[GetParameterDetId]
(@ParameterId int = 0, @ParameterValue int = 0)
RETURNS int
BEGIN
	DECLARE @ParameterDetId int
	SELECT @ParameterDetId  = ParameterDetId FROM dbo.GetParameterFn(@ParameterId, 0, @ParameterValue)
	RETURN @ParameterDetId
END
GO
/****** Object:  StoredProcedure [dbo].[InsertLocation]    Script Date: 09/30/2013 17:13:59 ******/
SET ANSI_NULLS ON
GO
SET QUOTED_IDENTIFIER ON
GO
-- =============================================
-- Author:		Prashant
-- Description:	Insert Location 
-- =============================================
CREATE PROCEDURE [dbo].[InsertLocation] 
	@Location_Name nvarchar(50),
	@Region_Id int
AS
BEGIN
	insert into Location(Location_Name, Region_Id)
	values(@Location_Name, @Region_Id)
END
GO
/****** Object:  Table [dbo].[Site_User]    Script Date: 09/30/2013 17:11:47 ******/
SET ANSI_NULLS ON
GO
SET QUOTED_IDENTIFIER ON
GO
CREATE TABLE [dbo].[Site_User](
	[Site_User_Id] [int] IDENTITY(1,1) NOT NULL,
	[Role_Id] [int] NOT NULL,
	[Location_Id] [int] NOT NULL,
	[Name] [nvarchar](50) NOT NULL,
	[Login_Name] [nvarchar](50) NULL,
	[Password] [nvarchar](50) NOT NULL,
	[Email] [nvarchar](50) NULL,
	[Status] [bit] NOT NULL,
	[Employee_Code] [nvarchar](50) NULL,
 CONSTRAINT [PK_Site_User] PRIMARY KEY CLUSTERED 
(
	[Site_User_Id] ASC
)WITH (PAD_INDEX  = OFF, STATISTICS_NORECOMPUTE  = OFF, IGNORE_DUP_KEY = OFF, ALLOW_ROW_LOCKS  = ON, ALLOW_PAGE_LOCKS  = ON) ON [PRIMARY]
) ON [PRIMARY]
GO
SET IDENTITY_INSERT [dbo].[Site_User] ON
INSERT [dbo].[Site_User] ([Site_User_Id], [Role_Id], [Location_Id], [Name], [Login_Name], [Password], [Email], [Status], [Employee_Code]) VALUES (33, 1, 2, N'Admin', N'admin', N'admin', N'admin@emqube.com', 1, N'1')
INSERT [dbo].[Site_User] ([Site_User_Id], [Role_Id], [Location_Id], [Name], [Login_Name], [Password], [Email], [Status], [Employee_Code]) VALUES (36, 5, 14, N'Saif Mohd', NULL, N'executive', N'e@emqube.com', 1, N'1')
INSERT [dbo].[Site_User] ([Site_User_Id], [Role_Id], [Location_Id], [Name], [Login_Name], [Password], [Email], [Status], [Employee_Code]) VALUES (37, 5, 3, N'Showroom', NULL, N'executive', N'e@emqube.com', 1, N'1')
INSERT [dbo].[Site_User] ([Site_User_Id], [Role_Id], [Location_Id], [Name], [Login_Name], [Password], [Email], [Status], [Employee_Code]) VALUES (38, 5, 3, N'Aniyan', NULL, N'executive', N'aniyan@nikai.com', 1, N'EMPL291')
INSERT [dbo].[Site_User] ([Site_User_Id], [Role_Id], [Location_Id], [Name], [Login_Name], [Password], [Email], [Status], [Employee_Code]) VALUES (39, 5, 3, N'Afzal', NULL, N'executive', N'afsal.babu@nikai.com', 1, N'EMPL781')
INSERT [dbo].[Site_User] ([Site_User_Id], [Role_Id], [Location_Id], [Name], [Login_Name], [Password], [Email], [Status], [Employee_Code]) VALUES (40, 5, 2, N'Sanal', NULL, N'executive', N'sanal.kumar@nikai.com', 1, N'EMPL761')
INSERT [dbo].[Site_User] ([Site_User_Id], [Role_Id], [Location_Id], [Name], [Login_Name], [Password], [Email], [Status], [Employee_Code]) VALUES (41, 5, 2, N'Joseph', NULL, N'executive', N'joseph@nikai.com', 1, N'EMPL376')
INSERT [dbo].[Site_User] ([Site_User_Id], [Role_Id], [Location_Id], [Name], [Login_Name], [Password], [Email], [Status], [Employee_Code]) VALUES (42, 5, 5, N'Ritesh', NULL, N'executive', N'ritesh.agarwal@nikai.com', 1, N'EMPL705')
INSERT [dbo].[Site_User] ([Site_User_Id], [Role_Id], [Location_Id], [Name], [Login_Name], [Password], [Email], [Status], [Employee_Code]) VALUES (44, 5, 3, N'Adarsh', NULL, N'executive', N'e@emqube.com', 0, N'1')
INSERT [dbo].[Site_User] ([Site_User_Id], [Role_Id], [Location_Id], [Name], [Login_Name], [Password], [Email], [Status], [Employee_Code]) VALUES (45, 5, 2, N'Vishal', NULL, N'executive', N'e@emqube.com', 0, N'1')
INSERT [dbo].[Site_User] ([Site_User_Id], [Role_Id], [Location_Id], [Name], [Login_Name], [Password], [Email], [Status], [Employee_Code]) VALUES (46, 5, 3, N'Anil', NULL, N'executive', NULL, 1, N'1')
INSERT [dbo].[Site_User] ([Site_User_Id], [Role_Id], [Location_Id], [Name], [Login_Name], [Password], [Email], [Status], [Employee_Code]) VALUES (48, 5, 3, N'Ibrahim', NULL, N'executive', NULL, 1, N'1')
INSERT [dbo].[Site_User] ([Site_User_Id], [Role_Id], [Location_Id], [Name], [Login_Name], [Password], [Email], [Status], [Employee_Code]) VALUES (49, 5, 4, N'Shajip', NULL, N'executive', N'sp@nikai.com', 1, N'EMPL818')
INSERT [dbo].[Site_User] ([Site_User_Id], [Role_Id], [Location_Id], [Name], [Login_Name], [Password], [Email], [Status], [Employee_Code]) VALUES (50, 4, 5, N'James', NULL, N'executive', NULL, 1, N'1')
INSERT [dbo].[Site_User] ([Site_User_Id], [Role_Id], [Location_Id], [Name], [Login_Name], [Password], [Email], [Status], [Employee_Code]) VALUES (51, 4, 8, N'Moosa', NULL, N'executive', NULL, 1, N'1')
INSERT [dbo].[Site_User] ([Site_User_Id], [Role_Id], [Location_Id], [Name], [Login_Name], [Password], [Email], [Status], [Employee_Code]) VALUES (52, 5, 3, N'Shajisimon', NULL, N'executive', N'shaji.simon@nikai.com', 1, N'EMPL835')
INSERT [dbo].[Site_User] ([Site_User_Id], [Role_Id], [Location_Id], [Name], [Login_Name], [Password], [Email], [Status], [Employee_Code]) VALUES (53, 5, 3, N'Shameer-Pm', NULL, N'executive', N'pmshameer@nikai.com', 1, N'EMPL259')
INSERT [dbo].[Site_User] ([Site_User_Id], [Role_Id], [Location_Id], [Name], [Login_Name], [Password], [Email], [Status], [Employee_Code]) VALUES (59, 5, 2, N'Jinu', NULL, N'executive', NULL, 1, NULL)
INSERT [dbo].[Site_User] ([Site_User_Id], [Role_Id], [Location_Id], [Name], [Login_Name], [Password], [Email], [Status], [Employee_Code]) VALUES (60, 5, 3, N'Off', NULL, N'off', N'', 1, NULL)
INSERT [dbo].[Site_User] ([Site_User_Id], [Role_Id], [Location_Id], [Name], [Login_Name], [Password], [Email], [Status], [Employee_Code]) VALUES (61, 5, 3, N'Ranjit', NULL, N'executive', NULL, 1, NULL)
INSERT [dbo].[Site_User] ([Site_User_Id], [Role_Id], [Location_Id], [Name], [Login_Name], [Password], [Email], [Status], [Employee_Code]) VALUES (62, 5, 3, N'Sudheesh', NULL, N'executive', N'sudheesh@nikai.com', 1, N'EMPL445')
INSERT [dbo].[Site_User] ([Site_User_Id], [Role_Id], [Location_Id], [Name], [Login_Name], [Password], [Email], [Status], [Employee_Code]) VALUES (63, 5, 5, N'Dilip', NULL, N'executive', NULL, 1, NULL)
INSERT [dbo].[Site_User] ([Site_User_Id], [Role_Id], [Location_Id], [Name], [Login_Name], [Password], [Email], [Status], [Employee_Code]) VALUES (64, 5, 5, N'Nawab', NULL, N'executive', NULL, 1, NULL)
INSERT [dbo].[Site_User] ([Site_User_Id], [Role_Id], [Location_Id], [Name], [Login_Name], [Password], [Email], [Status], [Employee_Code]) VALUES (66, 5, 3, N'Omprakash', NULL, N'executive', NULL, 1, NULL)
INSERT [dbo].[Site_User] ([Site_User_Id], [Role_Id], [Location_Id], [Name], [Login_Name], [Password], [Email], [Status], [Employee_Code]) VALUES (67, 5, 4, N'Shihabudheen', NULL, N'executive', NULL, 1, NULL)
INSERT [dbo].[Site_User] ([Site_User_Id], [Role_Id], [Location_Id], [Name], [Login_Name], [Password], [Email], [Status], [Employee_Code]) VALUES (68, 5, 3, N'Sumit', NULL, N'executive', NULL, 1, NULL)
INSERT [dbo].[Site_User] ([Site_User_Id], [Role_Id], [Location_Id], [Name], [Login_Name], [Password], [Email], [Status], [Employee_Code]) VALUES (69, 5, 3, N'Victor', NULL, N'executive', N'corporatesales@nikai.com', 1, N'EMPL859')
INSERT [dbo].[Site_User] ([Site_User_Id], [Role_Id], [Location_Id], [Name], [Login_Name], [Password], [Email], [Status], [Employee_Code]) VALUES (70, 5, 3, N'Beenu', NULL, N'executive', NULL, 1, NULL)
INSERT [dbo].[Site_User] ([Site_User_Id], [Role_Id], [Location_Id], [Name], [Login_Name], [Password], [Email], [Status], [Employee_Code]) VALUES (71, 5, 3, N'Mahesvaran', NULL, N'executive', NULL, 1, NULL)
INSERT [dbo].[Site_User] ([Site_User_Id], [Role_Id], [Location_Id], [Name], [Login_Name], [Password], [Email], [Status], [Employee_Code]) VALUES (72, 2, 3, N'Sushil', NULL, N'executive', N'sushil@nikai.com', 1, N'EMPL119')
INSERT [dbo].[Site_User] ([Site_User_Id], [Role_Id], [Location_Id], [Name], [Login_Name], [Password], [Email], [Status], [Employee_Code]) VALUES (73, 5, 3, N'Abdul Jaleel', NULL, N'executive', N'abdul.jaleel@nikai.com', 1, N'EMPL812')
INSERT [dbo].[Site_User] ([Site_User_Id], [Role_Id], [Location_Id], [Name], [Login_Name], [Password], [Email], [Status], [Employee_Code]) VALUES (74, 5, 3, N'Jaice', NULL, N'executive', NULL, 1, NULL)
INSERT [dbo].[Site_User] ([Site_User_Id], [Role_Id], [Location_Id], [Name], [Login_Name], [Password], [Email], [Status], [Employee_Code]) VALUES (75, 5, 3, N'Farid', NULL, N'executive', NULL, 1, NULL)
INSERT [dbo].[Site_User] ([Site_User_Id], [Role_Id], [Location_Id], [Name], [Login_Name], [Password], [Email], [Status], [Employee_Code]) VALUES (76, 5, 20, N'Yshamaly', NULL, N'executive', NULL, 1, NULL)
INSERT [dbo].[Site_User] ([Site_User_Id], [Role_Id], [Location_Id], [Name], [Login_Name], [Password], [Email], [Status], [Employee_Code]) VALUES (77, 5, 20, N'Anas', NULL, N'executive', NULL, 1, NULL)
INSERT [dbo].[Site_User] ([Site_User_Id], [Role_Id], [Location_Id], [Name], [Login_Name], [Password], [Email], [Status], [Employee_Code]) VALUES (78, 5, 20, N'ABDULHASAN', NULL, N'executive', NULL, 1, NULL)
INSERT [dbo].[Site_User] ([Site_User_Id], [Role_Id], [Location_Id], [Name], [Login_Name], [Password], [Email], [Status], [Employee_Code]) VALUES (79, 5, 14, N'ABUHARB', NULL, N'executive', NULL, 1, NULL)
INSERT [dbo].[Site_User] ([Site_User_Id], [Role_Id], [Location_Id], [Name], [Login_Name], [Password], [Email], [Status], [Employee_Code]) VALUES (80, 5, 14, N'AMUSTAFA', NULL, N'executive', NULL, 1, NULL)
INSERT [dbo].[Site_User] ([Site_User_Id], [Role_Id], [Location_Id], [Name], [Login_Name], [Password], [Email], [Status], [Employee_Code]) VALUES (81, 5, 11, N'Aqeel', NULL, N'executive', NULL, 1, NULL)
INSERT [dbo].[Site_User] ([Site_User_Id], [Role_Id], [Location_Id], [Name], [Login_Name], [Password], [Email], [Status], [Employee_Code]) VALUES (82, 5, 23, N'BASHEER', NULL, N'executive', NULL, 1, NULL)
INSERT [dbo].[Site_User] ([Site_User_Id], [Role_Id], [Location_Id], [Name], [Login_Name], [Password], [Email], [Status], [Employee_Code]) VALUES (83, 5, 11, N'BASYONI', NULL, N'executive', NULL, 1, NULL)
INSERT [dbo].[Site_User] ([Site_User_Id], [Role_Id], [Location_Id], [Name], [Login_Name], [Password], [Email], [Status], [Employee_Code]) VALUES (84, 5, 23, N'Farram', NULL, N'executive', NULL, 1, NULL)
INSERT [dbo].[Site_User] ([Site_User_Id], [Role_Id], [Location_Id], [Name], [Login_Name], [Password], [Email], [Status], [Employee_Code]) VALUES (85, 5, 3, N'Gitex', NULL, N'executive', NULL, 1, NULL)
INSERT [dbo].[Site_User] ([Site_User_Id], [Role_Id], [Location_Id], [Name], [Login_Name], [Password], [Email], [Status], [Employee_Code]) VALUES (86, 5, 2, N'HAMADA', NULL, N'executive', NULL, 1, NULL)
INSERT [dbo].[Site_User] ([Site_User_Id], [Role_Id], [Location_Id], [Name], [Login_Name], [Password], [Email], [Status], [Employee_Code]) VALUES (87, 5, 23, N'HANI', NULL, N'executive', NULL, 1, NULL)
INSERT [dbo].[Site_User] ([Site_User_Id], [Role_Id], [Location_Id], [Name], [Login_Name], [Password], [Email], [Status], [Employee_Code]) VALUES (93, 5, 14, N'HOSAM', NULL, N'executive', NULL, 1, NULL)
INSERT [dbo].[Site_User] ([Site_User_Id], [Role_Id], [Location_Id], [Name], [Login_Name], [Password], [Email], [Status], [Employee_Code]) VALUES (94, 5, 14, N'ABDULSALAM', NULL, N'executive', NULL, 1, NULL)
INSERT [dbo].[Site_User] ([Site_User_Id], [Role_Id], [Location_Id], [Name], [Login_Name], [Password], [Email], [Status], [Employee_Code]) VALUES (95, 5, 19, N'IJAZ', NULL, N'executive', N'x@x.com', 0, N'x')
INSERT [dbo].[Site_User] ([Site_User_Id], [Role_Id], [Location_Id], [Name], [Login_Name], [Password], [Email], [Status], [Employee_Code]) VALUES (96, 5, 3, N'INTL', NULL, N'executive', NULL, 1, NULL)
INSERT [dbo].[Site_User] ([Site_User_Id], [Role_Id], [Location_Id], [Name], [Login_Name], [Password], [Email], [Status], [Employee_Code]) VALUES (97, 5, 14, N'JUNAID', NULL, N'executive', NULL, 1, NULL)
INSERT [dbo].[Site_User] ([Site_User_Id], [Role_Id], [Location_Id], [Name], [Login_Name], [Password], [Email], [Status], [Employee_Code]) VALUES (98, 5, 14, N'LABDEH', NULL, N'executive', N'mahmoud.lebdeh@nikai.com', 1, N'SEMPL314')
INSERT [dbo].[Site_User] ([Site_User_Id], [Role_Id], [Location_Id], [Name], [Login_Name], [Password], [Email], [Status], [Employee_Code]) VALUES (99, 5, 23, N'MAHMOUD', NULL, N'executive', NULL, 1, NULL)
INSERT [dbo].[Site_User] ([Site_User_Id], [Role_Id], [Location_Id], [Name], [Login_Name], [Password], [Email], [Status], [Employee_Code]) VALUES (100, 5, 14, N'MOIN', NULL, N'executive', NULL, 1, NULL)
INSERT [dbo].[Site_User] ([Site_User_Id], [Role_Id], [Location_Id], [Name], [Login_Name], [Password], [Email], [Status], [Employee_Code]) VALUES (101, 5, 21, N'MOTAZ', NULL, N'executive', NULL, 1, NULL)
INSERT [dbo].[Site_User] ([Site_User_Id], [Role_Id], [Location_Id], [Name], [Login_Name], [Password], [Email], [Status], [Employee_Code]) VALUES (102, 5, 14, N'NABIL', NULL, N'executive', NULL, 1, NULL)
INSERT [dbo].[Site_User] ([Site_User_Id], [Role_Id], [Location_Id], [Name], [Login_Name], [Password], [Email], [Status], [Employee_Code]) VALUES (103, 5, 5, N'NADEEM', NULL, N'executive', NULL, 1, NULL)
INSERT [dbo].[Site_User] ([Site_User_Id], [Role_Id], [Location_Id], [Name], [Login_Name], [Password], [Email], [Status], [Employee_Code]) VALUES (104, 5, 23, N'REZQ', NULL, N'executive', NULL, 1, NULL)
INSERT [dbo].[Site_User] ([Site_User_Id], [Role_Id], [Location_Id], [Name], [Login_Name], [Password], [Email], [Status], [Employee_Code]) VALUES (105, 5, 14, N'RIYAZM', NULL, N'executive', NULL, 1, NULL)
INSERT [dbo].[Site_User] ([Site_User_Id], [Role_Id], [Location_Id], [Name], [Login_Name], [Password], [Email], [Status], [Employee_Code]) VALUES (106, 5, 23, N'RIZK', NULL, N'executive', NULL, 1, NULL)
INSERT [dbo].[Site_User] ([Site_User_Id], [Role_Id], [Location_Id], [Name], [Login_Name], [Password], [Email], [Status], [Employee_Code]) VALUES (107, 5, 14, N'SALEM', NULL, N'executive', NULL, 1, NULL)
INSERT [dbo].[Site_User] ([Site_User_Id], [Role_Id], [Location_Id], [Name], [Login_Name], [Password], [Email], [Status], [Employee_Code]) VALUES (109, 5, 23, N'SAMERFAHMY', NULL, N'executive', NULL, 1, NULL)
INSERT [dbo].[Site_User] ([Site_User_Id], [Role_Id], [Location_Id], [Name], [Login_Name], [Password], [Email], [Status], [Employee_Code]) VALUES (111, 5, 14, N'Sami', NULL, N'executive', NULL, 1, NULL)
INSERT [dbo].[Site_User] ([Site_User_Id], [Role_Id], [Location_Id], [Name], [Login_Name], [Password], [Email], [Status], [Employee_Code]) VALUES (112, 5, 14, N'SHAFIQ', NULL, N'executive', NULL, 1, NULL)
INSERT [dbo].[Site_User] ([Site_User_Id], [Role_Id], [Location_Id], [Name], [Login_Name], [Password], [Email], [Status], [Employee_Code]) VALUES (113, 5, 11, N'SHOWROOMD', NULL, N'executive', NULL, 1, NULL)
INSERT [dbo].[Site_User] ([Site_User_Id], [Role_Id], [Location_Id], [Name], [Login_Name], [Password], [Email], [Status], [Employee_Code]) VALUES (114, 5, 23, N'SHOWROOMR', NULL, N'executive', NULL, 1, NULL)
INSERT [dbo].[Site_User] ([Site_User_Id], [Role_Id], [Location_Id], [Name], [Login_Name], [Password], [Email], [Status], [Employee_Code]) VALUES (115, 5, 3, N'siraj', NULL, N'executive', NULL, 1, NULL)
INSERT [dbo].[Site_User] ([Site_User_Id], [Role_Id], [Location_Id], [Name], [Login_Name], [Password], [Email], [Status], [Employee_Code]) VALUES (116, 5, 12, N'TARIQ', NULL, N'executive', NULL, 1, NULL)
INSERT [dbo].[Site_User] ([Site_User_Id], [Role_Id], [Location_Id], [Name], [Login_Name], [Password], [Email], [Status], [Employee_Code]) VALUES (117, 5, 20, N'TARIQ-ALRAH', NULL, N'executive', NULL, 1, NULL)
INSERT [dbo].[Site_User] ([Site_User_Id], [Role_Id], [Location_Id], [Name], [Login_Name], [Password], [Email], [Status], [Employee_Code]) VALUES (118, 5, 11, N'WAEL', NULL, N'executive', NULL, 1, NULL)
INSERT [dbo].[Site_User] ([Site_User_Id], [Role_Id], [Location_Id], [Name], [Login_Name], [Password], [Email], [Status], [Employee_Code]) VALUES (119, 5, 11, N'WASEEM', NULL, N'executive', NULL, 1, NULL)
INSERT [dbo].[Site_User] ([Site_User_Id], [Role_Id], [Location_Id], [Name], [Login_Name], [Password], [Email], [Status], [Employee_Code]) VALUES (121, 5, 3, N'WSALE', NULL, N'executive', NULL, 1, NULL)
INSERT [dbo].[Site_User] ([Site_User_Id], [Role_Id], [Location_Id], [Name], [Login_Name], [Password], [Email], [Status], [Employee_Code]) VALUES (122, 5, 11, N'YOUSEFABU', NULL, N'executive', NULL, 1, NULL)
INSERT [dbo].[Site_User] ([Site_User_Id], [Role_Id], [Location_Id], [Name], [Login_Name], [Password], [Email], [Status], [Employee_Code]) VALUES (123, 5, 11, N'YOUSEFN', NULL, N'executive', NULL, 1, NULL)
INSERT [dbo].[Site_User] ([Site_User_Id], [Role_Id], [Location_Id], [Name], [Login_Name], [Password], [Email], [Status], [Employee_Code]) VALUES (124, 2, 3, N'ARNOUX', NULL, N'executive', N'arnoux.desurmont@nikai.co', 1, N'EMPL768')
INSERT [dbo].[Site_User] ([Site_User_Id], [Role_Id], [Location_Id], [Name], [Login_Name], [Password], [Email], [Status], [Employee_Code]) VALUES (125, 5, 9, N'Saif', NULL, N'SkY3yeWk', N'saif@nikai.com', 1, N'EMPL644')
INSERT [dbo].[Site_User] ([Site_User_Id], [Role_Id], [Location_Id], [Name], [Login_Name], [Password], [Email], [Status], [Employee_Code]) VALUES (126, 5, 3, N'Dilip', NULL, N'XDbv2gN­', N'dilip@nikai.com', 1, N'EMPL665')
INSERT [dbo].[Site_User] ([Site_User_Id], [Role_Id], [Location_Id], [Name], [Login_Name], [Password], [Email], [Status], [Employee_Code]) VALUES (127, 2, 3, N'Mathew Itty', NULL, N'7sJdKNk2', N'mathew.itty@nikai.com', 1, N'EMPL814')
INSERT [dbo].[Site_User] ([Site_User_Id], [Role_Id], [Location_Id], [Name], [Login_Name], [Password], [Email], [Status], [Employee_Code]) VALUES (128, 2, 3, N'Ana', NULL, N'78ow3HFV', N'ana@nikai.com', 1, N'EMPL878')
INSERT [dbo].[Site_User] ([Site_User_Id], [Role_Id], [Location_Id], [Name], [Login_Name], [Password], [Email], [Status], [Employee_Code]) VALUES (129, 6, 3, N'SHANKAR', NULL, N'bm7Wkwpn', N'shankar.ganesh@nikai.com', 1, N'EMPL784')
INSERT [dbo].[Site_User] ([Site_User_Id], [Role_Id], [Location_Id], [Name], [Login_Name], [Password], [Email], [Status], [Employee_Code]) VALUES (130, 5, 11, N'IJAZ', NULL, N'dtrMeW7b', N'ijaz@nikai.com', 1, N'SEMPL021')
INSERT [dbo].[Site_User] ([Site_User_Id], [Role_Id], [Location_Id], [Name], [Login_Name], [Password], [Email], [Status], [Employee_Code]) VALUES (131, 5, 11, N'AHMAD RAZAK', NULL, N'EFmmks9S', N'ahmad.raza@nikai.com', 1, N'SEMPL024')
INSERT [dbo].[Site_User] ([Site_User_Id], [Role_Id], [Location_Id], [Name], [Login_Name], [Password], [Email], [Status], [Employee_Code]) VALUES (132, 5, 11, N'WASEEM IBRAHIM', NULL, N'KLU7mbEJ', N'waseem.ibrahim@nikai.com', 1, N'')
INSERT [dbo].[Site_User] ([Site_User_Id], [Role_Id], [Location_Id], [Name], [Login_Name], [Password], [Email], [Status], [Employee_Code]) VALUES (133, 4, 11, N'Ashraf Gazawi', NULL, N'4BhePWW­', N'ashraf@nikai.com', 1, N'')
INSERT [dbo].[Site_User] ([Site_User_Id], [Role_Id], [Location_Id], [Name], [Login_Name], [Password], [Email], [Status], [Employee_Code]) VALUES (134, 5, 14, N'RIYAS MP', NULL, N'QYKTfWk1', N'riyas.mp@nikai.com', 1, N'')
INSERT [dbo].[Site_User] ([Site_User_Id], [Role_Id], [Location_Id], [Name], [Login_Name], [Password], [Email], [Status], [Employee_Code]) VALUES (135, 5, 14, N'HAIDER', NULL, N'Wgwtfuxd', N'mohammed.haider@nikai.com', 1, N'SEMPL595')
INSERT [dbo].[Site_User] ([Site_User_Id], [Role_Id], [Location_Id], [Name], [Login_Name], [Password], [Email], [Status], [Employee_Code]) VALUES (136, 5, 14, N'ANAS', NULL, N'xuLZZWfZ', N'Anas@nikai.com', 1, N'SEMPL291')
INSERT [dbo].[Site_User] ([Site_User_Id], [Role_Id], [Location_Id], [Name], [Login_Name], [Password], [Email], [Status], [Employee_Code]) VALUES (137, 4, 23, N'TAREQ', NULL, N'Eckhyj8m', N'tareq.r@nikai.com', 1, N'SEMPL348')
INSERT [dbo].[Site_User] ([Site_User_Id], [Role_Id], [Location_Id], [Name], [Login_Name], [Password], [Email], [Status], [Employee_Code]) VALUES (138, 5, 23, N'SAMER', NULL, N'samertrip', N'samer@nikai.com', 1, N'SEMPL505')
INSERT [dbo].[Site_User] ([Site_User_Id], [Role_Id], [Location_Id], [Name], [Login_Name], [Password], [Email], [Status], [Employee_Code]) VALUES (139, 5, 23, N'AMRO', NULL, N'2051984', N'amro@nikai.com', 1, N'SEMPL497')
INSERT [dbo].[Site_User] ([Site_User_Id], [Role_Id], [Location_Id], [Name], [Login_Name], [Password], [Email], [Status], [Employee_Code]) VALUES (140, 5, 23, N'Abdulfahim', NULL, N'sNB8d­O1', N'abdul.fahim@nikai.com', 1, N'SEMPL423')
INSERT [dbo].[Site_User] ([Site_User_Id], [Role_Id], [Location_Id], [Name], [Login_Name], [Password], [Email], [Status], [Employee_Code]) VALUES (141, 5, 23, N'Moinuddin', NULL, N'moinuddin123', N'moinuddin@nikai.com', 1, N'SEMPL547')
INSERT [dbo].[Site_User] ([Site_User_Id], [Role_Id], [Location_Id], [Name], [Login_Name], [Password], [Email], [Status], [Employee_Code]) VALUES (142, 5, 23, N'Aqeel', NULL, N'mahi', N'aqeel@nikai.com', 1, N'')
INSERT [dbo].[Site_User] ([Site_User_Id], [Role_Id], [Location_Id], [Name], [Login_Name], [Password], [Email], [Status], [Employee_Code]) VALUES (143, 5, 23, N'Ahmada', NULL, N'ozBStbzE', N'hamada@nikai.com', 1, N'SEMPL551')
INSERT [dbo].[Site_User] ([Site_User_Id], [Role_Id], [Location_Id], [Name], [Login_Name], [Password], [Email], [Status], [Employee_Code]) VALUES (144, 5, 23, N'Motaz', NULL, N'7jSSw2bB', N'motaz@nikai.com', 1, N'SEMPL207')
INSERT [dbo].[Site_User] ([Site_User_Id], [Role_Id], [Location_Id], [Name], [Login_Name], [Password], [Email], [Status], [Employee_Code]) VALUES (145, 2, 23, N'Mujeeb', NULL, N'nikksa', N'mujeeb@nikai.com', 1, N'SEMPL001')
INSERT [dbo].[Site_User] ([Site_User_Id], [Role_Id], [Location_Id], [Name], [Login_Name], [Password], [Email], [Status], [Employee_Code]) VALUES (146, 2, 23, N'NASSIM', NULL, N'BmuN96rQ', N'nassim@nikai.com', 1, N'SEMPL527')
INSERT [dbo].[Site_User] ([Site_User_Id], [Role_Id], [Location_Id], [Name], [Login_Name], [Password], [Email], [Status], [Employee_Code]) VALUES (147, 4, 14, N'Mazhar', NULL, N'masi@5610', N'mazhar@nikai.com', 1, N'')
SET IDENTITY_INSERT [dbo].[Site_User] OFF
/****** Object:  Table [dbo].[RoleRights]    Script Date: 09/30/2013 17:11:47 ******/
SET ANSI_NULLS ON
GO
SET QUOTED_IDENTIFIER ON
GO
CREATE TABLE [dbo].[RoleRights](
	[RightsId] [int] IDENTITY(1,1) NOT NULL,
	[RoleId] [int] NOT NULL,
	[MenuId] [int] NOT NULL,
	[AccessType] [int] NOT NULL,
 CONSTRAINT [PKRoleRights] PRIMARY KEY CLUSTERED 
(
	[RightsId] ASC
)WITH (PAD_INDEX  = OFF, STATISTICS_NORECOMPUTE  = OFF, IGNORE_DUP_KEY = OFF, ALLOW_ROW_LOCKS  = ON, ALLOW_PAGE_LOCKS  = ON) ON [PRIMARY]
) ON [PRIMARY]
GO
SET IDENTITY_INSERT [dbo].[RoleRights] ON
INSERT [dbo].[RoleRights] ([RightsId], [RoleId], [MenuId], [AccessType]) VALUES (35, 2, 7, 3)
INSERT [dbo].[RoleRights] ([RightsId], [RoleId], [MenuId], [AccessType]) VALUES (36, 2, 2, 3)
INSERT [dbo].[RoleRights] ([RightsId], [RoleId], [MenuId], [AccessType]) VALUES (37, 2, 8, 3)
INSERT [dbo].[RoleRights] ([RightsId], [RoleId], [MenuId], [AccessType]) VALUES (38, 2, 9, 3)
INSERT [dbo].[RoleRights] ([RightsId], [RoleId], [MenuId], [AccessType]) VALUES (39, 2, 10, 3)
INSERT [dbo].[RoleRights] ([RightsId], [RoleId], [MenuId], [AccessType]) VALUES (40, 2, 11, 3)
INSERT [dbo].[RoleRights] ([RightsId], [RoleId], [MenuId], [AccessType]) VALUES (42, 2, 8, 7)
INSERT [dbo].[RoleRights] ([RightsId], [RoleId], [MenuId], [AccessType]) VALUES (43, 2, 9, 7)
INSERT [dbo].[RoleRights] ([RightsId], [RoleId], [MenuId], [AccessType]) VALUES (44, 2, 10, 7)
INSERT [dbo].[RoleRights] ([RightsId], [RoleId], [MenuId], [AccessType]) VALUES (45, 3, 2, 3)
INSERT [dbo].[RoleRights] ([RightsId], [RoleId], [MenuId], [AccessType]) VALUES (46, 3, 7, 3)
INSERT [dbo].[RoleRights] ([RightsId], [RoleId], [MenuId], [AccessType]) VALUES (47, 3, 8, 3)
INSERT [dbo].[RoleRights] ([RightsId], [RoleId], [MenuId], [AccessType]) VALUES (48, 3, 9, 3)
INSERT [dbo].[RoleRights] ([RightsId], [RoleId], [MenuId], [AccessType]) VALUES (49, 3, 10, 3)
INSERT [dbo].[RoleRights] ([RightsId], [RoleId], [MenuId], [AccessType]) VALUES (50, 3, 11, 3)
INSERT [dbo].[RoleRights] ([RightsId], [RoleId], [MenuId], [AccessType]) VALUES (51, 3, 8, 7)
INSERT [dbo].[RoleRights] ([RightsId], [RoleId], [MenuId], [AccessType]) VALUES (52, 3, 9, 7)
INSERT [dbo].[RoleRights] ([RightsId], [RoleId], [MenuId], [AccessType]) VALUES (53, 3, 10, 7)
INSERT [dbo].[RoleRights] ([RightsId], [RoleId], [MenuId], [AccessType]) VALUES (54, 4, 2, 3)
INSERT [dbo].[RoleRights] ([RightsId], [RoleId], [MenuId], [AccessType]) VALUES (55, 4, 7, 3)
INSERT [dbo].[RoleRights] ([RightsId], [RoleId], [MenuId], [AccessType]) VALUES (56, 4, 8, 3)
INSERT [dbo].[RoleRights] ([RightsId], [RoleId], [MenuId], [AccessType]) VALUES (57, 4, 9, 3)
INSERT [dbo].[RoleRights] ([RightsId], [RoleId], [MenuId], [AccessType]) VALUES (63, 5, 10, 3)
INSERT [dbo].[RoleRights] ([RightsId], [RoleId], [MenuId], [AccessType]) VALUES (65, 5, 8, 7)
INSERT [dbo].[RoleRights] ([RightsId], [RoleId], [MenuId], [AccessType]) VALUES (66, 5, 9, 7)
INSERT [dbo].[RoleRights] ([RightsId], [RoleId], [MenuId], [AccessType]) VALUES (67, 5, 10, 7)
INSERT [dbo].[RoleRights] ([RightsId], [RoleId], [MenuId], [AccessType]) VALUES (69, 5, 12, 3)
INSERT [dbo].[RoleRights] ([RightsId], [RoleId], [MenuId], [AccessType]) VALUES (70, 5, 13, 3)
INSERT [dbo].[RoleRights] ([RightsId], [RoleId], [MenuId], [AccessType]) VALUES (71, 5, 13, 5)
INSERT [dbo].[RoleRights] ([RightsId], [RoleId], [MenuId], [AccessType]) VALUES (80, 5, 13, 7)
INSERT [dbo].[RoleRights] ([RightsId], [RoleId], [MenuId], [AccessType]) VALUES (81, 1, 1, 3)
INSERT [dbo].[RoleRights] ([RightsId], [RoleId], [MenuId], [AccessType]) VALUES (82, 1, 2, 3)
INSERT [dbo].[RoleRights] ([RightsId], [RoleId], [MenuId], [AccessType]) VALUES (83, 1, 3, 3)
INSERT [dbo].[RoleRights] ([RightsId], [RoleId], [MenuId], [AccessType]) VALUES (84, 1, 4, 3)
INSERT [dbo].[RoleRights] ([RightsId], [RoleId], [MenuId], [AccessType]) VALUES (85, 1, 6, 3)
INSERT [dbo].[RoleRights] ([RightsId], [RoleId], [MenuId], [AccessType]) VALUES (87, 1, 5, 3)
INSERT [dbo].[RoleRights] ([RightsId], [RoleId], [MenuId], [AccessType]) VALUES (89, 1, 8, 3)
INSERT [dbo].[RoleRights] ([RightsId], [RoleId], [MenuId], [AccessType]) VALUES (90, 1, 9, 3)
INSERT [dbo].[RoleRights] ([RightsId], [RoleId], [MenuId], [AccessType]) VALUES (91, 1, 10, 3)
INSERT [dbo].[RoleRights] ([RightsId], [RoleId], [MenuId], [AccessType]) VALUES (93, 4, 11, 3)
INSERT [dbo].[RoleRights] ([RightsId], [RoleId], [MenuId], [AccessType]) VALUES (94, 4, 10, 3)
SET IDENTITY_INSERT [dbo].[RoleRights] OFF
/****** Object:  Table [dbo].[MenuRolePages]    Script Date: 09/30/2013 17:11:47 ******/
SET ANSI_NULLS ON
GO
SET QUOTED_IDENTIFIER ON
GO
SET ANSI_PADDING ON
GO
CREATE TABLE [dbo].[MenuRolePages](
	[MenuRoleId] [int] IDENTITY(1,1) NOT NULL,
	[MenuId] [int] NOT NULL,
	[RoleId] [int] NOT NULL,
	[PageUrl] [varchar](200) NOT NULL,
 CONSTRAINT [PKMenuRolePages] PRIMARY KEY CLUSTERED 
(
	[MenuRoleId] ASC
)WITH (PAD_INDEX  = OFF, STATISTICS_NORECOMPUTE  = OFF, IGNORE_DUP_KEY = OFF, ALLOW_ROW_LOCKS  = ON, ALLOW_PAGE_LOCKS  = ON) ON [PRIMARY]
) ON [PRIMARY]
GO
SET ANSI_PADDING OFF
GO
SET IDENTITY_INSERT [dbo].[MenuRolePages] ON
INSERT [dbo].[MenuRolePages] ([MenuRoleId], [MenuId], [RoleId], [PageUrl]) VALUES (16, 7, 2, N'~/Admin/LandingPageAdmin.aspx')
INSERT [dbo].[MenuRolePages] ([MenuRoleId], [MenuId], [RoleId], [PageUrl]) VALUES (18, 8, 2, N'~/Manager/TeamReport.aspx')
INSERT [dbo].[MenuRolePages] ([MenuRoleId], [MenuId], [RoleId], [PageUrl]) VALUES (19, 9, 2, N'~/Manager/SalesPersonReport.aspx')
INSERT [dbo].[MenuRolePages] ([MenuRoleId], [MenuId], [RoleId], [PageUrl]) VALUES (20, 10, 2, N'~/Manager/SummaryDayReport.aspx')
INSERT [dbo].[MenuRolePages] ([MenuRoleId], [MenuId], [RoleId], [PageUrl]) VALUES (24, 7, 3, N'~/Admin/LandingPageAdmin.aspx')
INSERT [dbo].[MenuRolePages] ([MenuRoleId], [MenuId], [RoleId], [PageUrl]) VALUES (25, 8, 3, N'~/Manager/TeamReport.aspx')
INSERT [dbo].[MenuRolePages] ([MenuRoleId], [MenuId], [RoleId], [PageUrl]) VALUES (26, 9, 3, N'~/Manager/SalesPersonReport.aspx')
INSERT [dbo].[MenuRolePages] ([MenuRoleId], [MenuId], [RoleId], [PageUrl]) VALUES (27, 10, 3, N'~/Manager/SummaryDayReport.aspx')
INSERT [dbo].[MenuRolePages] ([MenuRoleId], [MenuId], [RoleId], [PageUrl]) VALUES (28, 7, 4, N'~/Admin/LandingPageAdmin.aspx')
INSERT [dbo].[MenuRolePages] ([MenuRoleId], [MenuId], [RoleId], [PageUrl]) VALUES (29, 8, 4, N'~/Manager/TeamReport.aspx')
INSERT [dbo].[MenuRolePages] ([MenuRoleId], [MenuId], [RoleId], [PageUrl]) VALUES (30, 9, 4, N'~/Manager/SalesPersonReport.aspx')
INSERT [dbo].[MenuRolePages] ([MenuRoleId], [MenuId], [RoleId], [PageUrl]) VALUES (31, 10, 4, N'~/Manager/SummaryDayReport.aspx')
INSERT [dbo].[MenuRolePages] ([MenuRoleId], [MenuId], [RoleId], [PageUrl]) VALUES (32, 11, 4, N'~/Manager/ChangeReportees.aspx')
INSERT [dbo].[MenuRolePages] ([MenuRoleId], [MenuId], [RoleId], [PageUrl]) VALUES (33, 12, 5, N'~/Executive/LandingPageExecutive.aspx')
INSERT [dbo].[MenuRolePages] ([MenuRoleId], [MenuId], [RoleId], [PageUrl]) VALUES (36, 13, 5, N'~/Executive/DSRReport.aspx')
INSERT [dbo].[MenuRolePages] ([MenuRoleId], [MenuId], [RoleId], [PageUrl]) VALUES (38, 7, 6, N'~/Admin/LandingPageAdmin.aspx')
INSERT [dbo].[MenuRolePages] ([MenuRoleId], [MenuId], [RoleId], [PageUrl]) VALUES (39, 8, 6, N'~/Manager/TeamReport.aspx')
INSERT [dbo].[MenuRolePages] ([MenuRoleId], [MenuId], [RoleId], [PageUrl]) VALUES (41, 9, 6, N'~/Manager/SalesPersonReport.aspx')
INSERT [dbo].[MenuRolePages] ([MenuRoleId], [MenuId], [RoleId], [PageUrl]) VALUES (43, 6, 1, N'~/Admin/Target.aspx')
INSERT [dbo].[MenuRolePages] ([MenuRoleId], [MenuId], [RoleId], [PageUrl]) VALUES (44, 3, 1, N'#')
INSERT [dbo].[MenuRolePages] ([MenuRoleId], [MenuId], [RoleId], [PageUrl]) VALUES (45, 4, 1, N'~/Admin/Customer.aspx')
INSERT [dbo].[MenuRolePages] ([MenuRoleId], [MenuId], [RoleId], [PageUrl]) VALUES (47, 8, 1, N'~/Manager/TeamReport.aspx')
INSERT [dbo].[MenuRolePages] ([MenuRoleId], [MenuId], [RoleId], [PageUrl]) VALUES (49, 9, 1, N'~/Manager/SalesPersonReport.aspx')
INSERT [dbo].[MenuRolePages] ([MenuRoleId], [MenuId], [RoleId], [PageUrl]) VALUES (51, 10, 1, N'~/Manager/SummaryDayReport.aspx')
INSERT [dbo].[MenuRolePages] ([MenuRoleId], [MenuId], [RoleId], [PageUrl]) VALUES (52, 2, 1, N'#')
INSERT [dbo].[MenuRolePages] ([MenuRoleId], [MenuId], [RoleId], [PageUrl]) VALUES (54, 5, 1, N'~/Admin/Users.aspx')
INSERT [dbo].[MenuRolePages] ([MenuRoleId], [MenuId], [RoleId], [PageUrl]) VALUES (57, 1, 1, N'~/Admin/LandingPageAdmin.aspx')
INSERT [dbo].[MenuRolePages] ([MenuRoleId], [MenuId], [RoleId], [PageUrl]) VALUES (59, 11, 3, N'~/Manager/ChangeReportees.aspx')
INSERT [dbo].[MenuRolePages] ([MenuRoleId], [MenuId], [RoleId], [PageUrl]) VALUES (60, 11, 2, N'~/Manager/ChangeReportees.aspx')
SET IDENTITY_INSERT [dbo].[MenuRolePages] OFF
/****** Object:  Table [dbo].[MenuAccess]    Script Date: 09/30/2013 17:11:47 ******/
SET ANSI_NULLS ON
GO
SET QUOTED_IDENTIFIER ON
GO
CREATE TABLE [dbo].[MenuAccess](
	[MenuAccessId] [int] IDENTITY(1,1) NOT NULL,
	[MenuId] [int] NOT NULL,
	[AccessType] [int] NOT NULL,
 CONSTRAINT [PKMenuAccess] PRIMARY KEY CLUSTERED 
(
	[MenuAccessId] ASC
)WITH (PAD_INDEX  = OFF, STATISTICS_NORECOMPUTE  = OFF, IGNORE_DUP_KEY = OFF, ALLOW_ROW_LOCKS  = ON, ALLOW_PAGE_LOCKS  = ON) ON [PRIMARY]
) ON [PRIMARY]
GO
SET IDENTITY_INSERT [dbo].[MenuAccess] ON
INSERT [dbo].[MenuAccess] ([MenuAccessId], [MenuId], [AccessType]) VALUES (1, 1, 3)
INSERT [dbo].[MenuAccess] ([MenuAccessId], [MenuId], [AccessType]) VALUES (2, 2, 3)
INSERT [dbo].[MenuAccess] ([MenuAccessId], [MenuId], [AccessType]) VALUES (3, 3, 3)
INSERT [dbo].[MenuAccess] ([MenuAccessId], [MenuId], [AccessType]) VALUES (4, 4, 3)
INSERT [dbo].[MenuAccess] ([MenuAccessId], [MenuId], [AccessType]) VALUES (5, 4, 4)
INSERT [dbo].[MenuAccess] ([MenuAccessId], [MenuId], [AccessType]) VALUES (6, 4, 5)
INSERT [dbo].[MenuAccess] ([MenuAccessId], [MenuId], [AccessType]) VALUES (7, 4, 6)
INSERT [dbo].[MenuAccess] ([MenuAccessId], [MenuId], [AccessType]) VALUES (8, 4, 7)
INSERT [dbo].[MenuAccess] ([MenuAccessId], [MenuId], [AccessType]) VALUES (9, 5, 3)
INSERT [dbo].[MenuAccess] ([MenuAccessId], [MenuId], [AccessType]) VALUES (10, 5, 4)
INSERT [dbo].[MenuAccess] ([MenuAccessId], [MenuId], [AccessType]) VALUES (11, 5, 5)
INSERT [dbo].[MenuAccess] ([MenuAccessId], [MenuId], [AccessType]) VALUES (12, 5, 6)
INSERT [dbo].[MenuAccess] ([MenuAccessId], [MenuId], [AccessType]) VALUES (13, 5, 7)
INSERT [dbo].[MenuAccess] ([MenuAccessId], [MenuId], [AccessType]) VALUES (15, 6, 3)
INSERT [dbo].[MenuAccess] ([MenuAccessId], [MenuId], [AccessType]) VALUES (16, 6, 4)
INSERT [dbo].[MenuAccess] ([MenuAccessId], [MenuId], [AccessType]) VALUES (18, 6, 5)
INSERT [dbo].[MenuAccess] ([MenuAccessId], [MenuId], [AccessType]) VALUES (19, 6, 6)
INSERT [dbo].[MenuAccess] ([MenuAccessId], [MenuId], [AccessType]) VALUES (22, 6, 7)
INSERT [dbo].[MenuAccess] ([MenuAccessId], [MenuId], [AccessType]) VALUES (24, 7, 3)
INSERT [dbo].[MenuAccess] ([MenuAccessId], [MenuId], [AccessType]) VALUES (25, 8, 3)
INSERT [dbo].[MenuAccess] ([MenuAccessId], [MenuId], [AccessType]) VALUES (28, 8, 7)
INSERT [dbo].[MenuAccess] ([MenuAccessId], [MenuId], [AccessType]) VALUES (29, 9, 3)
INSERT [dbo].[MenuAccess] ([MenuAccessId], [MenuId], [AccessType]) VALUES (34, 9, 7)
INSERT [dbo].[MenuAccess] ([MenuAccessId], [MenuId], [AccessType]) VALUES (35, 10, 3)
INSERT [dbo].[MenuAccess] ([MenuAccessId], [MenuId], [AccessType]) VALUES (36, 10, 7)
INSERT [dbo].[MenuAccess] ([MenuAccessId], [MenuId], [AccessType]) VALUES (39, 13, 3)
INSERT [dbo].[MenuAccess] ([MenuAccessId], [MenuId], [AccessType]) VALUES (40, 10, 4)
SET IDENTITY_INSERT [dbo].[MenuAccess] OFF
/****** Object:  StoredProcedure [dbo].[UpdateLocation]    Script Date: 09/30/2013 17:14:08 ******/
SET ANSI_NULLS ON
GO
SET QUOTED_IDENTIFIER ON
GO
-- =============================================
-- Author:		Prashant
-- Description:	Update Location 
-- =============================================
CREATE PROCEDURE [dbo].[UpdateLocation]
	@Location_Id int = NULL,
	@Location_Name nvarchar(50),
	@Region_Id int = NULL
AS
BEGIN
	Update Location
	set Location_Name = @Location_Name
	where Location_Id = @Location_Id OR @Location_Id IS NULL
	AND   Region_Id = @Region_Id OR @Region_Id IS NULL
END
GO
/****** Object:  Table [dbo].[Target]    Script Date: 09/30/2013 17:11:47 ******/
SET ANSI_NULLS ON
GO
SET QUOTED_IDENTIFIER ON
GO
CREATE TABLE [dbo].[Target](
	[Target_Id] [int] IDENTITY(1,1) NOT NULL,
	[Month] [int] NOT NULL,
	[Year] [int] NOT NULL,
	[Site_User_Id] [int] NOT NULL,
	[Sales] [int] NULL,
	[Collection] [int] NULL,
	[Secondary_Sales] [int] NULL,
 CONSTRAINT [PK_Target] PRIMARY KEY CLUSTERED 
(
	[Target_Id] ASC
)WITH (PAD_INDEX  = OFF, STATISTICS_NORECOMPUTE  = OFF, IGNORE_DUP_KEY = OFF, ALLOW_ROW_LOCKS  = ON, ALLOW_PAGE_LOCKS  = ON) ON [PRIMARY]
) ON [PRIMARY]
GO
SET IDENTITY_INSERT [dbo].[Target] ON
INSERT [dbo].[Target] ([Target_Id], [Month], [Year], [Site_User_Id], [Sales], [Collection], [Secondary_Sales]) VALUES (1, 1, 2013, 49, 0, 0, 0)
INSERT [dbo].[Target] ([Target_Id], [Month], [Year], [Site_User_Id], [Sales], [Collection], [Secondary_Sales]) VALUES (2, 2, 2013, 49, 0, 0, 0)
INSERT [dbo].[Target] ([Target_Id], [Month], [Year], [Site_User_Id], [Sales], [Collection], [Secondary_Sales]) VALUES (3, 3, 2013, 49, 0, 0, 0)
INSERT [dbo].[Target] ([Target_Id], [Month], [Year], [Site_User_Id], [Sales], [Collection], [Secondary_Sales]) VALUES (4, 4, 2013, 49, 0, 0, 0)
INSERT [dbo].[Target] ([Target_Id], [Month], [Year], [Site_User_Id], [Sales], [Collection], [Secondary_Sales]) VALUES (5, 5, 2013, 49, 0, 0, 0)
INSERT [dbo].[Target] ([Target_Id], [Month], [Year], [Site_User_Id], [Sales], [Collection], [Secondary_Sales]) VALUES (6, 6, 2013, 49, 0, 0, 0)
INSERT [dbo].[Target] ([Target_Id], [Month], [Year], [Site_User_Id], [Sales], [Collection], [Secondary_Sales]) VALUES (7, 7, 2013, 49, 150000, 150000, 150000)
INSERT [dbo].[Target] ([Target_Id], [Month], [Year], [Site_User_Id], [Sales], [Collection], [Secondary_Sales]) VALUES (8, 8, 2013, 49, 100000, 100000, 100000)
INSERT [dbo].[Target] ([Target_Id], [Month], [Year], [Site_User_Id], [Sales], [Collection], [Secondary_Sales]) VALUES (9, 9, 2013, 49, 100000, 100000, 100000)
INSERT [dbo].[Target] ([Target_Id], [Month], [Year], [Site_User_Id], [Sales], [Collection], [Secondary_Sales]) VALUES (10, 10, 2013, 49, 0, 0, 0)
INSERT [dbo].[Target] ([Target_Id], [Month], [Year], [Site_User_Id], [Sales], [Collection], [Secondary_Sales]) VALUES (11, 11, 2013, 49, 0, 0, 0)
INSERT [dbo].[Target] ([Target_Id], [Month], [Year], [Site_User_Id], [Sales], [Collection], [Secondary_Sales]) VALUES (12, 12, 2013, 49, 0, 0, 0)
SET IDENTITY_INSERT [dbo].[Target] OFF
/****** Object:  View [dbo].[UserRoleLocationRegionCountryView]    Script Date: 09/30/2013 17:11:57 ******/
SET ANSI_NULLS ON
GO
SET QUOTED_IDENTIFIER ON
GO
CREATE VIEW [dbo].[UserRoleLocationRegionCountryView]
AS
SELECT     dbo.Site_User.Site_User_Id, dbo.Site_User.Name, dbo.Site_User.Email, dbo.Site_User.Status, dbo.Role.Role_Id, dbo.Role.Role_Name, dbo.Location.Location_Id, 
                      dbo.Location.Location_Name, dbo.Region.Region_Id, dbo.Region.Region_Name, dbo.Country.Country_Id, dbo.Country.Country_Name
FROM         dbo.Site_User INNER JOIN
                      dbo.Location ON dbo.Site_User.Location_Id = dbo.Location.Location_Id INNER JOIN
                      dbo.Region ON dbo.Location.Region_Id = dbo.Region.Region_Id INNER JOIN
                      dbo.Country ON dbo.Region.Country_Id = dbo.Country.Country_Id INNER JOIN
                      dbo.Role ON dbo.Site_User.Role_Id = dbo.Role.Role_Id
GO
EXEC sys.sp_addextendedproperty @name=N'MS_DiagramPane1', @value=N'[0E232FF0-B466-11cf-A24F-00AA00A3EFFF, 1.00]
Begin DesignProperties = 
   Begin PaneConfigurations = 
      Begin PaneConfiguration = 0
         NumPanes = 4
         Configuration = "(H (1[40] 4[20] 2[20] 3) )"
      End
      Begin PaneConfiguration = 1
         NumPanes = 3
         Configuration = "(H (1 [50] 4 [25] 3))"
      End
      Begin PaneConfiguration = 2
         NumPanes = 3
         Configuration = "(H (1 [50] 2 [25] 3))"
      End
      Begin PaneConfiguration = 3
         NumPanes = 3
         Configuration = "(H (4 [30] 2 [40] 3))"
      End
      Begin PaneConfiguration = 4
         NumPanes = 2
         Configuration = "(H (1 [56] 3))"
      End
      Begin PaneConfiguration = 5
         NumPanes = 2
         Configuration = "(H (2 [66] 3))"
      End
      Begin PaneConfiguration = 6
         NumPanes = 2
         Configuration = "(H (4 [50] 3))"
      End
      Begin PaneConfiguration = 7
         NumPanes = 1
         Configuration = "(V (3))"
      End
      Begin PaneConfiguration = 8
         NumPanes = 3
         Configuration = "(H (1[56] 4[18] 2) )"
      End
      Begin PaneConfiguration = 9
         NumPanes = 2
         Configuration = "(H (1 [75] 4))"
      End
      Begin PaneConfiguration = 10
         NumPanes = 2
         Configuration = "(H (1[66] 2) )"
      End
      Begin PaneConfiguration = 11
         NumPanes = 2
         Configuration = "(H (4 [60] 2))"
      End
      Begin PaneConfiguration = 12
         NumPanes = 1
         Configuration = "(H (1) )"
      End
      Begin PaneConfiguration = 13
         NumPanes = 1
         Configuration = "(V (4))"
      End
      Begin PaneConfiguration = 14
         NumPanes = 1
         Configuration = "(V (2))"
      End
      ActivePaneConfig = 0
   End
   Begin DiagramPane = 
      Begin Origin = 
         Top = 0
         Left = 0
      End
      Begin Tables = 
         Begin Table = "Site_User"
            Begin Extent = 
               Top = 6
               Left = 38
               Bottom = 208
               Right = 204
            End
            DisplayFlags = 280
            TopColumn = 0
         End
         Begin Table = "Location"
            Begin Extent = 
               Top = 6
               Left = 242
               Bottom = 110
               Right = 404
            End
            DisplayFlags = 280
            TopColumn = 0
         End
         Begin Table = "Region"
            Begin Extent = 
               Top = 6
               Left = 442
               Bottom = 110
               Right = 602
            End
            DisplayFlags = 280
            TopColumn = 0
         End
         Begin Table = "Country"
            Begin Extent = 
               Top = 6
               Left = 640
               Bottom = 95
               Right = 801
            End
            DisplayFlags = 280
            TopColumn = 0
         End
         Begin Table = "Role"
            Begin Extent = 
               Top = 155
               Left = 238
               Bottom = 244
               Right = 398
            End
            DisplayFlags = 280
            TopColumn = 0
         End
      End
   End
   Begin SQLPane = 
   End
   Begin DataPane = 
      Begin ParameterDefaults = ""
      End
   End
   Begin CriteriaPane = 
      Begin ColumnWidths = 11
         Column = 1440
         Alias = 900
         Table = 1170
         Output = 720
         Append = 1400
         NewValue = 1170
         SortType = 1350
         SortOrder = 1410
         GroupBy = 1350
         Filter = 1350
         Or = 1350
         Or = 1350
         Or = 1350
  ' , @level0type=N'SCHEMA',@level0name=N'dbo', @level1type=N'VIEW',@level1name=N'UserRoleLocationRegionCountryView'
GO
EXEC sys.sp_addextendedproperty @name=N'MS_DiagramPane2', @value=N'    End
   End
End
' , @level0type=N'SCHEMA',@level0name=N'dbo', @level1type=N'VIEW',@level1name=N'UserRoleLocationRegionCountryView'
GO
EXEC sys.sp_addextendedproperty @name=N'MS_DiagramPaneCount', @value=2 , @level0type=N'SCHEMA',@level0name=N'dbo', @level1type=N'VIEW',@level1name=N'UserRoleLocationRegionCountryView'
GO
/****** Object:  Table [dbo].[User_Language]    Script Date: 09/30/2013 17:11:47 ******/
SET ANSI_NULLS ON
GO
SET QUOTED_IDENTIFIER ON
GO
CREATE TABLE [dbo].[User_Language](
	[User_Language_Id] [int] IDENTITY(1,1) NOT NULL,
	[Site_User_Id] [int] NOT NULL,
	[Language_Id] [int] NOT NULL,
 CONSTRAINT [PK_User_Language] PRIMARY KEY CLUSTERED 
(
	[User_Language_Id] ASC
)WITH (PAD_INDEX  = OFF, STATISTICS_NORECOMPUTE  = OFF, IGNORE_DUP_KEY = OFF, ALLOW_ROW_LOCKS  = ON, ALLOW_PAGE_LOCKS  = ON) ON [PRIMARY]
) ON [PRIMARY]
GO
SET IDENTITY_INSERT [dbo].[User_Language] ON
INSERT [dbo].[User_Language] ([User_Language_Id], [Site_User_Id], [Language_Id]) VALUES (2, 60, 27)
INSERT [dbo].[User_Language] ([User_Language_Id], [Site_User_Id], [Language_Id]) VALUES (3, 76, 27)
INSERT [dbo].[User_Language] ([User_Language_Id], [Site_User_Id], [Language_Id]) VALUES (5, 77, 27)
INSERT [dbo].[User_Language] ([User_Language_Id], [Site_User_Id], [Language_Id]) VALUES (6, 78, 27)
INSERT [dbo].[User_Language] ([User_Language_Id], [Site_User_Id], [Language_Id]) VALUES (7, 79, 27)
INSERT [dbo].[User_Language] ([User_Language_Id], [Site_User_Id], [Language_Id]) VALUES (8, 80, 27)
INSERT [dbo].[User_Language] ([User_Language_Id], [Site_User_Id], [Language_Id]) VALUES (9, 81, 27)
INSERT [dbo].[User_Language] ([User_Language_Id], [Site_User_Id], [Language_Id]) VALUES (10, 82, 27)
INSERT [dbo].[User_Language] ([User_Language_Id], [Site_User_Id], [Language_Id]) VALUES (11, 83, 27)
INSERT [dbo].[User_Language] ([User_Language_Id], [Site_User_Id], [Language_Id]) VALUES (12, 84, 27)
INSERT [dbo].[User_Language] ([User_Language_Id], [Site_User_Id], [Language_Id]) VALUES (13, 86, 27)
INSERT [dbo].[User_Language] ([User_Language_Id], [Site_User_Id], [Language_Id]) VALUES (14, 87, 27)
INSERT [dbo].[User_Language] ([User_Language_Id], [Site_User_Id], [Language_Id]) VALUES (15, 93, 27)
INSERT [dbo].[User_Language] ([User_Language_Id], [Site_User_Id], [Language_Id]) VALUES (16, 94, 27)
INSERT [dbo].[User_Language] ([User_Language_Id], [Site_User_Id], [Language_Id]) VALUES (17, 95, 27)
INSERT [dbo].[User_Language] ([User_Language_Id], [Site_User_Id], [Language_Id]) VALUES (18, 97, 27)
INSERT [dbo].[User_Language] ([User_Language_Id], [Site_User_Id], [Language_Id]) VALUES (19, 98, 26)
INSERT [dbo].[User_Language] ([User_Language_Id], [Site_User_Id], [Language_Id]) VALUES (20, 99, 27)
INSERT [dbo].[User_Language] ([User_Language_Id], [Site_User_Id], [Language_Id]) VALUES (21, 100, 27)
INSERT [dbo].[User_Language] ([User_Language_Id], [Site_User_Id], [Language_Id]) VALUES (22, 101, 27)
INSERT [dbo].[User_Language] ([User_Language_Id], [Site_User_Id], [Language_Id]) VALUES (23, 102, 27)
INSERT [dbo].[User_Language] ([User_Language_Id], [Site_User_Id], [Language_Id]) VALUES (24, 104, 27)
INSERT [dbo].[User_Language] ([User_Language_Id], [Site_User_Id], [Language_Id]) VALUES (25, 105, 27)
INSERT [dbo].[User_Language] ([User_Language_Id], [Site_User_Id], [Language_Id]) VALUES (26, 106, 27)
INSERT [dbo].[User_Language] ([User_Language_Id], [Site_User_Id], [Language_Id]) VALUES (27, 107, 27)
INSERT [dbo].[User_Language] ([User_Language_Id], [Site_User_Id], [Language_Id]) VALUES (28, 109, 27)
INSERT [dbo].[User_Language] ([User_Language_Id], [Site_User_Id], [Language_Id]) VALUES (29, 111, 27)
INSERT [dbo].[User_Language] ([User_Language_Id], [Site_User_Id], [Language_Id]) VALUES (30, 112, 27)
INSERT [dbo].[User_Language] ([User_Language_Id], [Site_User_Id], [Language_Id]) VALUES (31, 113, 27)
INSERT [dbo].[User_Language] ([User_Language_Id], [Site_User_Id], [Language_Id]) VALUES (32, 114, 27)
INSERT [dbo].[User_Language] ([User_Language_Id], [Site_User_Id], [Language_Id]) VALUES (33, 116, 27)
INSERT [dbo].[User_Language] ([User_Language_Id], [Site_User_Id], [Language_Id]) VALUES (34, 117, 27)
INSERT [dbo].[User_Language] ([User_Language_Id], [Site_User_Id], [Language_Id]) VALUES (35, 118, 27)
INSERT [dbo].[User_Language] ([User_Language_Id], [Site_User_Id], [Language_Id]) VALUES (36, 119, 27)
INSERT [dbo].[User_Language] ([User_Language_Id], [Site_User_Id], [Language_Id]) VALUES (37, 122, 27)
INSERT [dbo].[User_Language] ([User_Language_Id], [Site_User_Id], [Language_Id]) VALUES (38, 123, 27)
INSERT [dbo].[User_Language] ([User_Language_Id], [Site_User_Id], [Language_Id]) VALUES (39, 49, 26)
INSERT [dbo].[User_Language] ([User_Language_Id], [Site_User_Id], [Language_Id]) VALUES (40, 72, 26)
INSERT [dbo].[User_Language] ([User_Language_Id], [Site_User_Id], [Language_Id]) VALUES (41, 124, 26)
INSERT [dbo].[User_Language] ([User_Language_Id], [Site_User_Id], [Language_Id]) VALUES (42, 36, 27)
INSERT [dbo].[User_Language] ([User_Language_Id], [Site_User_Id], [Language_Id]) VALUES (43, 38, 26)
INSERT [dbo].[User_Language] ([User_Language_Id], [Site_User_Id], [Language_Id]) VALUES (44, 42, 26)
INSERT [dbo].[User_Language] ([User_Language_Id], [Site_User_Id], [Language_Id]) VALUES (45, 53, 26)
INSERT [dbo].[User_Language] ([User_Language_Id], [Site_User_Id], [Language_Id]) VALUES (46, 52, 26)
INSERT [dbo].[User_Language] ([User_Language_Id], [Site_User_Id], [Language_Id]) VALUES (47, 40, 26)
INSERT [dbo].[User_Language] ([User_Language_Id], [Site_User_Id], [Language_Id]) VALUES (48, 69, 26)
INSERT [dbo].[User_Language] ([User_Language_Id], [Site_User_Id], [Language_Id]) VALUES (49, 41, 26)
INSERT [dbo].[User_Language] ([User_Language_Id], [Site_User_Id], [Language_Id]) VALUES (50, 39, 26)
INSERT [dbo].[User_Language] ([User_Language_Id], [Site_User_Id], [Language_Id]) VALUES (51, 44, 26)
INSERT [dbo].[User_Language] ([User_Language_Id], [Site_User_Id], [Language_Id]) VALUES (52, 45, 26)
INSERT [dbo].[User_Language] ([User_Language_Id], [Site_User_Id], [Language_Id]) VALUES (53, 62, 26)
INSERT [dbo].[User_Language] ([User_Language_Id], [Site_User_Id], [Language_Id]) VALUES (54, 73, 26)
INSERT [dbo].[User_Language] ([User_Language_Id], [Site_User_Id], [Language_Id]) VALUES (55, 125, 26)
INSERT [dbo].[User_Language] ([User_Language_Id], [Site_User_Id], [Language_Id]) VALUES (56, 126, 26)
INSERT [dbo].[User_Language] ([User_Language_Id], [Site_User_Id], [Language_Id]) VALUES (57, 127, 26)
INSERT [dbo].[User_Language] ([User_Language_Id], [Site_User_Id], [Language_Id]) VALUES (58, 128, 26)
INSERT [dbo].[User_Language] ([User_Language_Id], [Site_User_Id], [Language_Id]) VALUES (59, 129, 26)
INSERT [dbo].[User_Language] ([User_Language_Id], [Site_User_Id], [Language_Id]) VALUES (60, 130, 26)
INSERT [dbo].[User_Language] ([User_Language_Id], [Site_User_Id], [Language_Id]) VALUES (61, 131, 26)
INSERT [dbo].[User_Language] ([User_Language_Id], [Site_User_Id], [Language_Id]) VALUES (62, 132, 26)
INSERT [dbo].[User_Language] ([User_Language_Id], [Site_User_Id], [Language_Id]) VALUES (63, 133, 26)
INSERT [dbo].[User_Language] ([User_Language_Id], [Site_User_Id], [Language_Id]) VALUES (64, 134, 26)
INSERT [dbo].[User_Language] ([User_Language_Id], [Site_User_Id], [Language_Id]) VALUES (65, 135, 26)
INSERT [dbo].[User_Language] ([User_Language_Id], [Site_User_Id], [Language_Id]) VALUES (66, 136, 26)
INSERT [dbo].[User_Language] ([User_Language_Id], [Site_User_Id], [Language_Id]) VALUES (67, 137, 26)
INSERT [dbo].[User_Language] ([User_Language_Id], [Site_User_Id], [Language_Id]) VALUES (68, 138, 26)
INSERT [dbo].[User_Language] ([User_Language_Id], [Site_User_Id], [Language_Id]) VALUES (69, 139, 26)
INSERT [dbo].[User_Language] ([User_Language_Id], [Site_User_Id], [Language_Id]) VALUES (70, 140, 26)
INSERT [dbo].[User_Language] ([User_Language_Id], [Site_User_Id], [Language_Id]) VALUES (71, 141, 26)
INSERT [dbo].[User_Language] ([User_Language_Id], [Site_User_Id], [Language_Id]) VALUES (72, 142, 26)
INSERT [dbo].[User_Language] ([User_Language_Id], [Site_User_Id], [Language_Id]) VALUES (73, 143, 26)
INSERT [dbo].[User_Language] ([User_Language_Id], [Site_User_Id], [Language_Id]) VALUES (74, 144, 26)
INSERT [dbo].[User_Language] ([User_Language_Id], [Site_User_Id], [Language_Id]) VALUES (75, 145, 26)
INSERT [dbo].[User_Language] ([User_Language_Id], [Site_User_Id], [Language_Id]) VALUES (76, 146, 26)
INSERT [dbo].[User_Language] ([User_Language_Id], [Site_User_Id], [Language_Id]) VALUES (77, 147, 26)
SET IDENTITY_INSERT [dbo].[User_Language] OFF
/****** Object:  StoredProcedure [dbo].[InsertUpdateSiteUser]    Script Date: 09/30/2013 17:14:05 ******/
SET ANSI_NULLS ON
GO
SET QUOTED_IDENTIFIER ON
GO
-- =============================================
-- Author:		Prashant
-- Description:	Insert Update Site User 
-- =============================================
Create PROCEDURE [dbo].[InsertUpdateSiteUser]
	@Site_User_Id int,
	@Role_Id int,
	@Location_Id int,
	@Name nvarchar(50),
	@Login_Name nvarchar(50),
	@Passsword nvarchar(50),
	@Email nvarchar(50),
	@Status bit,
	@Employee_Code nvarchar(50)
AS
BEGIN
	MERGE Site_User AS target
    USING (SELECT @Site_User_Id, @Role_Id, @Location_Id, @Name, @Login_Name, @Passsword, @Email, @Status, @Employee_Code) 
    AS source (Site_User_Id, Role_Id, Location_Id, Name, Login_Name, Passsword, Email, Status, Employee_Code)
    ON (target.Site_User_Id = source.Site_User_Id)
    WHEN MATCHED THEN 
        UPDATE SET	Role_Id = source.Role_Id,
					Location_Id = source.Location_Id,
					Name = source.Name,
					Login_Name = source.Login_Name,
					Password = source.Passsword,
					Email = source.Email,
					Status = source.Status,
					Employee_Code = source.Employee_Code
	WHEN NOT MATCHED THEN	
	    insert 
		values( source.Role_Id, 
				source.Location_Id, 
				source.Name, 
				source.Login_Name, 
				source.Passsword, 
				source.Email, 
				source.Status, 
				source.Employee_Code);
END
GO
/****** Object:  StoredProcedure [dbo].[GetSiteUser]    Script Date: 09/30/2013 17:13:57 ******/
SET ANSI_NULLS ON
GO
SET QUOTED_IDENTIFIER ON
GO
-- =============================================
-- Author:		Prashant
-- Description:	Get Site_User 
-- =============================================
CREATE PROCEDURE [dbo].[GetSiteUser]
	@Site_User_Id int = NULL,
	@Role_Id int = NULL,
	@Location_Id int = NULL,
	@Login_Name nvarchar(50) = NULL,
	@Email nvarchar(50) = NULL
AS
BEGIN
	Select * from Site_User 
	where (Site_User_Id = @Site_User_Id  OR @Site_User_Id IS NULL)
	AND   (Role_Id = @Role_Id  OR @Role_Id IS NULL)
	AND   (Location_Id = @Location_Id  OR @Location_Id IS NULL)
	AND   (Login_Name = @Login_Name  OR @Login_Name IS NULL)
	AND   (Email = @Email OR @Email IS NULL)
END
GO
/****** Object:  StoredProcedure [dbo].[GetRoleRights]    Script Date: 09/30/2013 17:13:56 ******/
SET ANSI_NULLS ON
GO
SET QUOTED_IDENTIFIER ON
GO
CREATE PROCEDURE [dbo].[GetRoleRights] 
(@RoleId int)
AS

DECLARE @tmpFlagTrue bit = 1, @tmpFlagFalse bit = 0
SELECT MenuChild.*, MenuParent.MenuName AS ParentMenuName,

CASE ISNULL(MenuParent.MenuName+'>'+MenuChild.MenuName, '')
	WHEN '' THEN MenuChild.MenuName
	ELSE MenuParent.MenuName+'>'+MenuChild.MenuName
END
AS ParentNChildMenu,

MenuStatusTbl.ParameterValue AS MenuStatusId,
MenuStatusTbl.Description AS MenuStatusName,

isnull(MenuRolePagesTbl.PageUrl,'#') PageUrl,

CASE ISNULL(ViewRights.RightsId,0)
WHEN 0 THEN @tmpFlagFalse
ELSE @tmpFlagTrue 
END AS ViewAccess,

CASE ISNULL(CreateRights.RightsId,0)
WHEN 0 THEN @tmpFlagFalse
ELSE @tmpFlagTrue 
END AS CreateAccess,

CASE ISNULL(ModifyRights.RightsId,0)
WHEN 0 THEN @tmpFlagFalse
ELSE @tmpFlagTrue 
END AS ModifyAccess,

CASE ISNULL(DeleteRights.RightsId,0)
WHEN 0 THEN @tmpFlagFalse
ELSE @tmpFlagTrue 
END AS DeleteAccess,

CASE ISNULL(PrintRights.RightsId,0)
WHEN 0 THEN @tmpFlagFalse
ELSE @tmpFlagTrue 
END AS PrintAccess 

--CASE ISNULL(ViewRightsDefault.MenuAccessId,0)
--WHEN 0 THEN @tmpFlagFalse
--ELSE @tmpFlagTrue 
--END AS ViewAccessDefault,

--CASE ISNULL(CreateRightsDefault.MenuAccessId,0)
--WHEN 0 THEN @tmpFlagFalse
--ELSE @tmpFlagTrue 
--END AS CreateAccessDefault,

--CASE ISNULL(ModifyRightsDefault.MenuAccessId,0)
--WHEN 0 THEN @tmpFlagFalse
--ELSE @tmpFlagTrue 
--END AS ModifyAccessDefault,

--CASE ISNULL(DeleteRightsDefault.MenuAccessId,0)
--WHEN 0 THEN @tmpFlagFalse
--ELSE @tmpFlagTrue 
--END AS DeleteAccessDefault,

--CASE ISNULL(PrintRightsDefault.MenuAccessId,0)
--WHEN 0 THEN @tmpFlagFalse
--ELSE @tmpFlagTrue 
--END AS PrintAccessDefault

FROM Menu AS MenuChild
OUTER APPLY (SELECT MenuName FROM Menu WHERE MenuId = MenuChild.MenuParentId) AS MenuParent

OUTER APPLY (SELECT TOP 1 RightsId FROM RoleRights, ParameterDet WHERE
RoleRights.AccessType = ParameterDet.ParameterDetId AND ParameterDet.ParameterValue = 1
AND RoleRights.MenuId = MenuChild.MenuId  AND RoleRights.RoleId = @RoleId) AS ViewRights

OUTER APPLY (SELECT TOP 1 RightsId FROM RoleRights, ParameterDet WHERE
RoleRights.AccessType = ParameterDet.ParameterDetId AND ParameterDet.ParameterValue = 2
AND RoleRights.MenuId = MenuChild.MenuId AND RoleRights.RoleId = @RoleId) AS CreateRights

OUTER APPLY (SELECT TOP 1 RightsId FROM RoleRights, ParameterDet WHERE
RoleRights.AccessType = ParameterDet.ParameterDetId AND ParameterDet.ParameterValue = 3
AND RoleRights.MenuId = MenuChild.MenuId AND RoleRights.RoleId = @RoleId) AS ModifyRights

OUTER APPLY (SELECT TOP 1 RightsId FROM RoleRights, ParameterDet WHERE
RoleRights.AccessType = ParameterDet.ParameterDetId AND ParameterDet.ParameterValue = 4
AND RoleRights.MenuId = MenuChild.MenuId AND RoleRights.RoleId = @RoleId) AS DeleteRights

OUTER APPLY (SELECT TOP 1 RightsId FROM RoleRights, ParameterDet WHERE
RoleRights.AccessType = ParameterDet.ParameterDetId AND ParameterDet.ParameterValue = 5
AND RoleRights.MenuId = MenuChild.MenuId AND RoleRights.RoleId = @RoleId) AS PrintRights


--OUTER APPLY (SELECT MenuAccessId FROM MenuAccess, ParameterDet WHERE
--MenuAccess.AccessType = ParameterDet.ParameterDetId AND ParameterDet.ParameterValue = 3
--AND MenuAccess.MenuId = MenuChild.MenuId) AS ViewRightsDefault

--OUTER APPLY (SELECT MenuAccessId FROM MenuAccess, ParameterDet WHERE
--MenuAccess.AccessType = ParameterDet.ParameterDetId AND ParameterDet.ParameterValue = 4
--AND MenuAccess.MenuId = MenuChild.MenuId) AS CreateRightsDefault

--OUTER APPLY (SELECT MenuAccessId FROM MenuAccess, ParameterDet WHERE
--MenuAccess.AccessType = ParameterDet.ParameterDetId AND ParameterDet.ParameterValue = 5
--AND MenuAccess.MenuId = MenuChild.MenuId) AS ModifyRightsDefault

--OUTER APPLY (SELECT MenuAccessId FROM MenuAccess, ParameterDet WHERE
--MenuAccess.AccessType = ParameterDet.ParameterDetId AND ParameterDet.ParameterValue = 6
--AND MenuAccess.MenuId = MenuChild.MenuId) AS DeleteRightsDefault

--OUTER APPLY (SELECT MenuAccessId FROM MenuAccess, ParameterDet WHERE
--MenuAccess.AccessType = ParameterDet.ParameterDetId AND ParameterDet.ParameterValue = 7
--AND MenuAccess.MenuId = MenuChild.MenuId) AS PrintRightsDefault

OUTER APPLY (SELECT PageUrl FROM MenuRolePages WHERE MenuId = MenuChild.MenuId
AND RoleId = @RoleId) AS MenuRolePagesTbl

INNER JOIN ParameterDet AS MenuStatusTbl ON MenuChild.MenuStatus = MenuStatusTbl.ParameterDetId

order by MenuOrder
GO
/****** Object:  Table [dbo].[Manager_Executive]    Script Date: 09/30/2013 17:11:47 ******/
SET ANSI_NULLS ON
GO
SET QUOTED_IDENTIFIER ON
GO
CREATE TABLE [dbo].[Manager_Executive](
	[Manager_Exec_Id] [int] IDENTITY(1,1) NOT NULL,
	[Executive_Id] [int] NOT NULL,
	[Manager_Id] [int] NOT NULL,
 CONSTRAINT [PK_Manager_Executive] PRIMARY KEY CLUSTERED 
(
	[Manager_Exec_Id] ASC
)WITH (PAD_INDEX  = OFF, STATISTICS_NORECOMPUTE  = OFF, IGNORE_DUP_KEY = OFF, ALLOW_ROW_LOCKS  = ON, ALLOW_PAGE_LOCKS  = ON) ON [PRIMARY]
) ON [PRIMARY]
GO
SET IDENTITY_INSERT [dbo].[Manager_Executive] ON
INSERT [dbo].[Manager_Executive] ([Manager_Exec_Id], [Executive_Id], [Manager_Id]) VALUES (52, 0, 36)
INSERT [dbo].[Manager_Executive] ([Manager_Exec_Id], [Executive_Id], [Manager_Id]) VALUES (82, 0, 38)
INSERT [dbo].[Manager_Executive] ([Manager_Exec_Id], [Executive_Id], [Manager_Id]) VALUES (83, 0, 49)
INSERT [dbo].[Manager_Executive] ([Manager_Exec_Id], [Executive_Id], [Manager_Id]) VALUES (84, 0, 42)
INSERT [dbo].[Manager_Executive] ([Manager_Exec_Id], [Executive_Id], [Manager_Id]) VALUES (85, 0, 53)
INSERT [dbo].[Manager_Executive] ([Manager_Exec_Id], [Executive_Id], [Manager_Id]) VALUES (86, 0, 52)
INSERT [dbo].[Manager_Executive] ([Manager_Exec_Id], [Executive_Id], [Manager_Id]) VALUES (87, 0, 40)
INSERT [dbo].[Manager_Executive] ([Manager_Exec_Id], [Executive_Id], [Manager_Id]) VALUES (89, 0, 41)
INSERT [dbo].[Manager_Executive] ([Manager_Exec_Id], [Executive_Id], [Manager_Id]) VALUES (90, 0, 39)
INSERT [dbo].[Manager_Executive] ([Manager_Exec_Id], [Executive_Id], [Manager_Id]) VALUES (91, 0, 44)
INSERT [dbo].[Manager_Executive] ([Manager_Exec_Id], [Executive_Id], [Manager_Id]) VALUES (92, 0, 45)
INSERT [dbo].[Manager_Executive] ([Manager_Exec_Id], [Executive_Id], [Manager_Id]) VALUES (93, 0, 62)
INSERT [dbo].[Manager_Executive] ([Manager_Exec_Id], [Executive_Id], [Manager_Id]) VALUES (94, 0, 73)
INSERT [dbo].[Manager_Executive] ([Manager_Exec_Id], [Executive_Id], [Manager_Id]) VALUES (95, 0, 125)
INSERT [dbo].[Manager_Executive] ([Manager_Exec_Id], [Executive_Id], [Manager_Id]) VALUES (96, 0, 126)
INSERT [dbo].[Manager_Executive] ([Manager_Exec_Id], [Executive_Id], [Manager_Id]) VALUES (97, 125, 127)
INSERT [dbo].[Manager_Executive] ([Manager_Exec_Id], [Executive_Id], [Manager_Id]) VALUES (98, 126, 127)
INSERT [dbo].[Manager_Executive] ([Manager_Exec_Id], [Executive_Id], [Manager_Id]) VALUES (99, 38, 127)
INSERT [dbo].[Manager_Executive] ([Manager_Exec_Id], [Executive_Id], [Manager_Id]) VALUES (100, 39, 127)
INSERT [dbo].[Manager_Executive] ([Manager_Exec_Id], [Executive_Id], [Manager_Id]) VALUES (101, 40, 127)
INSERT [dbo].[Manager_Executive] ([Manager_Exec_Id], [Executive_Id], [Manager_Id]) VALUES (102, 41, 127)
INSERT [dbo].[Manager_Executive] ([Manager_Exec_Id], [Executive_Id], [Manager_Id]) VALUES (103, 42, 127)
INSERT [dbo].[Manager_Executive] ([Manager_Exec_Id], [Executive_Id], [Manager_Id]) VALUES (104, 49, 127)
INSERT [dbo].[Manager_Executive] ([Manager_Exec_Id], [Executive_Id], [Manager_Id]) VALUES (105, 52, 127)
INSERT [dbo].[Manager_Executive] ([Manager_Exec_Id], [Executive_Id], [Manager_Id]) VALUES (106, 53, 127)
INSERT [dbo].[Manager_Executive] ([Manager_Exec_Id], [Executive_Id], [Manager_Id]) VALUES (107, 62, 127)
INSERT [dbo].[Manager_Executive] ([Manager_Exec_Id], [Executive_Id], [Manager_Id]) VALUES (108, 63, 127)
INSERT [dbo].[Manager_Executive] ([Manager_Exec_Id], [Executive_Id], [Manager_Id]) VALUES (109, 69, 127)
INSERT [dbo].[Manager_Executive] ([Manager_Exec_Id], [Executive_Id], [Manager_Id]) VALUES (110, 73, 127)
INSERT [dbo].[Manager_Executive] ([Manager_Exec_Id], [Executive_Id], [Manager_Id]) VALUES (111, 125, 128)
INSERT [dbo].[Manager_Executive] ([Manager_Exec_Id], [Executive_Id], [Manager_Id]) VALUES (112, 126, 128)
INSERT [dbo].[Manager_Executive] ([Manager_Exec_Id], [Executive_Id], [Manager_Id]) VALUES (113, 38, 128)
INSERT [dbo].[Manager_Executive] ([Manager_Exec_Id], [Executive_Id], [Manager_Id]) VALUES (114, 39, 128)
INSERT [dbo].[Manager_Executive] ([Manager_Exec_Id], [Executive_Id], [Manager_Id]) VALUES (115, 40, 128)
INSERT [dbo].[Manager_Executive] ([Manager_Exec_Id], [Executive_Id], [Manager_Id]) VALUES (116, 41, 128)
INSERT [dbo].[Manager_Executive] ([Manager_Exec_Id], [Executive_Id], [Manager_Id]) VALUES (117, 42, 128)
INSERT [dbo].[Manager_Executive] ([Manager_Exec_Id], [Executive_Id], [Manager_Id]) VALUES (118, 49, 128)
INSERT [dbo].[Manager_Executive] ([Manager_Exec_Id], [Executive_Id], [Manager_Id]) VALUES (119, 52, 128)
INSERT [dbo].[Manager_Executive] ([Manager_Exec_Id], [Executive_Id], [Manager_Id]) VALUES (120, 53, 128)
INSERT [dbo].[Manager_Executive] ([Manager_Exec_Id], [Executive_Id], [Manager_Id]) VALUES (121, 62, 128)
INSERT [dbo].[Manager_Executive] ([Manager_Exec_Id], [Executive_Id], [Manager_Id]) VALUES (122, 63, 128)
INSERT [dbo].[Manager_Executive] ([Manager_Exec_Id], [Executive_Id], [Manager_Id]) VALUES (123, 73, 128)
INSERT [dbo].[Manager_Executive] ([Manager_Exec_Id], [Executive_Id], [Manager_Id]) VALUES (124, 125, 124)
INSERT [dbo].[Manager_Executive] ([Manager_Exec_Id], [Executive_Id], [Manager_Id]) VALUES (125, 126, 124)
INSERT [dbo].[Manager_Executive] ([Manager_Exec_Id], [Executive_Id], [Manager_Id]) VALUES (126, 38, 124)
INSERT [dbo].[Manager_Executive] ([Manager_Exec_Id], [Executive_Id], [Manager_Id]) VALUES (127, 39, 124)
INSERT [dbo].[Manager_Executive] ([Manager_Exec_Id], [Executive_Id], [Manager_Id]) VALUES (128, 40, 124)
INSERT [dbo].[Manager_Executive] ([Manager_Exec_Id], [Executive_Id], [Manager_Id]) VALUES (129, 41, 124)
INSERT [dbo].[Manager_Executive] ([Manager_Exec_Id], [Executive_Id], [Manager_Id]) VALUES (130, 42, 124)
INSERT [dbo].[Manager_Executive] ([Manager_Exec_Id], [Executive_Id], [Manager_Id]) VALUES (131, 49, 124)
INSERT [dbo].[Manager_Executive] ([Manager_Exec_Id], [Executive_Id], [Manager_Id]) VALUES (132, 52, 124)
INSERT [dbo].[Manager_Executive] ([Manager_Exec_Id], [Executive_Id], [Manager_Id]) VALUES (133, 53, 124)
INSERT [dbo].[Manager_Executive] ([Manager_Exec_Id], [Executive_Id], [Manager_Id]) VALUES (134, 62, 124)
INSERT [dbo].[Manager_Executive] ([Manager_Exec_Id], [Executive_Id], [Manager_Id]) VALUES (135, 63, 124)
INSERT [dbo].[Manager_Executive] ([Manager_Exec_Id], [Executive_Id], [Manager_Id]) VALUES (136, 69, 124)
INSERT [dbo].[Manager_Executive] ([Manager_Exec_Id], [Executive_Id], [Manager_Id]) VALUES (137, 73, 124)
INSERT [dbo].[Manager_Executive] ([Manager_Exec_Id], [Executive_Id], [Manager_Id]) VALUES (152, 0, 129)
INSERT [dbo].[Manager_Executive] ([Manager_Exec_Id], [Executive_Id], [Manager_Id]) VALUES (153, 0, 130)
INSERT [dbo].[Manager_Executive] ([Manager_Exec_Id], [Executive_Id], [Manager_Id]) VALUES (154, 0, 131)
INSERT [dbo].[Manager_Executive] ([Manager_Exec_Id], [Executive_Id], [Manager_Id]) VALUES (155, 0, 132)
INSERT [dbo].[Manager_Executive] ([Manager_Exec_Id], [Executive_Id], [Manager_Id]) VALUES (161, 0, 95)
INSERT [dbo].[Manager_Executive] ([Manager_Exec_Id], [Executive_Id], [Manager_Id]) VALUES (162, 130, 133)
INSERT [dbo].[Manager_Executive] ([Manager_Exec_Id], [Executive_Id], [Manager_Id]) VALUES (163, 131, 133)
INSERT [dbo].[Manager_Executive] ([Manager_Exec_Id], [Executive_Id], [Manager_Id]) VALUES (164, 132, 133)
INSERT [dbo].[Manager_Executive] ([Manager_Exec_Id], [Executive_Id], [Manager_Id]) VALUES (165, 0, 98)
INSERT [dbo].[Manager_Executive] ([Manager_Exec_Id], [Executive_Id], [Manager_Id]) VALUES (166, 0, 134)
INSERT [dbo].[Manager_Executive] ([Manager_Exec_Id], [Executive_Id], [Manager_Id]) VALUES (167, 0, 135)
INSERT [dbo].[Manager_Executive] ([Manager_Exec_Id], [Executive_Id], [Manager_Id]) VALUES (169, 0, 136)
INSERT [dbo].[Manager_Executive] ([Manager_Exec_Id], [Executive_Id], [Manager_Id]) VALUES (170, 104, 137)
INSERT [dbo].[Manager_Executive] ([Manager_Exec_Id], [Executive_Id], [Manager_Id]) VALUES (171, 0, 138)
INSERT [dbo].[Manager_Executive] ([Manager_Exec_Id], [Executive_Id], [Manager_Id]) VALUES (172, 0, 139)
INSERT [dbo].[Manager_Executive] ([Manager_Exec_Id], [Executive_Id], [Manager_Id]) VALUES (174, 0, 141)
INSERT [dbo].[Manager_Executive] ([Manager_Exec_Id], [Executive_Id], [Manager_Id]) VALUES (176, 0, 143)
INSERT [dbo].[Manager_Executive] ([Manager_Exec_Id], [Executive_Id], [Manager_Id]) VALUES (177, 0, 144)
INSERT [dbo].[Manager_Executive] ([Manager_Exec_Id], [Executive_Id], [Manager_Id]) VALUES (194, 130, 146)
INSERT [dbo].[Manager_Executive] ([Manager_Exec_Id], [Executive_Id], [Manager_Id]) VALUES (195, 131, 146)
INSERT [dbo].[Manager_Executive] ([Manager_Exec_Id], [Executive_Id], [Manager_Id]) VALUES (196, 132, 146)
INSERT [dbo].[Manager_Executive] ([Manager_Exec_Id], [Executive_Id], [Manager_Id]) VALUES (197, 133, 146)
INSERT [dbo].[Manager_Executive] ([Manager_Exec_Id], [Executive_Id], [Manager_Id]) VALUES (198, 134, 146)
INSERT [dbo].[Manager_Executive] ([Manager_Exec_Id], [Executive_Id], [Manager_Id]) VALUES (199, 135, 146)
INSERT [dbo].[Manager_Executive] ([Manager_Exec_Id], [Executive_Id], [Manager_Id]) VALUES (200, 136, 146)
INSERT [dbo].[Manager_Executive] ([Manager_Exec_Id], [Executive_Id], [Manager_Id]) VALUES (201, 137, 146)
INSERT [dbo].[Manager_Executive] ([Manager_Exec_Id], [Executive_Id], [Manager_Id]) VALUES (202, 138, 146)
INSERT [dbo].[Manager_Executive] ([Manager_Exec_Id], [Executive_Id], [Manager_Id]) VALUES (203, 139, 146)
INSERT [dbo].[Manager_Executive] ([Manager_Exec_Id], [Executive_Id], [Manager_Id]) VALUES (204, 140, 146)
INSERT [dbo].[Manager_Executive] ([Manager_Exec_Id], [Executive_Id], [Manager_Id]) VALUES (205, 141, 146)
INSERT [dbo].[Manager_Executive] ([Manager_Exec_Id], [Executive_Id], [Manager_Id]) VALUES (206, 142, 146)
INSERT [dbo].[Manager_Executive] ([Manager_Exec_Id], [Executive_Id], [Manager_Id]) VALUES (207, 143, 146)
INSERT [dbo].[Manager_Executive] ([Manager_Exec_Id], [Executive_Id], [Manager_Id]) VALUES (208, 144, 146)
INSERT [dbo].[Manager_Executive] ([Manager_Exec_Id], [Executive_Id], [Manager_Id]) VALUES (209, 98, 146)
INSERT [dbo].[Manager_Executive] ([Manager_Exec_Id], [Executive_Id], [Manager_Id]) VALUES (214, 102, 147)
INSERT [dbo].[Manager_Executive] ([Manager_Exec_Id], [Executive_Id], [Manager_Id]) VALUES (215, 134, 147)
INSERT [dbo].[Manager_Executive] ([Manager_Exec_Id], [Executive_Id], [Manager_Id]) VALUES (216, 135, 147)
INSERT [dbo].[Manager_Executive] ([Manager_Exec_Id], [Executive_Id], [Manager_Id]) VALUES (217, 136, 147)
INSERT [dbo].[Manager_Executive] ([Manager_Exec_Id], [Executive_Id], [Manager_Id]) VALUES (218, 98, 147)
INSERT [dbo].[Manager_Executive] ([Manager_Exec_Id], [Executive_Id], [Manager_Id]) VALUES (219, 125, 72)
INSERT [dbo].[Manager_Executive] ([Manager_Exec_Id], [Executive_Id], [Manager_Id]) VALUES (220, 126, 72)
INSERT [dbo].[Manager_Executive] ([Manager_Exec_Id], [Executive_Id], [Manager_Id]) VALUES (221, 38, 72)
INSERT [dbo].[Manager_Executive] ([Manager_Exec_Id], [Executive_Id], [Manager_Id]) VALUES (222, 39, 72)
INSERT [dbo].[Manager_Executive] ([Manager_Exec_Id], [Executive_Id], [Manager_Id]) VALUES (223, 40, 72)
GO
print 'Processed 100 total records'
INSERT [dbo].[Manager_Executive] ([Manager_Exec_Id], [Executive_Id], [Manager_Id]) VALUES (224, 41, 72)
INSERT [dbo].[Manager_Executive] ([Manager_Exec_Id], [Executive_Id], [Manager_Id]) VALUES (225, 42, 72)
INSERT [dbo].[Manager_Executive] ([Manager_Exec_Id], [Executive_Id], [Manager_Id]) VALUES (226, 49, 72)
INSERT [dbo].[Manager_Executive] ([Manager_Exec_Id], [Executive_Id], [Manager_Id]) VALUES (227, 52, 72)
INSERT [dbo].[Manager_Executive] ([Manager_Exec_Id], [Executive_Id], [Manager_Id]) VALUES (228, 53, 72)
INSERT [dbo].[Manager_Executive] ([Manager_Exec_Id], [Executive_Id], [Manager_Id]) VALUES (229, 62, 72)
INSERT [dbo].[Manager_Executive] ([Manager_Exec_Id], [Executive_Id], [Manager_Id]) VALUES (230, 63, 72)
INSERT [dbo].[Manager_Executive] ([Manager_Exec_Id], [Executive_Id], [Manager_Id]) VALUES (231, 69, 72)
INSERT [dbo].[Manager_Executive] ([Manager_Exec_Id], [Executive_Id], [Manager_Id]) VALUES (232, 73, 72)
INSERT [dbo].[Manager_Executive] ([Manager_Exec_Id], [Executive_Id], [Manager_Id]) VALUES (262, 130, 145)
INSERT [dbo].[Manager_Executive] ([Manager_Exec_Id], [Executive_Id], [Manager_Id]) VALUES (263, 131, 145)
INSERT [dbo].[Manager_Executive] ([Manager_Exec_Id], [Executive_Id], [Manager_Id]) VALUES (264, 132, 145)
INSERT [dbo].[Manager_Executive] ([Manager_Exec_Id], [Executive_Id], [Manager_Id]) VALUES (265, 133, 145)
INSERT [dbo].[Manager_Executive] ([Manager_Exec_Id], [Executive_Id], [Manager_Id]) VALUES (266, 134, 145)
INSERT [dbo].[Manager_Executive] ([Manager_Exec_Id], [Executive_Id], [Manager_Id]) VALUES (267, 135, 145)
INSERT [dbo].[Manager_Executive] ([Manager_Exec_Id], [Executive_Id], [Manager_Id]) VALUES (268, 136, 145)
INSERT [dbo].[Manager_Executive] ([Manager_Exec_Id], [Executive_Id], [Manager_Id]) VALUES (269, 137, 145)
INSERT [dbo].[Manager_Executive] ([Manager_Exec_Id], [Executive_Id], [Manager_Id]) VALUES (270, 138, 145)
INSERT [dbo].[Manager_Executive] ([Manager_Exec_Id], [Executive_Id], [Manager_Id]) VALUES (271, 139, 145)
INSERT [dbo].[Manager_Executive] ([Manager_Exec_Id], [Executive_Id], [Manager_Id]) VALUES (272, 140, 145)
INSERT [dbo].[Manager_Executive] ([Manager_Exec_Id], [Executive_Id], [Manager_Id]) VALUES (273, 141, 145)
INSERT [dbo].[Manager_Executive] ([Manager_Exec_Id], [Executive_Id], [Manager_Id]) VALUES (274, 142, 145)
INSERT [dbo].[Manager_Executive] ([Manager_Exec_Id], [Executive_Id], [Manager_Id]) VALUES (275, 143, 145)
INSERT [dbo].[Manager_Executive] ([Manager_Exec_Id], [Executive_Id], [Manager_Id]) VALUES (276, 144, 145)
INSERT [dbo].[Manager_Executive] ([Manager_Exec_Id], [Executive_Id], [Manager_Id]) VALUES (277, 98, 145)
INSERT [dbo].[Manager_Executive] ([Manager_Exec_Id], [Executive_Id], [Manager_Id]) VALUES (278, 0, 140)
INSERT [dbo].[Manager_Executive] ([Manager_Exec_Id], [Executive_Id], [Manager_Id]) VALUES (279, 0, 69)
INSERT [dbo].[Manager_Executive] ([Manager_Exec_Id], [Executive_Id], [Manager_Id]) VALUES (280, 0, 142)
SET IDENTITY_INSERT [dbo].[Manager_Executive] OFF
/****** Object:  Table [dbo].[Customer]    Script Date: 09/30/2013 17:11:47 ******/
SET ANSI_NULLS ON
GO
SET QUOTED_IDENTIFIER ON
GO
CREATE TABLE [dbo].[Customer](
	[Customer_Id] [int] IDENTITY(1,1) NOT NULL,
	[Customer_Code] [nvarchar](100) NULL,
	[Customer_Name] [nvarchar](100) NULL,
	[Customer_Name_BL] [nvarchar](100) NULL,
	[Business_Type] [int] NULL,
	[Customer_Type] [int] NULL,
	[Customer_Group] [int] NULL,
	[Location_Id] [int] NULL,
	[Key_Account] [bit] NULL,
	[Status] [bit] NOT NULL,
	[Updated_By] [int] NOT NULL,
	[Updated_Date] [date] NOT NULL,
	[Sales_Channel] [int] NULL,
 CONSTRAINT [PK_Customer] PRIMARY KEY CLUSTERED 
(
	[Customer_Id] ASC
)WITH (PAD_INDEX  = OFF, STATISTICS_NORECOMPUTE  = OFF, IGNORE_DUP_KEY = OFF, ALLOW_ROW_LOCKS  = ON, ALLOW_PAGE_LOCKS  = ON) ON [PRIMARY]
) ON [PRIMARY]
GO
SET IDENTITY_INSERT [dbo].[Customer] ON
INSERT [dbo].[Customer] ([Customer_Id], [Customer_Code], [Customer_Name], [Customer_Name_BL], [Business_Type], [Customer_Type], [Customer_Group], [Location_Id], [Key_Account], [Status], [Updated_By], [Updated_Date], [Sales_Channel]) VALUES (1245, N'TRAA02', N'A. AL. MAZROUI EL. EST.', N'A. AL. MAZROUI EL. EST.', 13, 19, 20, 2, 0, 1, 45, CAST(0x81370B00 AS Date), 29)
INSERT [dbo].[Customer] ([Customer_Id], [Customer_Code], [Customer_Name], [Customer_Name_BL], [Business_Type], [Customer_Type], [Customer_Group], [Location_Id], [Key_Account], [Status], [Updated_By], [Updated_Date], [Sales_Channel]) VALUES (1246, N'TRAB01', N'ABU BAKER AUWEEN', N'ABU BAKER AUWEEN', 13, 19, 20, 3, 0, 1, 60, CAST(0x81370B00 AS Date), 28)
INSERT [dbo].[Customer] ([Customer_Id], [Customer_Code], [Customer_Name], [Customer_Name_BL], [Business_Type], [Customer_Type], [Customer_Group], [Location_Id], [Key_Account], [Status], [Updated_By], [Updated_Date], [Sales_Channel]) VALUES (1247, N'TRAB02', N'ABDULLA STORE', N'ABDULLA STORE', 13, 19, 20, 4, 0, 1, 61, CAST(0x81370B00 AS Date), 28)
INSERT [dbo].[Customer] ([Customer_Id], [Customer_Code], [Customer_Name], [Customer_Name_BL], [Business_Type], [Customer_Type], [Customer_Group], [Location_Id], [Key_Account], [Status], [Updated_By], [Updated_Date], [Sales_Channel]) VALUES (1248, N'TRAB02A', N'ABDULLA STORE', N'ABDULLA STORE', 13, 19, 20, 4, 0, 1, 49, CAST(0x81370B00 AS Date), 28)
INSERT [dbo].[Customer] ([Customer_Id], [Customer_Code], [Customer_Name], [Customer_Name_BL], [Business_Type], [Customer_Type], [Customer_Group], [Location_Id], [Key_Account], [Status], [Updated_By], [Updated_Date], [Sales_Channel]) VALUES (1249, N'TRAB03', N'ABDUL KARIM STORE', N'ABDUL KARIM STORE', 13, 19, 20, 2, 0, 1, 40, CAST(0x81370B00 AS Date), 28)
INSERT [dbo].[Customer] ([Customer_Id], [Customer_Code], [Customer_Name], [Customer_Name_BL], [Business_Type], [Customer_Type], [Customer_Group], [Location_Id], [Key_Account], [Status], [Updated_By], [Updated_Date], [Sales_Channel]) VALUES (1250, N'TRAB03A', N'ABDUL KARIM STORE', N'ABDUL KARIM STORE', 13, 19, 20, 2, 0, 1, 41, CAST(0x81370B00 AS Date), 28)
INSERT [dbo].[Customer] ([Customer_Id], [Customer_Code], [Customer_Name], [Customer_Name_BL], [Business_Type], [Customer_Type], [Customer_Group], [Location_Id], [Key_Account], [Status], [Updated_By], [Updated_Date], [Sales_Channel]) VALUES (1251, N'TRAB04', N'ABASS QADI TRADING CO. (L.L.C.)', N'ABASS QADI TRADING CO. (L.L.C.)', 13, 19, 20, 3, 0, 1, 49, CAST(0x81370B00 AS Date), 28)
INSERT [dbo].[Customer] ([Customer_Id], [Customer_Code], [Customer_Name], [Customer_Name_BL], [Business_Type], [Customer_Type], [Customer_Group], [Location_Id], [Key_Account], [Status], [Updated_By], [Updated_Date], [Sales_Channel]) VALUES (1252, N'TRAB05', N'ABU SAFIYYA ELECTRONICS', N'ABU SAFIYYA ELECTRONICS', 13, 19, 105, 2, 0, 1, 38, CAST(0x81370B00 AS Date), 28)
INSERT [dbo].[Customer] ([Customer_Id], [Customer_Code], [Customer_Name], [Customer_Name_BL], [Business_Type], [Customer_Type], [Customer_Group], [Location_Id], [Key_Account], [Status], [Updated_By], [Updated_Date], [Sales_Channel]) VALUES (1253, N'TRAB05E', N'ABU SAFIYYA ELECTRONICS', N'ABU SAFIYYA ELECTRONICS', 13, 19, 105, 2, 0, 1, 38, CAST(0x81370B00 AS Date), 28)
INSERT [dbo].[Customer] ([Customer_Id], [Customer_Code], [Customer_Name], [Customer_Name_BL], [Business_Type], [Customer_Type], [Customer_Group], [Location_Id], [Key_Account], [Status], [Updated_By], [Updated_Date], [Sales_Channel]) VALUES (1254, N'TRAB06', N'ABDULLA KUTAIT GROCERY', N'ABDULLA KUTAIT GROCERY', 13, 19, 20, 3, 0, 1, 49, CAST(0x81370B00 AS Date), 28)
INSERT [dbo].[Customer] ([Customer_Id], [Customer_Code], [Customer_Name], [Customer_Name_BL], [Business_Type], [Customer_Type], [Customer_Group], [Location_Id], [Key_Account], [Status], [Updated_By], [Updated_Date], [Sales_Channel]) VALUES (1255, N'TRAB07', N'ABU DHABI REFRESHMENT CO. LTD.', N'ABU DHABI REFRESHMENT CO. LTD.', 40, 31, 21, 2, 0, 1, 59, CAST(0x81370B00 AS Date), 30)
INSERT [dbo].[Customer] ([Customer_Id], [Customer_Code], [Customer_Name], [Customer_Name_BL], [Business_Type], [Customer_Type], [Customer_Group], [Location_Id], [Key_Account], [Status], [Updated_By], [Updated_Date], [Sales_Channel]) VALUES (1256, N'TRAB08', N'ABDULLA AKBARI & BROS STORE', N'ABDULLA AKBARI & BROS STORE', 13, 19, 20, 4, 0, 1, 49, CAST(0x81370B00 AS Date), 28)
INSERT [dbo].[Customer] ([Customer_Id], [Customer_Code], [Customer_Name], [Customer_Name_BL], [Business_Type], [Customer_Type], [Customer_Group], [Location_Id], [Key_Account], [Status], [Updated_By], [Updated_Date], [Sales_Channel]) VALUES (1257, N'TRAB09', N'AL ABABEEL ELECT DEVICES TR', N'AL ABABEEL ELECT DEVICES TR', 13, 19, 20, 5, 0, 1, 39, CAST(0x81370B00 AS Date), 28)
INSERT [dbo].[Customer] ([Customer_Id], [Customer_Code], [Customer_Name], [Customer_Name_BL], [Business_Type], [Customer_Type], [Customer_Group], [Location_Id], [Key_Account], [Status], [Updated_By], [Updated_Date], [Sales_Channel]) VALUES (1258, N'TRAB09A', N'AL ABABEEL ELECT DEVICES TR', N'AL ABABEEL ELECT DEVICES TR', 13, 19, 20, 5, 0, 1, 38, CAST(0x81370B00 AS Date), 28)
INSERT [dbo].[Customer] ([Customer_Id], [Customer_Code], [Customer_Name], [Customer_Name_BL], [Business_Type], [Customer_Type], [Customer_Group], [Location_Id], [Key_Account], [Status], [Updated_By], [Updated_Date], [Sales_Channel]) VALUES (1259, N'TRAB100', N'ABDULLA - DUBAI --- AMAR', N'ABDULLA - DUBAI --- AMAR', 42, 18, 20, 2, 0, 1, 38, CAST(0x81370B00 AS Date), 28)
INSERT [dbo].[Customer] ([Customer_Id], [Customer_Code], [Customer_Name], [Customer_Name_BL], [Business_Type], [Customer_Type], [Customer_Group], [Location_Id], [Key_Account], [Status], [Updated_By], [Updated_Date], [Sales_Channel]) VALUES (1260, N'TRAB12', N'ABDUL NASER STORES.', N'ABDUL NASER STORES.', 13, 19, 20, 8, 0, 1, 36, CAST(0x81370B00 AS Date), 28)
INSERT [dbo].[Customer] ([Customer_Id], [Customer_Code], [Customer_Name], [Customer_Name_BL], [Business_Type], [Customer_Type], [Customer_Group], [Location_Id], [Key_Account], [Status], [Updated_By], [Updated_Date], [Sales_Channel]) VALUES (1261, N'TRAB14', N'ABDULLAH AL MUBARAK AL ALI EST.', N'ABDULLAH AL MUBARAK AL ALI EST.', 13, 19, 20, 3, 0, 1, 38, CAST(0x81370B00 AS Date), 28)
INSERT [dbo].[Customer] ([Customer_Id], [Customer_Code], [Customer_Name], [Customer_Name_BL], [Business_Type], [Customer_Type], [Customer_Group], [Location_Id], [Key_Account], [Status], [Updated_By], [Updated_Date], [Sales_Channel]) VALUES (1262, N'TRAB14E', N'ABDULLAH AL MUBARAK AL ALI EST.', N'ABDULLAH AL MUBARAK AL ALI EST.', 13, 19, 20, 3, 0, 1, 53, CAST(0x81370B00 AS Date), 28)
INSERT [dbo].[Customer] ([Customer_Id], [Customer_Code], [Customer_Name], [Customer_Name_BL], [Business_Type], [Customer_Type], [Customer_Group], [Location_Id], [Key_Account], [Status], [Updated_By], [Updated_Date], [Sales_Channel]) VALUES (1263, N'TRAB15', N'ARABIL TRADING', N'ARABIL TRADING', 13, 19, 20, 4, 0, 1, 62, CAST(0x81370B00 AS Date), 28)
INSERT [dbo].[Customer] ([Customer_Id], [Customer_Code], [Customer_Name], [Customer_Name_BL], [Business_Type], [Customer_Type], [Customer_Group], [Location_Id], [Key_Account], [Status], [Updated_By], [Updated_Date], [Sales_Channel]) VALUES (1264, N'TRAB18', N'ABDUL KARIM ABDUL GERASHI H. A. TRDG.', N'ABDUL KARIM ABDUL GERASHI H. A. TRDG.', 13, 19, 20, 3, 0, 1, 44, CAST(0x81370B00 AS Date), 28)
INSERT [dbo].[Customer] ([Customer_Id], [Customer_Code], [Customer_Name], [Customer_Name_BL], [Business_Type], [Customer_Type], [Customer_Group], [Location_Id], [Key_Account], [Status], [Updated_By], [Updated_Date], [Sales_Channel]) VALUES (1265, N'TRAB22', N'ABU DHABI ELECTRONIC STORE', N'ABU DHABI ELECTRONIC STORE', 13, 19, 20, 4, 0, 1, 49, CAST(0x81370B00 AS Date), 28)
INSERT [dbo].[Customer] ([Customer_Id], [Customer_Code], [Customer_Name], [Customer_Name_BL], [Business_Type], [Customer_Type], [Customer_Group], [Location_Id], [Key_Account], [Status], [Updated_By], [Updated_Date], [Sales_Channel]) VALUES (1266, N'TRAB22A', N'ABU DHABI ELECTRONIC STORE', N'ABU DHABI ELECTRONIC STORE', 13, 19, 20, 4, 0, 1, 49, CAST(0x81370B00 AS Date), 28)
INSERT [dbo].[Customer] ([Customer_Id], [Customer_Code], [Customer_Name], [Customer_Name_BL], [Business_Type], [Customer_Type], [Customer_Group], [Location_Id], [Key_Account], [Status], [Updated_By], [Updated_Date], [Sales_Channel]) VALUES (1267, N'TRAB23', N'ABDUL RAZAK & BROTHERS', N'ABDUL RAZAK & BROTHERS', 13, 19, 20, 5, 0, 1, 39, CAST(0x81370B00 AS Date), 28)
INSERT [dbo].[Customer] ([Customer_Id], [Customer_Code], [Customer_Name], [Customer_Name_BL], [Business_Type], [Customer_Type], [Customer_Group], [Location_Id], [Key_Account], [Status], [Updated_By], [Updated_Date], [Sales_Channel]) VALUES (1268, N'TRAB42', N'ABU FAROOQ STORE', N'ABU FAROOQ STORE', 13, 19, 20, 4, 0, 1, 62, CAST(0x81370B00 AS Date), 28)
INSERT [dbo].[Customer] ([Customer_Id], [Customer_Code], [Customer_Name], [Customer_Name_BL], [Business_Type], [Customer_Type], [Customer_Group], [Location_Id], [Key_Account], [Status], [Updated_By], [Updated_Date], [Sales_Channel]) VALUES (1269, N'TRAB44', N'AL ABREQ TRADING EST.', N'AL ABREQ TRADING EST.', 13, 19, 20, 4, 0, 1, 62, CAST(0x81370B00 AS Date), 28)
INSERT [dbo].[Customer] ([Customer_Id], [Customer_Code], [Customer_Name], [Customer_Name_BL], [Business_Type], [Customer_Type], [Customer_Group], [Location_Id], [Key_Account], [Status], [Updated_By], [Updated_Date], [Sales_Channel]) VALUES (1270, N'TRAB45', N'ABDUL HAMEED KHOORY TRDG', N'ABDUL HAMEED KHOORY TRDG', 13, 19, 20, 2, 0, 1, 40, CAST(0x81370B00 AS Date), 28)
INSERT [dbo].[Customer] ([Customer_Id], [Customer_Code], [Customer_Name], [Customer_Name_BL], [Business_Type], [Customer_Type], [Customer_Group], [Location_Id], [Key_Account], [Status], [Updated_By], [Updated_Date], [Sales_Channel]) VALUES (1271, N'TRAB45A', N'ABDUL HAMEED KHOORY TRDG', N'ABDUL HAMEED KHOORY TRDG', 13, 19, 20, 2, 0, 1, 41, CAST(0x81370B00 AS Date), 28)
INSERT [dbo].[Customer] ([Customer_Id], [Customer_Code], [Customer_Name], [Customer_Name_BL], [Business_Type], [Customer_Type], [Customer_Group], [Location_Id], [Key_Account], [Status], [Updated_By], [Updated_Date], [Sales_Channel]) VALUES (1272, N'TRAB67', N'ABU DHABI CO OPERATIVE', N'ABU DHABI CO OPERATIVE', 42, 19, 20, 2, 0, 1, 38, CAST(0x81370B00 AS Date), 28)
INSERT [dbo].[Customer] ([Customer_Id], [Customer_Code], [Customer_Name], [Customer_Name_BL], [Business_Type], [Customer_Type], [Customer_Group], [Location_Id], [Key_Account], [Status], [Updated_By], [Updated_Date], [Sales_Channel]) VALUES (1273, N'TRAB69', N'ABU MOHAMMED ELECTRONICS SHOP', N'ABU MOHAMMED ELECTRONICS SHOP', 13, 19, 20, 2, 0, 1, 45, CAST(0x81370B00 AS Date), 28)
INSERT [dbo].[Customer] ([Customer_Id], [Customer_Code], [Customer_Name], [Customer_Name_BL], [Business_Type], [Customer_Type], [Customer_Group], [Location_Id], [Key_Account], [Status], [Updated_By], [Updated_Date], [Sales_Channel]) VALUES (1274, N'TRAB70', N'ABDULLA AL ASKAR ELECT DEVICES TR', N'ABDULLA AL ASKAR ELECT DEVICES TR', 13, 19, 20, 5, 0, 1, 50, CAST(0x81370B00 AS Date), 28)
INSERT [dbo].[Customer] ([Customer_Id], [Customer_Code], [Customer_Name], [Customer_Name_BL], [Business_Type], [Customer_Type], [Customer_Group], [Location_Id], [Key_Account], [Status], [Updated_By], [Updated_Date], [Sales_Channel]) VALUES (1275, N'TRAB71', N'ABU ABDULLAH ELECTRONICS & FURNITURE EST. LLC', N'ABU ABDULLAH ELECTRONICS & FURNITURE EST. LLC', 13, 19, 20, 2, 0, 1, 41, CAST(0x81370B00 AS Date), 28)
INSERT [dbo].[Customer] ([Customer_Id], [Customer_Code], [Customer_Name], [Customer_Name_BL], [Business_Type], [Customer_Type], [Customer_Group], [Location_Id], [Key_Account], [Status], [Updated_By], [Updated_Date], [Sales_Channel]) VALUES (1276, N'TRAB71E', N'ABU ABDULLAH ELECTRONICS & FURNITURE EST. LLC', N'ABU ABDULLAH ELECTRONICS & FURNITURE EST. LLC', 13, 19, 20, 2, 0, 1, 40, CAST(0x81370B00 AS Date), 28)
INSERT [dbo].[Customer] ([Customer_Id], [Customer_Code], [Customer_Name], [Customer_Name_BL], [Business_Type], [Customer_Type], [Customer_Group], [Location_Id], [Key_Account], [Status], [Updated_By], [Updated_Date], [Sales_Channel]) VALUES (1277, N'TRAB73', N'ABDUL BARI GARMENTS & GIFTS SHOP', N'ABDUL BARI GARMENTS & GIFTS SHOP', 13, 19, 22, 2, 0, 1, 40, CAST(0x81370B00 AS Date), 28)
INSERT [dbo].[Customer] ([Customer_Id], [Customer_Code], [Customer_Name], [Customer_Name_BL], [Business_Type], [Customer_Type], [Customer_Group], [Location_Id], [Key_Account], [Status], [Updated_By], [Updated_Date], [Sales_Channel]) VALUES (1278, N'TRAB73A', N'ABDUL BARI GARMENTS & GIFTS SHOP', N'ABDUL BARI GARMENTS & GIFTS SHOP', 13, 19, 22, 2, 0, 1, 41, CAST(0x81370B00 AS Date), 28)
INSERT [dbo].[Customer] ([Customer_Id], [Customer_Code], [Customer_Name], [Customer_Name_BL], [Business_Type], [Customer_Type], [Customer_Group], [Location_Id], [Key_Account], [Status], [Updated_By], [Updated_Date], [Sales_Channel]) VALUES (1279, N'TRAB74', N'ABAQ AL MADEENA  GENERAL TRADING (L.L.C)', N'ABAQ AL MADEENA  GENERAL TRADING (L.L.C)', 13, 19, 20, 3, 0, 1, 49, CAST(0x81370B00 AS Date), 28)
INSERT [dbo].[Customer] ([Customer_Id], [Customer_Code], [Customer_Name], [Customer_Name_BL], [Business_Type], [Customer_Type], [Customer_Group], [Location_Id], [Key_Account], [Status], [Updated_By], [Updated_Date], [Sales_Channel]) VALUES (1280, N'TRAB80E', N'AL ABID ELECTRONICS TRADING', N'AL ABID ELECTRONICS TRADING', 15, 18, 105, 9, 0, 1, 36, CAST(0x81370B00 AS Date), 28)
INSERT [dbo].[Customer] ([Customer_Id], [Customer_Code], [Customer_Name], [Customer_Name_BL], [Business_Type], [Customer_Type], [Customer_Group], [Location_Id], [Key_Account], [Status], [Updated_By], [Updated_Date], [Sales_Channel]) VALUES (1281, N'TRAB81', N'ABU SIRAJ ELECTRONICS LLC', N'ABU SIRAJ ELECTRONICS LLC', 13, 19, 20, 2, 0, 1, 40, CAST(0x81370B00 AS Date), 28)
INSERT [dbo].[Customer] ([Customer_Id], [Customer_Code], [Customer_Name], [Customer_Name_BL], [Business_Type], [Customer_Type], [Customer_Group], [Location_Id], [Key_Account], [Status], [Updated_By], [Updated_Date], [Sales_Channel]) VALUES (1282, N'TRAB81A', N'ABU SIRAJ ELECTRONICS LLC', N'ABU SIRAJ ELECTRONICS LLC', 13, 19, 20, 2, 0, 1, 41, CAST(0x81370B00 AS Date), 28)
INSERT [dbo].[Customer] ([Customer_Id], [Customer_Code], [Customer_Name], [Customer_Name_BL], [Business_Type], [Customer_Type], [Customer_Group], [Location_Id], [Key_Account], [Status], [Updated_By], [Updated_Date], [Sales_Channel]) VALUES (1283, N'TRAB82', N'NEW ABDUL RAHIM STORE', N'NEW ABDUL RAHIM STORE', 13, 19, 20, 4, 0, 1, 62, CAST(0x81370B00 AS Date), 28)
INSERT [dbo].[Customer] ([Customer_Id], [Customer_Code], [Customer_Name], [Customer_Name_BL], [Business_Type], [Customer_Type], [Customer_Group], [Location_Id], [Key_Account], [Status], [Updated_By], [Updated_Date], [Sales_Channel]) VALUES (1284, N'TRAC04', N'ACQUIRE TRADING', N'ACQUIRE TRADING', 13, 19, 20, 3, 0, 1, 44, CAST(0x81370B00 AS Date), 28)
INSERT [dbo].[Customer] ([Customer_Id], [Customer_Code], [Customer_Name], [Customer_Name_BL], [Business_Type], [Customer_Type], [Customer_Group], [Location_Id], [Key_Account], [Status], [Updated_By], [Updated_Date], [Sales_Channel]) VALUES (1285, N'TRAC05', N'ACACIA HOTELS LLC', N'ACACIA HOTELS LLC', 132, 19, 20, 8, 0, 1, 36, CAST(0x81370B00 AS Date), 28)
INSERT [dbo].[Customer] ([Customer_Id], [Customer_Code], [Customer_Name], [Customer_Name_BL], [Business_Type], [Customer_Type], [Customer_Group], [Location_Id], [Key_Account], [Status], [Updated_By], [Updated_Date], [Sales_Channel]) VALUES (1286, N'TRAC50', N'ACCURATE COMMERCIAL BROKERS', N'ACCURATE COMMERCIAL BROKERS', 15, 19, 22, 3, 1, 1, 38, CAST(0x81370B00 AS Date), 28)
INSERT [dbo].[Customer] ([Customer_Id], [Customer_Code], [Customer_Name], [Customer_Name_BL], [Business_Type], [Customer_Type], [Customer_Group], [Location_Id], [Key_Account], [Status], [Updated_By], [Updated_Date], [Sales_Channel]) VALUES (1287, N'TRAC50E', N'ACCURATE COMMERCIAL BROKERS', N'ACCURATE COMMERCIAL BROKERS', 15, 19, 22, 3, 1, 1, 53, CAST(0x81370B00 AS Date), 28)
INSERT [dbo].[Customer] ([Customer_Id], [Customer_Code], [Customer_Name], [Customer_Name_BL], [Business_Type], [Customer_Type], [Customer_Group], [Location_Id], [Key_Account], [Status], [Updated_By], [Updated_Date], [Sales_Channel]) VALUES (1288, N'TRAD01', N'AL ADEL FURNITURE', N'AL ADEL FURNITURE', 13, 19, 20, 2, 0, 1, 45, CAST(0x81370B00 AS Date), 28)
INSERT [dbo].[Customer] ([Customer_Id], [Customer_Code], [Customer_Name], [Customer_Name_BL], [Business_Type], [Customer_Type], [Customer_Group], [Location_Id], [Key_Account], [Status], [Updated_By], [Updated_Date], [Sales_Channel]) VALUES (1289, N'TRAD02', N'AL ADIL AL GHAZAL ELEC.', N'AL ADIL AL GHAZAL ELEC.', 13, 19, 20, 3, 0, 1, 61, CAST(0x81370B00 AS Date), 28)
INSERT [dbo].[Customer] ([Customer_Id], [Customer_Code], [Customer_Name], [Customer_Name_BL], [Business_Type], [Customer_Type], [Customer_Group], [Location_Id], [Key_Account], [Status], [Updated_By], [Updated_Date], [Sales_Channel]) VALUES (1290, N'TRAD02E', N'AL ADIL AL GHAZAL ELEC.', N'AL ADIL AL GHAZAL ELEC.', 13, 19, 20, 3, 0, 1, 61, CAST(0x81370B00 AS Date), 28)
INSERT [dbo].[Customer] ([Customer_Id], [Customer_Code], [Customer_Name], [Customer_Name_BL], [Business_Type], [Customer_Type], [Customer_Group], [Location_Id], [Key_Account], [Status], [Updated_By], [Updated_Date], [Sales_Channel]) VALUES (1291, N'TRAD03', N'ADEEL ELECTRONICS', N'ADEEL ELECTRONICS', 13, 19, 20, 5, 0, 1, 50, CAST(0x81370B00 AS Date), 28)
INSERT [dbo].[Customer] ([Customer_Id], [Customer_Code], [Customer_Name], [Customer_Name_BL], [Business_Type], [Customer_Type], [Customer_Group], [Location_Id], [Key_Account], [Status], [Updated_By], [Updated_Date], [Sales_Channel]) VALUES (1292, N'TRAD04', N'ADMIRAL ELECT. DEVICES', N'ADMIRAL ELECT. DEVICES', 13, 19, 20, 5, 0, 1, 39, CAST(0x81370B00 AS Date), 28)
INSERT [dbo].[Customer] ([Customer_Id], [Customer_Code], [Customer_Name], [Customer_Name_BL], [Business_Type], [Customer_Type], [Customer_Group], [Location_Id], [Key_Account], [Status], [Updated_By], [Updated_Date], [Sales_Channel]) VALUES (1293, N'TRAD05', N'ADEL ELECTRONICS TRADING CO', N'ADEL ELECTRONICS TRADING CO', 13, 19, 20, 3, 0, 1, 61, CAST(0x81370B00 AS Date), 28)
INSERT [dbo].[Customer] ([Customer_Id], [Customer_Code], [Customer_Name], [Customer_Name_BL], [Business_Type], [Customer_Type], [Customer_Group], [Location_Id], [Key_Account], [Status], [Updated_By], [Updated_Date], [Sales_Channel]) VALUES (1294, N'TRAD06', N'ADHWA AL MANAR', N'ADHWA AL MANAR', 13, 19, 20, 5, 0, 1, 39, CAST(0x81370B00 AS Date), 28)
INSERT [dbo].[Customer] ([Customer_Id], [Customer_Code], [Customer_Name], [Customer_Name_BL], [Business_Type], [Customer_Type], [Customer_Group], [Location_Id], [Key_Account], [Status], [Updated_By], [Updated_Date], [Sales_Channel]) VALUES (1295, N'TRAD06A', N'ADHWA AL MANAR', N'ADHWA AL MANAR', 13, 19, 20, 5, 0, 1, 39, CAST(0x81370B00 AS Date), 28)
INSERT [dbo].[Customer] ([Customer_Id], [Customer_Code], [Customer_Name], [Customer_Name_BL], [Business_Type], [Customer_Type], [Customer_Group], [Location_Id], [Key_Account], [Status], [Updated_By], [Updated_Date], [Sales_Channel]) VALUES (1296, N'TRAF02', N'AL AFRA TRADING STORES', N'AL AFRA TRADING STORES', 13, 19, 20, 4, 0, 1, 62, CAST(0x81370B00 AS Date), 28)
INSERT [dbo].[Customer] ([Customer_Id], [Customer_Code], [Customer_Name], [Customer_Name_BL], [Business_Type], [Customer_Type], [Customer_Group], [Location_Id], [Key_Account], [Status], [Updated_By], [Updated_Date], [Sales_Channel]) VALUES (1297, N'TRAF03', N'AFRICAN PALACE GENERAL TRADING', N'AFRICAN PALACE GENERAL TRADING', 13, 19, 20, 3, 0, 1, 49, CAST(0x81370B00 AS Date), 28)
INSERT [dbo].[Customer] ([Customer_Id], [Customer_Code], [Customer_Name], [Customer_Name_BL], [Business_Type], [Customer_Type], [Customer_Group], [Location_Id], [Key_Account], [Status], [Updated_By], [Updated_Date], [Sales_Channel]) VALUES (1298, N'TRAF04', N'AFROOZ GEN.TR.CO.LLC', N'AFROOZ GEN.TR.CO.LLC', 13, 19, 20, 5, 0, 1, 42, CAST(0x81370B00 AS Date), 28)
INSERT [dbo].[Customer] ([Customer_Id], [Customer_Code], [Customer_Name], [Customer_Name_BL], [Business_Type], [Customer_Type], [Customer_Group], [Location_Id], [Key_Account], [Status], [Updated_By], [Updated_Date], [Sales_Channel]) VALUES (1299, N'TRAG02', N'AGROGREEN GENERAL TRADING CO L.L.C', N'AGROGREEN GENERAL TRADING CO L.L.C', 13, 19, 20, 3, 0, 1, 44, CAST(0x81370B00 AS Date), 28)
INSERT [dbo].[Customer] ([Customer_Id], [Customer_Code], [Customer_Name], [Customer_Name_BL], [Business_Type], [Customer_Type], [Customer_Group], [Location_Id], [Key_Account], [Status], [Updated_By], [Updated_Date], [Sales_Channel]) VALUES (1300, N'TRAG03', N'AL GHAIL SUPERMARKET LLC', N'AL GHAIL SUPERMARKET LLC', 15, 19, 20, 8, 0, 1, 36, CAST(0x81370B00 AS Date), 28)
INSERT [dbo].[Customer] ([Customer_Id], [Customer_Code], [Customer_Name], [Customer_Name_BL], [Business_Type], [Customer_Type], [Customer_Group], [Location_Id], [Key_Account], [Status], [Updated_By], [Updated_Date], [Sales_Channel]) VALUES (1301, N'TRAH01', N'AL AHLIA GULF LINE GENERAL TRADING CO. PVT. LTD.', N'AL AHLIA GULF LINE GENERAL TRADING CO. PVT. LTD.', 35, 31, 21, 3, 0, 1, 59, CAST(0x81370B00 AS Date), 30)
INSERT [dbo].[Customer] ([Customer_Id], [Customer_Code], [Customer_Name], [Customer_Name_BL], [Business_Type], [Customer_Type], [Customer_Group], [Location_Id], [Key_Account], [Status], [Updated_By], [Updated_Date], [Sales_Channel]) VALUES (1302, N'TRAH01W', N'AHMED ZAIN AL TRADING', N'AHMED ZAIN AL TRADING', 33, 18, 22, 3, 0, 1, 37, CAST(0x81370B00 AS Date), 29)
INSERT [dbo].[Customer] ([Customer_Id], [Customer_Code], [Customer_Name], [Customer_Name_BL], [Business_Type], [Customer_Type], [Customer_Group], [Location_Id], [Key_Account], [Status], [Updated_By], [Updated_Date], [Sales_Channel]) VALUES (1303, N'TRAH03', N'AL AHLIA GENERAL TRADING', N'AL AHLIA GENERAL TRADING', 13, 19, 20, 2, 0, 1, 45, CAST(0x81370B00 AS Date), 28)
INSERT [dbo].[Customer] ([Customer_Id], [Customer_Code], [Customer_Name], [Customer_Name_BL], [Business_Type], [Customer_Type], [Customer_Group], [Location_Id], [Key_Account], [Status], [Updated_By], [Updated_Date], [Sales_Channel]) VALUES (1304, N'TRAH04E', N'AHUJA ELECTRICAL APPLIANCES CO. BR.', N'AHUJA ELECTRICAL APPLIANCES CO. BR.', 13, 19, 20, 3, 0, 1, 44, CAST(0x81370B00 AS Date), 28)
INSERT [dbo].[Customer] ([Customer_Id], [Customer_Code], [Customer_Name], [Customer_Name_BL], [Business_Type], [Customer_Type], [Customer_Group], [Location_Id], [Key_Account], [Status], [Updated_By], [Updated_Date], [Sales_Channel]) VALUES (1305, N'TRAH05', N'AHMED JUMA WATCHES & ELECT DEV. TR EST', N'AHMED JUMA WATCHES & ELECT DEV. TR EST', 13, 19, 20, 5, 0, 1, 50, CAST(0x81370B00 AS Date), 28)
INSERT [dbo].[Customer] ([Customer_Id], [Customer_Code], [Customer_Name], [Customer_Name_BL], [Business_Type], [Customer_Type], [Customer_Group], [Location_Id], [Key_Account], [Status], [Updated_By], [Updated_Date], [Sales_Channel]) VALUES (1306, N'TRAH05A', N'AHMED JUMA WATCHES & ELECT DEV. TR EST', N'AHMED JUMA WATCHES & ELECT DEV. TR EST', 13, 19, 20, 5, 0, 1, 50, CAST(0x81370B00 AS Date), 28)
INSERT [dbo].[Customer] ([Customer_Id], [Customer_Code], [Customer_Name], [Customer_Name_BL], [Business_Type], [Customer_Type], [Customer_Group], [Location_Id], [Key_Account], [Status], [Updated_By], [Updated_Date], [Sales_Channel]) VALUES (1307, N'TRAH06', N'AHMED ZAINAL READYMADE GARMETS TRADING (LLC)', N'AHMED ZAINAL READYMADE GARMETS TRADING (LLC)', 13, 19, 20, 3, 0, 1, 38, CAST(0x81370B00 AS Date), 28)
INSERT [dbo].[Customer] ([Customer_Id], [Customer_Code], [Customer_Name], [Customer_Name_BL], [Business_Type], [Customer_Type], [Customer_Group], [Location_Id], [Key_Account], [Status], [Updated_By], [Updated_Date], [Sales_Channel]) VALUES (1308, N'TRAH06E', N'AHMED ZAINAL READYMADE GARMETS TRADING (LLC)', N'AHMED ZAINAL READYMADE GARMETS TRADING (LLC)', 13, 19, 20, 3, 0, 1, 53, CAST(0x81370B00 AS Date), 28)
INSERT [dbo].[Customer] ([Customer_Id], [Customer_Code], [Customer_Name], [Customer_Name_BL], [Business_Type], [Customer_Type], [Customer_Group], [Location_Id], [Key_Account], [Status], [Updated_By], [Updated_Date], [Sales_Channel]) VALUES (1309, N'TRAH07', N'AL AHLI GEN. TR. CO. LTD  SHJ BRANCH', N'AL AHLI GEN. TR. CO. LTD  SHJ BRANCH', 13, 19, 20, 5, 0, 1, 42, CAST(0x81370B00 AS Date), 28)
INSERT [dbo].[Customer] ([Customer_Id], [Customer_Code], [Customer_Name], [Customer_Name_BL], [Business_Type], [Customer_Type], [Customer_Group], [Location_Id], [Key_Account], [Status], [Updated_By], [Updated_Date], [Sales_Channel]) VALUES (1310, N'TRAH50', N'AL AHRAMAT ELECTRONICS R A K', N'AL AHRAMAT ELECTRONICS R A K', 121, 18, 22, 8, 0, 1, 36, CAST(0x81370B00 AS Date), 28)
INSERT [dbo].[Customer] ([Customer_Id], [Customer_Code], [Customer_Name], [Customer_Name_BL], [Business_Type], [Customer_Type], [Customer_Group], [Location_Id], [Key_Account], [Status], [Updated_By], [Updated_Date], [Sales_Channel]) VALUES (1311, N'TRAI01', N'AISHA ELECTRONICS', N'AISHA ELECTRONICS', 13, 19, 20, 2, 0, 1, 45, CAST(0x81370B00 AS Date), 28)
INSERT [dbo].[Customer] ([Customer_Id], [Customer_Code], [Customer_Name], [Customer_Name_BL], [Business_Type], [Customer_Type], [Customer_Group], [Location_Id], [Key_Account], [Status], [Updated_By], [Updated_Date], [Sales_Channel]) VALUES (1312, N'TRAI02', N'AIR INDIA', N'AIR INDIA', 38, 31, 21, 3, 0, 1, 59, CAST(0x81370B00 AS Date), 30)
INSERT [dbo].[Customer] ([Customer_Id], [Customer_Code], [Customer_Name], [Customer_Name_BL], [Business_Type], [Customer_Type], [Customer_Group], [Location_Id], [Key_Account], [Status], [Updated_By], [Updated_Date], [Sales_Channel]) VALUES (1313, N'TRAI03', N'AIN AL MADINA HYPER MARKET L.L.C', N'AIN AL MADINA HYPER MARKET L.L.C', 42, 19, 20, 10, 0, 1, 42, CAST(0x81370B00 AS Date), 28)
INSERT [dbo].[Customer] ([Customer_Id], [Customer_Code], [Customer_Name], [Customer_Name_BL], [Business_Type], [Customer_Type], [Customer_Group], [Location_Id], [Key_Account], [Status], [Updated_By], [Updated_Date], [Sales_Channel]) VALUES (1314, N'TRAI03A', N'AIN AL MADINA HYPER MARKET L.L.C', N'AIN AL MADINA HYPER MARKET L.L.C', 42, 19, 20, 10, 0, 1, 42, CAST(0x81370B00 AS Date), 28)
INSERT [dbo].[Customer] ([Customer_Id], [Customer_Code], [Customer_Name], [Customer_Name_BL], [Business_Type], [Customer_Type], [Customer_Group], [Location_Id], [Key_Account], [Status], [Updated_By], [Updated_Date], [Sales_Channel]) VALUES (1315, N'TRAI04', N'AL IMAN ELECTRONICS', N'AL IMAN ELECTRONICS', 13, 19, 20, 25, 0, 1, 42, CAST(0x81370B00 AS Date), 28)
INSERT [dbo].[Customer] ([Customer_Id], [Customer_Code], [Customer_Name], [Customer_Name_BL], [Business_Type], [Customer_Type], [Customer_Group], [Location_Id], [Key_Account], [Status], [Updated_By], [Updated_Date], [Sales_Channel]) VALUES (1316, N'TRAI05', N'AIWAS INTERNATIONAL GENERAL TRADING LLC', N'AIWAS INTERNATIONAL GENERAL TRADING LLC', 13, 19, 20, 3, 0, 1, 53, CAST(0x81370B00 AS Date), 28)
INSERT [dbo].[Customer] ([Customer_Id], [Customer_Code], [Customer_Name], [Customer_Name_BL], [Business_Type], [Customer_Type], [Customer_Group], [Location_Id], [Key_Account], [Status], [Updated_By], [Updated_Date], [Sales_Channel]) VALUES (1317, N'TRAJ01', N'AJMAN TRADING', N'AJMAN TRADING', 13, 19, 20, 4, 0, 1, 49, CAST(0x81370B00 AS Date), 28)
INSERT [dbo].[Customer] ([Customer_Id], [Customer_Code], [Customer_Name], [Customer_Name_BL], [Business_Type], [Customer_Type], [Customer_Group], [Location_Id], [Key_Account], [Status], [Updated_By], [Updated_Date], [Sales_Channel]) VALUES (1318, N'TRAJ03', N'AL AJAYEB BAZAR', N'AL AJAYEB BAZAR', 13, 19, 20, 4, 0, 1, 49, CAST(0x81370B00 AS Date), 28)
INSERT [dbo].[Customer] ([Customer_Id], [Customer_Code], [Customer_Name], [Customer_Name_BL], [Business_Type], [Customer_Type], [Customer_Group], [Location_Id], [Key_Account], [Status], [Updated_By], [Updated_Date], [Sales_Channel]) VALUES (1319, N'TRAJ03A', N'AL AJAYEB BAZAR', N'AL AJAYEB BAZAR', 13, 19, 20, 4, 0, 1, 62, CAST(0x81370B00 AS Date), 28)
INSERT [dbo].[Customer] ([Customer_Id], [Customer_Code], [Customer_Name], [Customer_Name_BL], [Business_Type], [Customer_Type], [Customer_Group], [Location_Id], [Key_Account], [Status], [Updated_By], [Updated_Date], [Sales_Channel]) VALUES (1320, N'TRAJ07', N'AJMAN ELECTRICAL DEVICES', N'AJMAN ELECTRICAL DEVICES', 13, 19, 20, 5, 0, 1, 63, CAST(0x81370B00 AS Date), 28)
INSERT [dbo].[Customer] ([Customer_Id], [Customer_Code], [Customer_Name], [Customer_Name_BL], [Business_Type], [Customer_Type], [Customer_Group], [Location_Id], [Key_Account], [Status], [Updated_By], [Updated_Date], [Sales_Channel]) VALUES (1321, N'TRAJ36', N'AL JADAF EXHIBITION', N'AL JADAF EXHIBITION', 13, 19, 20, 5, 0, 1, 64, CAST(0x81370B00 AS Date), 28)
INSERT [dbo].[Customer] ([Customer_Id], [Customer_Code], [Customer_Name], [Customer_Name_BL], [Business_Type], [Customer_Type], [Customer_Group], [Location_Id], [Key_Account], [Status], [Updated_By], [Updated_Date], [Sales_Channel]) VALUES (1322, N'TRAK01', N'AKSEE TRADERS L.L.C.', N'AKSEE TRADERS L.L.C.', 13, 19, 20, 3, 0, 1, 49, CAST(0x81370B00 AS Date), 28)
INSERT [dbo].[Customer] ([Customer_Id], [Customer_Code], [Customer_Name], [Customer_Name_BL], [Business_Type], [Customer_Type], [Customer_Group], [Location_Id], [Key_Account], [Status], [Updated_By], [Updated_Date], [Sales_Channel]) VALUES (1323, N'TRAK01E', N'AKSEE TRADERS L.L.C.', N'AKSEE TRADERS L.L.C.', 13, 19, 20, 3, 0, 1, 49, CAST(0x81370B00 AS Date), 28)
INSERT [dbo].[Customer] ([Customer_Id], [Customer_Code], [Customer_Name], [Customer_Name_BL], [Business_Type], [Customer_Type], [Customer_Group], [Location_Id], [Key_Account], [Status], [Updated_By], [Updated_Date], [Sales_Channel]) VALUES (1324, N'TRAK02', N'M. AKBAR ELECTRONICS', N'M. AKBAR ELECTRONICS', 13, 19, 20, 2, 0, 1, 45, CAST(0x81370B00 AS Date), 28)
INSERT [dbo].[Customer] ([Customer_Id], [Customer_Code], [Customer_Name], [Customer_Name_BL], [Business_Type], [Customer_Type], [Customer_Group], [Location_Id], [Key_Account], [Status], [Updated_By], [Updated_Date], [Sales_Channel]) VALUES (1325, N'TRAK03', N'AL AKHYAR ELECTRONICS & GIFTS', N'AL AKHYAR ELECTRONICS & GIFTS', 13, 19, 20, 5, 0, 1, 39, CAST(0x81370B00 AS Date), 28)
INSERT [dbo].[Customer] ([Customer_Id], [Customer_Code], [Customer_Name], [Customer_Name_BL], [Business_Type], [Customer_Type], [Customer_Group], [Location_Id], [Key_Account], [Status], [Updated_By], [Updated_Date], [Sales_Channel]) VALUES (1326, N'TRAL01', N'AL SAMA ELECTRONICS', N'AL SAMA ELECTRONICS', 32, 18, 20, 8, 0, 1, 36, CAST(0x81370B00 AS Date), 28)
INSERT [dbo].[Customer] ([Customer_Id], [Customer_Code], [Customer_Name], [Customer_Name_BL], [Business_Type], [Customer_Type], [Customer_Group], [Location_Id], [Key_Account], [Status], [Updated_By], [Updated_Date], [Sales_Channel]) VALUES (1327, N'TRAL01W', N'AL BARSHA ELECTRONICS TRADING', N'AL BARSHA ELECTRONICS TRADING', 33, 19, 22, 3, 0, 1, 37, CAST(0x81370B00 AS Date), 29)
INSERT [dbo].[Customer] ([Customer_Id], [Customer_Code], [Customer_Name], [Customer_Name_BL], [Business_Type], [Customer_Type], [Customer_Group], [Location_Id], [Key_Account], [Status], [Updated_By], [Updated_Date], [Sales_Channel]) VALUES (1328, N'TRAL02W', N'AL BETOULAH ELECTRONIC WARE', N'AL BETOULAH ELECTRONIC WARE', 33, 18, 22, 5, 0, 1, 37, CAST(0x81370B00 AS Date), 29)
INSERT [dbo].[Customer] ([Customer_Id], [Customer_Code], [Customer_Name], [Customer_Name_BL], [Business_Type], [Customer_Type], [Customer_Group], [Location_Id], [Key_Account], [Status], [Updated_By], [Updated_Date], [Sales_Channel]) VALUES (1329, N'TRAL03', N'ALIKHA AIRCONDITIONING', N'ALIKHA AIRCONDITIONING', 14, 19, 20, 3, 0, 1, 38, CAST(0x81370B00 AS Date), 28)
INSERT [dbo].[Customer] ([Customer_Id], [Customer_Code], [Customer_Name], [Customer_Name_BL], [Business_Type], [Customer_Type], [Customer_Group], [Location_Id], [Key_Account], [Status], [Updated_By], [Updated_Date], [Sales_Channel]) VALUES (1330, N'TRAL04', N'AL MAITHA ELECTRONICS TR', N'AL MAITHA ELECTRONICS TR', 13, 19, 20, 5, 0, 1, 39, CAST(0x81370B00 AS Date), 28)
INSERT [dbo].[Customer] ([Customer_Id], [Customer_Code], [Customer_Name], [Customer_Name_BL], [Business_Type], [Customer_Type], [Customer_Group], [Location_Id], [Key_Account], [Status], [Updated_By], [Updated_Date], [Sales_Channel]) VALUES (1331, N'TRAL06', N'AL DALLAH AL FIDDIYA', N'AL DALLAH AL FIDDIYA', 13, 19, 20, 2, 0, 1, 38, CAST(0x81370B00 AS Date), 28)
INSERT [dbo].[Customer] ([Customer_Id], [Customer_Code], [Customer_Name], [Customer_Name_BL], [Business_Type], [Customer_Type], [Customer_Group], [Location_Id], [Key_Account], [Status], [Updated_By], [Updated_Date], [Sales_Channel]) VALUES (1332, N'TRAL07W', N'AL  SOHBA FASHION', N'AL  SOHBA FASHION', 33, 18, 22, 3, 0, 1, 37, CAST(0x81370B00 AS Date), 29)
INSERT [dbo].[Customer] ([Customer_Id], [Customer_Code], [Customer_Name], [Customer_Name_BL], [Business_Type], [Customer_Type], [Customer_Group], [Location_Id], [Key_Account], [Status], [Updated_By], [Updated_Date], [Sales_Channel]) VALUES (1333, N'TRAL08', N'ALAM SUPER MARKET LLC', N'ALAM SUPER MARKET LLC', 15, 17, 22, 2, 1, 1, 40, CAST(0x81370B00 AS Date), 28)
INSERT [dbo].[Customer] ([Customer_Id], [Customer_Code], [Customer_Name], [Customer_Name_BL], [Business_Type], [Customer_Type], [Customer_Group], [Location_Id], [Key_Account], [Status], [Updated_By], [Updated_Date], [Sales_Channel]) VALUES (1334, N'TRAL08A', N'ALAM SUPER MARKET LLC', N'ALAM SUPER MARKET LLC', 15, 17, 22, 2, 1, 1, 41, CAST(0x81370B00 AS Date), 28)
INSERT [dbo].[Customer] ([Customer_Id], [Customer_Code], [Customer_Name], [Customer_Name_BL], [Business_Type], [Customer_Type], [Customer_Group], [Location_Id], [Key_Account], [Status], [Updated_By], [Updated_Date], [Sales_Channel]) VALUES (1335, N'TRAL08E', N'ALAM SUPER MARKET LLC', N'ALAM SUPER MARKET LLC', 15, 17, 22, 2, 1, 1, 38, CAST(0x81370B00 AS Date), 28)
INSERT [dbo].[Customer] ([Customer_Id], [Customer_Code], [Customer_Name], [Customer_Name_BL], [Business_Type], [Customer_Type], [Customer_Group], [Location_Id], [Key_Account], [Status], [Updated_By], [Updated_Date], [Sales_Channel]) VALUES (1336, N'TRAL14', N'ALI HAMZA H. H. MATERIALS', N'ALI HAMZA H. H. MATERIALS', 13, 19, 20, 5, 0, 1, 38, CAST(0x81370B00 AS Date), 28)
INSERT [dbo].[Customer] ([Customer_Id], [Customer_Code], [Customer_Name], [Customer_Name_BL], [Business_Type], [Customer_Type], [Customer_Group], [Location_Id], [Key_Account], [Status], [Updated_By], [Updated_Date], [Sales_Channel]) VALUES (1337, N'TRAL14E', N'ALI HAMZA H. H. MATERIALS', N'ALI HAMZA H. H. MATERIALS', 13, 19, 20, 5, 0, 1, 42, CAST(0x81370B00 AS Date), 28)
INSERT [dbo].[Customer] ([Customer_Id], [Customer_Code], [Customer_Name], [Customer_Name_BL], [Business_Type], [Customer_Type], [Customer_Group], [Location_Id], [Key_Account], [Status], [Updated_By], [Updated_Date], [Sales_Channel]) VALUES (1338, N'TRAL20', N'ALI SALEH FURNITURE CO. W.L.L.', N'ALI SALEH FURNITURE CO. W.L.L.', 13, 19, 20, 2, 0, 1, 40, CAST(0x81370B00 AS Date), 28)
INSERT [dbo].[Customer] ([Customer_Id], [Customer_Code], [Customer_Name], [Customer_Name_BL], [Business_Type], [Customer_Type], [Customer_Group], [Location_Id], [Key_Account], [Status], [Updated_By], [Updated_Date], [Sales_Channel]) VALUES (1339, N'TRAL20A', N'ALI SALEH FURNITURE CO. W.L.L.', N'ALI SALEH FURNITURE CO. W.L.L.', 13, 19, 20, 2, 0, 1, 41, CAST(0x81370B00 AS Date), 28)
INSERT [dbo].[Customer] ([Customer_Id], [Customer_Code], [Customer_Name], [Customer_Name_BL], [Business_Type], [Customer_Type], [Customer_Group], [Location_Id], [Key_Account], [Status], [Updated_By], [Updated_Date], [Sales_Channel]) VALUES (1340, N'TRAL23', N'ALI IBRAHIMI TRADING CO. LLC', N'ALI IBRAHIMI TRADING CO. LLC', 13, 19, 20, 3, 0, 1, 44, CAST(0x81370B00 AS Date), 28)
INSERT [dbo].[Customer] ([Customer_Id], [Customer_Code], [Customer_Name], [Customer_Name_BL], [Business_Type], [Customer_Type], [Customer_Group], [Location_Id], [Key_Account], [Status], [Updated_By], [Updated_Date], [Sales_Channel]) VALUES (1341, N'TRAL25', N'AL ADEL FURNITURE', N'AL ADEL FURNITURE', 13, 19, 20, 2, 0, 1, 45, CAST(0x81370B00 AS Date), 28)
INSERT [dbo].[Customer] ([Customer_Id], [Customer_Code], [Customer_Name], [Customer_Name_BL], [Business_Type], [Customer_Type], [Customer_Group], [Location_Id], [Key_Account], [Status], [Updated_By], [Updated_Date], [Sales_Channel]) VALUES (1342, N'TRAL26', N'ALDIN INTERNATIONAL FZC', N'ALDIN INTERNATIONAL FZC', 13, 31, 21, 5, 0, 1, 46, CAST(0x81370B00 AS Date), 30)
INSERT [dbo].[Customer] ([Customer_Id], [Customer_Code], [Customer_Name], [Customer_Name_BL], [Business_Type], [Customer_Type], [Customer_Group], [Location_Id], [Key_Account], [Status], [Updated_By], [Updated_Date], [Sales_Channel]) VALUES (1343, N'TRAL27', N'AL REYAMI OFFICE FURNISHING & GENERAL TRADING', N'AL REYAMI OFFICE FURNISHING & GENERAL TRADING', 35, 31, 21, 3, 0, 1, 48, CAST(0x81370B00 AS Date), 30)
INSERT [dbo].[Customer] ([Customer_Id], [Customer_Code], [Customer_Name], [Customer_Name_BL], [Business_Type], [Customer_Type], [Customer_Group], [Location_Id], [Key_Account], [Status], [Updated_By], [Updated_Date], [Sales_Channel]) VALUES (1344, N'TRAL28', N'AL BADDAD INTERNATIONAL', N'AL BADDAD INTERNATIONAL', 35, 31, 21, 5, 0, 1, 48, CAST(0x81370B00 AS Date), 30)
GO
print 'Processed 100 total records'
INSERT [dbo].[Customer] ([Customer_Id], [Customer_Code], [Customer_Name], [Customer_Name_BL], [Business_Type], [Customer_Type], [Customer_Group], [Location_Id], [Key_Account], [Status], [Updated_By], [Updated_Date], [Sales_Channel]) VALUES (1345, N'TRAL29', N'AL MADEENA (AL AIN CO OP)', N'AL MADEENA (AL AIN CO OP)', 13, 19, 22, 4, 0, 1, 49, CAST(0x81370B00 AS Date), 28)
INSERT [dbo].[Customer] ([Customer_Id], [Customer_Code], [Customer_Name], [Customer_Name_BL], [Business_Type], [Customer_Type], [Customer_Group], [Location_Id], [Key_Account], [Status], [Updated_By], [Updated_Date], [Sales_Channel]) VALUES (1346, N'TRAL30', N'ALBWARDI ENGINEERING ENTERPRISES EST', N'ALBWARDI ENGINEERING ENTERPRISES EST', 36, 31, 21, 3, 0, 1, 48, CAST(0x81370B00 AS Date), 30)
INSERT [dbo].[Customer] ([Customer_Id], [Customer_Code], [Customer_Name], [Customer_Name_BL], [Business_Type], [Customer_Type], [Customer_Group], [Location_Id], [Key_Account], [Status], [Updated_By], [Updated_Date], [Sales_Channel]) VALUES (1347, N'TRAL50', N'AL AIN MARKETING  - AJMAN', N'AL AIN MARKETING  - AJMAN', 32, 18, 20, 10, 0, 1, 42, CAST(0x81370B00 AS Date), 28)
INSERT [dbo].[Customer] ([Customer_Id], [Customer_Code], [Customer_Name], [Customer_Name_BL], [Business_Type], [Customer_Type], [Customer_Group], [Location_Id], [Key_Account], [Status], [Updated_By], [Updated_Date], [Sales_Channel]) VALUES (1348, N'TRAL50E', N'AL AIN MARKETING  - AJMAN', N'AL AIN MARKETING  - AJMAN', 32, 18, 20, 10, 0, 1, 50, CAST(0x81370B00 AS Date), 28)
INSERT [dbo].[Customer] ([Customer_Id], [Customer_Code], [Customer_Name], [Customer_Name_BL], [Business_Type], [Customer_Type], [Customer_Group], [Location_Id], [Key_Account], [Status], [Updated_By], [Updated_Date], [Sales_Channel]) VALUES (1349, N'TRAL51', N'AL EITIMAD ELECTRONIC EQUIPMENT', N'AL EITIMAD ELECTRONIC EQUIPMENT', 32, 18, 20, 8, 0, 1, 51, CAST(0x81370B00 AS Date), 28)
INSERT [dbo].[Customer] ([Customer_Id], [Customer_Code], [Customer_Name], [Customer_Name_BL], [Business_Type], [Customer_Type], [Customer_Group], [Location_Id], [Key_Account], [Status], [Updated_By], [Updated_Date], [Sales_Channel]) VALUES (1350, N'TRAL52', N'AL AIN GIFT MARKETS', N'AL AIN GIFT MARKETS', 32, 18, 20, 4, 0, 1, 49, CAST(0x81370B00 AS Date), 28)
INSERT [dbo].[Customer] ([Customer_Id], [Customer_Code], [Customer_Name], [Customer_Name_BL], [Business_Type], [Customer_Type], [Customer_Group], [Location_Id], [Key_Account], [Status], [Updated_By], [Updated_Date], [Sales_Channel]) VALUES (1351, N'TRAL53', N'AL SIRAJ ELECTRONICS', N'AL SIRAJ ELECTRONICS', 32, 18, 20, 5, 0, 1, 52, CAST(0x81370B00 AS Date), 28)
INSERT [dbo].[Customer] ([Customer_Id], [Customer_Code], [Customer_Name], [Customer_Name_BL], [Business_Type], [Customer_Type], [Customer_Group], [Location_Id], [Key_Account], [Status], [Updated_By], [Updated_Date], [Sales_Channel]) VALUES (1352, N'TRAL53E', N'AL SIRAJ ELECTRONICS', N'AL SIRAJ ELECTRONICS', 32, 18, 20, 5, 0, 1, 53, CAST(0x81370B00 AS Date), 28)
INSERT [dbo].[Customer] ([Customer_Id], [Customer_Code], [Customer_Name], [Customer_Name_BL], [Business_Type], [Customer_Type], [Customer_Group], [Location_Id], [Key_Account], [Status], [Updated_By], [Updated_Date], [Sales_Channel]) VALUES (1353, N'TRAL54', N'AL MADAM TR. CENTER LLC', N'AL MADAM TR. CENTER LLC', 32, 18, 20, 5, 0, 1, 52, CAST(0x81370B00 AS Date), 28)
INSERT [dbo].[Customer] ([Customer_Id], [Customer_Code], [Customer_Name], [Customer_Name_BL], [Business_Type], [Customer_Type], [Customer_Group], [Location_Id], [Key_Account], [Status], [Updated_By], [Updated_Date], [Sales_Channel]) VALUES (1354, N'TRAL54E', N'AL MADAM TR. CENTER LLC', N'AL MADAM TR. CENTER LLC', 32, 18, 20, 5, 0, 1, 53, CAST(0x81370B00 AS Date), 28)
INSERT [dbo].[Customer] ([Customer_Id], [Customer_Code], [Customer_Name], [Customer_Name_BL], [Business_Type], [Customer_Type], [Customer_Group], [Location_Id], [Key_Account], [Status], [Updated_By], [Updated_Date], [Sales_Channel]) VALUES (1355, N'TRAL55', N'AL JAMHOOR ELECTRONICS EXHIBITION', N'AL JAMHOOR ELECTRONICS EXHIBITION', 32, 18, 20, 5, 0, 1, 36, CAST(0x81370B00 AS Date), 28)
INSERT [dbo].[Customer] ([Customer_Id], [Customer_Code], [Customer_Name], [Customer_Name_BL], [Business_Type], [Customer_Type], [Customer_Group], [Location_Id], [Key_Account], [Status], [Updated_By], [Updated_Date], [Sales_Channel]) VALUES (1356, N'TRAL56', N'ALI ALWARD ELECT. DEVICES TR.', N'ALI ALWARD ELECT. DEVICES TR.', 32, 18, 20, 5, 0, 1, 42, CAST(0x81370B00 AS Date), 28)
INSERT [dbo].[Customer] ([Customer_Id], [Customer_Code], [Customer_Name], [Customer_Name_BL], [Business_Type], [Customer_Type], [Customer_Group], [Location_Id], [Key_Account], [Status], [Updated_By], [Updated_Date], [Sales_Channel]) VALUES (1357, N'TRAM01', N'AL AMANAH STORE', N'AL AMANAH STORE', 13, 19, 20, 2, 0, 1, 38, CAST(0x81370B00 AS Date), 28)
INSERT [dbo].[Customer] ([Customer_Id], [Customer_Code], [Customer_Name], [Customer_Name_BL], [Business_Type], [Customer_Type], [Customer_Group], [Location_Id], [Key_Account], [Status], [Updated_By], [Updated_Date], [Sales_Channel]) VALUES (1358, N'TRAM02', N'AMALGAMATED NATIONAL DIVERSIFIED (ANDOC)', N'AMALGAMATED NATIONAL DIVERSIFIED (ANDOC)', 136, 19, 20, 2, 0, 1, 45, CAST(0x81370B00 AS Date), 28)
INSERT [dbo].[Customer] ([Customer_Id], [Customer_Code], [Customer_Name], [Customer_Name_BL], [Business_Type], [Customer_Type], [Customer_Group], [Location_Id], [Key_Account], [Status], [Updated_By], [Updated_Date], [Sales_Channel]) VALUES (1359, N'TRAM03', N'M/S AMIR TRADING STORE', N'M/S AMIR TRADING STORE', 13, 19, 20, 4, 0, 1, 62, CAST(0x81370B00 AS Date), 28)
INSERT [dbo].[Customer] ([Customer_Id], [Customer_Code], [Customer_Name], [Customer_Name_BL], [Business_Type], [Customer_Type], [Customer_Group], [Location_Id], [Key_Account], [Status], [Updated_By], [Updated_Date], [Sales_Channel]) VALUES (1360, N'TRAM04', N'AL AMSAR ELECTRONICS (BRANCH OF LUBE ELECT)', N'AL AMSAR ELECTRONICS (BRANCH OF LUBE ELECT)', 13, 19, 20, 5, 0, 1, 50, CAST(0x81370B00 AS Date), 28)
INSERT [dbo].[Customer] ([Customer_Id], [Customer_Code], [Customer_Name], [Customer_Name_BL], [Business_Type], [Customer_Type], [Customer_Group], [Location_Id], [Key_Account], [Status], [Updated_By], [Updated_Date], [Sales_Channel]) VALUES (1361, N'TRAM04E', N'AL AMSAR ELECTRONICS (BRANCH OF LUBE ELECT)', N'AL AMSAR ELECTRONICS (BRANCH OF LUBE ELECT)', 13, 19, 20, 5, 0, 1, 50, CAST(0x81370B00 AS Date), 28)
INSERT [dbo].[Customer] ([Customer_Id], [Customer_Code], [Customer_Name], [Customer_Name_BL], [Business_Type], [Customer_Type], [Customer_Group], [Location_Id], [Key_Account], [Status], [Updated_By], [Updated_Date], [Sales_Channel]) VALUES (1362, N'TRAM04W', N'AL AMSAR ELECTRONIC', N'AL AMSAR ELECTRONIC', 33, 18, 22, 5, 0, 1, 37, CAST(0x81370B00 AS Date), 29)
INSERT [dbo].[Customer] ([Customer_Id], [Customer_Code], [Customer_Name], [Customer_Name_BL], [Business_Type], [Customer_Type], [Customer_Group], [Location_Id], [Key_Account], [Status], [Updated_By], [Updated_Date], [Sales_Channel]) VALUES (1363, N'TRAM05', N'AMNA ALI TRADING', N'AMNA ALI TRADING', 13, 19, 20, 3, 0, 1, 66, CAST(0x81370B00 AS Date), 28)
INSERT [dbo].[Customer] ([Customer_Id], [Customer_Code], [Customer_Name], [Customer_Name_BL], [Business_Type], [Customer_Type], [Customer_Group], [Location_Id], [Key_Account], [Status], [Updated_By], [Updated_Date], [Sales_Channel]) VALUES (1364, N'TRAM06', N'AMIN ELECTRIC STORES', N'AMIN ELECTRIC STORES', 13, 19, 20, 4, 0, 1, 49, CAST(0x81370B00 AS Date), 28)
INSERT [dbo].[Customer] ([Customer_Id], [Customer_Code], [Customer_Name], [Customer_Name_BL], [Business_Type], [Customer_Type], [Customer_Group], [Location_Id], [Key_Account], [Status], [Updated_By], [Updated_Date], [Sales_Channel]) VALUES (1365, N'TRAM09', N'AL AMODI & KUDDAH GEN. TRDG.', N'AL AMODI & KUDDAH GEN. TRDG.', 13, 19, 20, 3, 0, 1, 44, CAST(0x81370B00 AS Date), 28)
INSERT [dbo].[Customer] ([Customer_Id], [Customer_Code], [Customer_Name], [Customer_Name_BL], [Business_Type], [Customer_Type], [Customer_Group], [Location_Id], [Key_Account], [Status], [Updated_By], [Updated_Date], [Sales_Channel]) VALUES (1366, N'TRAM15', N'AL AMAIN FURNITURE CENTER LTD.', N'AL AMAIN FURNITURE CENTER LTD.', 13, 19, 20, 5, 0, 1, 42, CAST(0x81370B00 AS Date), 28)
INSERT [dbo].[Customer] ([Customer_Id], [Customer_Code], [Customer_Name], [Customer_Name_BL], [Business_Type], [Customer_Type], [Customer_Group], [Location_Id], [Key_Account], [Status], [Updated_By], [Updated_Date], [Sales_Channel]) VALUES (1367, N'TRAM15E', N'AL AMAIN FURNITURE CENTER LTD.', N'AL AMAIN FURNITURE CENTER LTD.', 13, 19, 20, 5, 0, 1, 50, CAST(0x81370B00 AS Date), 28)
INSERT [dbo].[Customer] ([Customer_Id], [Customer_Code], [Customer_Name], [Customer_Name_BL], [Business_Type], [Customer_Type], [Customer_Group], [Location_Id], [Key_Account], [Status], [Updated_By], [Updated_Date], [Sales_Channel]) VALUES (1368, N'TRAM16', N'AMG INTERNATIONAL TRADING FZCO', N'AMG INTERNATIONAL TRADING FZCO', 35, 31, 21, 3, 0, 1, 48, CAST(0x81370B00 AS Date), 30)
INSERT [dbo].[Customer] ([Customer_Id], [Customer_Code], [Customer_Name], [Customer_Name_BL], [Business_Type], [Customer_Type], [Customer_Group], [Location_Id], [Key_Account], [Status], [Updated_By], [Updated_Date], [Sales_Channel]) VALUES (1369, N'TRAM50', N'AL AMEEQ ELECTRONICS', N'AL AMEEQ ELECTRONICS', 13, 19, 20, 5, 0, 1, 39, CAST(0x81370B00 AS Date), 28)
INSERT [dbo].[Customer] ([Customer_Id], [Customer_Code], [Customer_Name], [Customer_Name_BL], [Business_Type], [Customer_Type], [Customer_Group], [Location_Id], [Key_Account], [Status], [Updated_By], [Updated_Date], [Sales_Channel]) VALUES (1370, N'TRAM50E', N'AL AMEEQ ELECTRONICS', N'AL AMEEQ ELECTRONICS', 13, 19, 20, 5, 0, 1, 39, CAST(0x81370B00 AS Date), 28)
INSERT [dbo].[Customer] ([Customer_Id], [Customer_Code], [Customer_Name], [Customer_Name_BL], [Business_Type], [Customer_Type], [Customer_Group], [Location_Id], [Key_Account], [Status], [Updated_By], [Updated_Date], [Sales_Channel]) VALUES (1371, N'TRAM51', N'AMBER TR. CENTER', N'AMBER TR. CENTER', 35, 19, 22, 5, 0, 1, 42, CAST(0x81370B00 AS Date), 28)
INSERT [dbo].[Customer] ([Customer_Id], [Customer_Code], [Customer_Name], [Customer_Name_BL], [Business_Type], [Customer_Type], [Customer_Group], [Location_Id], [Key_Account], [Status], [Updated_By], [Updated_Date], [Sales_Channel]) VALUES (1372, N'TRAM51A', N'AMBER TR. CENTER', N'AMBER TR. CENTER', 35, 19, 105, 5, 1, 1, 42, CAST(0x81370B00 AS Date), 28)
INSERT [dbo].[Customer] ([Customer_Id], [Customer_Code], [Customer_Name], [Customer_Name_BL], [Business_Type], [Customer_Type], [Customer_Group], [Location_Id], [Key_Account], [Status], [Updated_By], [Updated_Date], [Sales_Channel]) VALUES (1373, N'TRAN01', N'AL ANSARI STORE', N'AL ANSARI STORE', 13, 19, 20, 2, 0, 1, 45, CAST(0x81370B00 AS Date), 28)
INSERT [dbo].[Customer] ([Customer_Id], [Customer_Code], [Customer_Name], [Customer_Name_BL], [Business_Type], [Customer_Type], [Customer_Group], [Location_Id], [Key_Account], [Status], [Updated_By], [Updated_Date], [Sales_Channel]) VALUES (1374, N'TRAN05', N'ANWAR ABDULLA SHOP', N'ANWAR ABDULLA SHOP', 13, 19, 20, 4, 0, 1, 62, CAST(0x81370B00 AS Date), 28)
INSERT [dbo].[Customer] ([Customer_Id], [Customer_Code], [Customer_Name], [Customer_Name_BL], [Business_Type], [Customer_Type], [Customer_Group], [Location_Id], [Key_Account], [Status], [Updated_By], [Updated_Date], [Sales_Channel]) VALUES (1375, N'TRAN06', N'ANSAR MALL', N'ANSAR MALL', 42, 18, 75, 5, 1, 1, 52, CAST(0x81370B00 AS Date), 28)
INSERT [dbo].[Customer] ([Customer_Id], [Customer_Code], [Customer_Name], [Customer_Name_BL], [Business_Type], [Customer_Type], [Customer_Group], [Location_Id], [Key_Account], [Status], [Updated_By], [Updated_Date], [Sales_Channel]) VALUES (1376, N'TRAN06E', N'ANSAR MALL', N'ANSAR MALL', 42, 18, 75, 5, 1, 1, 63, CAST(0x81370B00 AS Date), 28)
INSERT [dbo].[Customer] ([Customer_Id], [Customer_Code], [Customer_Name], [Customer_Name_BL], [Business_Type], [Customer_Type], [Customer_Group], [Location_Id], [Key_Account], [Status], [Updated_By], [Updated_Date], [Sales_Channel]) VALUES (1377, N'TRAN06U', N'ANSAR MALL (UP COUNTRY)', N'ANSAR MALL (UP COUNTRY)', 42, 18, 75, 5, 1, 1, 52, CAST(0x81370B00 AS Date), 28)
INSERT [dbo].[Customer] ([Customer_Id], [Customer_Code], [Customer_Name], [Customer_Name_BL], [Business_Type], [Customer_Type], [Customer_Group], [Location_Id], [Key_Account], [Status], [Updated_By], [Updated_Date], [Sales_Channel]) VALUES (1378, N'TRAN06W', N'ANSAR MALL', N'ANSAR MALL', 33, 18, 22, 5, 0, 1, 37, CAST(0x81370B00 AS Date), 29)
INSERT [dbo].[Customer] ([Customer_Id], [Customer_Code], [Customer_Name], [Customer_Name_BL], [Business_Type], [Customer_Type], [Customer_Group], [Location_Id], [Key_Account], [Status], [Updated_By], [Updated_Date], [Sales_Channel]) VALUES (1379, N'TRAN07', N'ANSAR ELECTRONICS TRDG', N'ANSAR ELECTRONICS TRDG', 13, 19, 20, 9, 0, 1, 36, CAST(0x81370B00 AS Date), 28)
INSERT [dbo].[Customer] ([Customer_Id], [Customer_Code], [Customer_Name], [Customer_Name_BL], [Business_Type], [Customer_Type], [Customer_Group], [Location_Id], [Key_Account], [Status], [Updated_By], [Updated_Date], [Sales_Channel]) VALUES (1380, N'TRAN07E', N'ANSAR ELECTRONICS TRDG', N'ANSAR ELECTRONICS TRDG', 13, 19, 20, 9, 0, 1, 36, CAST(0x81370B00 AS Date), 28)
INSERT [dbo].[Customer] ([Customer_Id], [Customer_Code], [Customer_Name], [Customer_Name_BL], [Business_Type], [Customer_Type], [Customer_Group], [Location_Id], [Key_Account], [Status], [Updated_By], [Updated_Date], [Sales_Channel]) VALUES (1381, N'TRAN08', N'ANSAR GALLERY', N'ANSAR GALLERY', 42, 18, 75, 3, 1, 1, 52, CAST(0x81370B00 AS Date), 28)
INSERT [dbo].[Customer] ([Customer_Id], [Customer_Code], [Customer_Name], [Customer_Name_BL], [Business_Type], [Customer_Type], [Customer_Group], [Location_Id], [Key_Account], [Status], [Updated_By], [Updated_Date], [Sales_Channel]) VALUES (1382, N'TRAN08E', N'ANSAR GALLERY', N'ANSAR GALLERY', 42, 18, 75, 3, 1, 1, 63, CAST(0x81370B00 AS Date), 28)
INSERT [dbo].[Customer] ([Customer_Id], [Customer_Code], [Customer_Name], [Customer_Name_BL], [Business_Type], [Customer_Type], [Customer_Group], [Location_Id], [Key_Account], [Status], [Updated_By], [Updated_Date], [Sales_Channel]) VALUES (1383, N'TRAN09', N'ANSAR GALLERY', N'ANSAR GALLERY', 42, 18, 75, 3, 1, 1, 52, CAST(0x81370B00 AS Date), 28)
INSERT [dbo].[Customer] ([Customer_Id], [Customer_Code], [Customer_Name], [Customer_Name_BL], [Business_Type], [Customer_Type], [Customer_Group], [Location_Id], [Key_Account], [Status], [Updated_By], [Updated_Date], [Sales_Channel]) VALUES (1384, N'TRAN09E', N'ANSAR GALLERY', N'ANSAR GALLERY', 42, 18, 75, 3, 1, 1, 63, CAST(0x81370B00 AS Date), 28)
INSERT [dbo].[Customer] ([Customer_Id], [Customer_Code], [Customer_Name], [Customer_Name_BL], [Business_Type], [Customer_Type], [Customer_Group], [Location_Id], [Key_Account], [Status], [Updated_By], [Updated_Date], [Sales_Channel]) VALUES (1385, N'TRAP01', N'A+ SEURITY & CLEANING SERVICE LLC', N'A+ SEURITY & CLEANING SERVICE LLC', 32, 31, 21, 3, 0, 1, 48, CAST(0x81370B00 AS Date), 30)
INSERT [dbo].[Customer] ([Customer_Id], [Customer_Code], [Customer_Name], [Customer_Name_BL], [Business_Type], [Customer_Type], [Customer_Group], [Location_Id], [Key_Account], [Status], [Updated_By], [Updated_Date], [Sales_Channel]) VALUES (1386, N'TRAR01', N'AL ARIF STORE', N'AL ARIF STORE', 13, 19, 20, 4, 0, 1, 67, CAST(0x81370B00 AS Date), 28)
INSERT [dbo].[Customer] ([Customer_Id], [Customer_Code], [Customer_Name], [Customer_Name_BL], [Business_Type], [Customer_Type], [Customer_Group], [Location_Id], [Key_Account], [Status], [Updated_By], [Updated_Date], [Sales_Channel]) VALUES (1387, N'TRAR02', N'ARABIAN HOUSEWARE', N'ARABIAN HOUSEWARE', 13, 19, 20, 8, 0, 1, 36, CAST(0x81370B00 AS Date), 28)
INSERT [dbo].[Customer] ([Customer_Id], [Customer_Code], [Customer_Name], [Customer_Name_BL], [Business_Type], [Customer_Type], [Customer_Group], [Location_Id], [Key_Account], [Status], [Updated_By], [Updated_Date], [Sales_Channel]) VALUES (1388, N'TRAR07', N'ARABIAN COURT HOTEL', N'ARABIAN COURT HOTEL', 132, 31, 21, 3, 0, 1, 59, CAST(0x81370B00 AS Date), 30)
INSERT [dbo].[Customer] ([Customer_Id], [Customer_Code], [Customer_Name], [Customer_Name_BL], [Business_Type], [Customer_Type], [Customer_Group], [Location_Id], [Key_Account], [Status], [Updated_By], [Updated_Date], [Sales_Channel]) VALUES (1389, N'TRAR08', N'AL AURFA ELECT. DEVICES', N'AL AURFA ELECT. DEVICES', 13, 19, 20, 5, 0, 1, 42, CAST(0x81370B00 AS Date), 28)
INSERT [dbo].[Customer] ([Customer_Id], [Customer_Code], [Customer_Name], [Customer_Name_BL], [Business_Type], [Customer_Type], [Customer_Group], [Location_Id], [Key_Account], [Status], [Updated_By], [Updated_Date], [Sales_Channel]) VALUES (1390, N'TRAR09', N'AREVA T & D', N'AREVA T & D', 32, 31, 21, 3, 0, 1, 48, CAST(0x81370B00 AS Date), 30)
INSERT [dbo].[Customer] ([Customer_Id], [Customer_Code], [Customer_Name], [Customer_Name_BL], [Business_Type], [Customer_Type], [Customer_Group], [Location_Id], [Key_Account], [Status], [Updated_By], [Updated_Date], [Sales_Channel]) VALUES (1391, N'TRAR10', N'ARABIAN COURTYARD HOTEL & SPA', N'ARABIAN COURTYARD HOTEL & SPA', 132, 31, 21, 3, 0, 1, 48, CAST(0x81370B00 AS Date), 30)
INSERT [dbo].[Customer] ([Customer_Id], [Customer_Code], [Customer_Name], [Customer_Name_BL], [Business_Type], [Customer_Type], [Customer_Group], [Location_Id], [Key_Account], [Status], [Updated_By], [Updated_Date], [Sales_Channel]) VALUES (1392, N'TRAR11', N'ARAFA AL MADINA SUPERMARKET L.L.C', N'ARAFA AL MADINA SUPERMARKET L.L.C', 13, 19, 97, 3, 0, 1, 53, CAST(0x81370B00 AS Date), 28)
INSERT [dbo].[Customer] ([Customer_Id], [Customer_Code], [Customer_Name], [Customer_Name_BL], [Business_Type], [Customer_Type], [Customer_Group], [Location_Id], [Key_Account], [Status], [Updated_By], [Updated_Date], [Sales_Channel]) VALUES (1393, N'TRAR11A', N'ARAFA AL MADINA SUPERMARKET L.L.C', N'ARAFA AL MADINA SUPERMARKET L.L.C', 13, 19, 97, 3, 0, 1, 52, CAST(0x81370B00 AS Date), 28)
INSERT [dbo].[Customer] ([Customer_Id], [Customer_Code], [Customer_Name], [Customer_Name_BL], [Business_Type], [Customer_Type], [Customer_Group], [Location_Id], [Key_Account], [Status], [Updated_By], [Updated_Date], [Sales_Channel]) VALUES (1394, N'TRAR12', N'ARABIAN HOUSE HOME SUPPLIES L.L.C.', N'ARABIAN HOUSE HOME SUPPLIES L.L.C.', 13, 19, 20, 3, 0, 1, 39, CAST(0x81370B00 AS Date), 28)
INSERT [dbo].[Customer] ([Customer_Id], [Customer_Code], [Customer_Name], [Customer_Name_BL], [Business_Type], [Customer_Type], [Customer_Group], [Location_Id], [Key_Account], [Status], [Updated_By], [Updated_Date], [Sales_Channel]) VALUES (1395, N'TRAS02', N'ASHRAFI TRDG. CO.', N'ASHRAFI TRDG. CO.', 13, 19, 20, 3, 0, 1, 60, CAST(0x81370B00 AS Date), 28)
INSERT [dbo].[Customer] ([Customer_Id], [Customer_Code], [Customer_Name], [Customer_Name_BL], [Business_Type], [Customer_Type], [Customer_Group], [Location_Id], [Key_Account], [Status], [Updated_By], [Updated_Date], [Sales_Channel]) VALUES (1396, N'TRAS02E', N'ASHRAFI TRDG. CO.', N'ASHRAFI TRDG. CO.', 13, 19, 20, 3, 0, 1, 49, CAST(0x81370B00 AS Date), 28)
INSERT [dbo].[Customer] ([Customer_Id], [Customer_Code], [Customer_Name], [Customer_Name_BL], [Business_Type], [Customer_Type], [Customer_Group], [Location_Id], [Key_Account], [Status], [Updated_By], [Updated_Date], [Sales_Channel]) VALUES (1397, N'TRAS03', N'ASMA TRADERS', N'ASMA TRADERS', 13, 19, 20, 3, 0, 1, 61, CAST(0x81370B00 AS Date), 28)
INSERT [dbo].[Customer] ([Customer_Id], [Customer_Code], [Customer_Name], [Customer_Name_BL], [Business_Type], [Customer_Type], [Customer_Group], [Location_Id], [Key_Account], [Status], [Updated_By], [Updated_Date], [Sales_Channel]) VALUES (1398, N'TRAS03W', N'ASMA TRADERS LLC', N'ASMA TRADERS LLC', 33, 18, 22, 3, 0, 1, 37, CAST(0x81370B00 AS Date), 29)
INSERT [dbo].[Customer] ([Customer_Id], [Customer_Code], [Customer_Name], [Customer_Name_BL], [Business_Type], [Customer_Type], [Customer_Group], [Location_Id], [Key_Account], [Status], [Updated_By], [Updated_Date], [Sales_Channel]) VALUES (1399, N'TRAS04', N'ASHKENANI STORES', N'ASHKENANI STORES', 13, 19, 20, 2, 0, 1, 45, CAST(0x81370B00 AS Date), 28)
INSERT [dbo].[Customer] ([Customer_Id], [Customer_Code], [Customer_Name], [Customer_Name_BL], [Business_Type], [Customer_Type], [Customer_Group], [Location_Id], [Key_Account], [Status], [Updated_By], [Updated_Date], [Sales_Channel]) VALUES (1400, N'TRAS06', N'ASAM INVESTMENTS AND REAL ESTATE', N'ASAM INVESTMENTS AND REAL ESTATE', 137, 31, 21, 3, 0, 1, 59, CAST(0x81370B00 AS Date), 30)
INSERT [dbo].[Customer] ([Customer_Id], [Customer_Code], [Customer_Name], [Customer_Name_BL], [Business_Type], [Customer_Type], [Customer_Group], [Location_Id], [Key_Account], [Status], [Updated_By], [Updated_Date], [Sales_Channel]) VALUES (1401, N'TRAS07', N'ASTECO PROPERTY MANAGEMENT LLC', N'ASTECO PROPERTY MANAGEMENT LLC', 137, 31, 21, 3, 0, 1, 59, CAST(0x81370B00 AS Date), 30)
INSERT [dbo].[Customer] ([Customer_Id], [Customer_Code], [Customer_Name], [Customer_Name_BL], [Business_Type], [Customer_Type], [Customer_Group], [Location_Id], [Key_Account], [Status], [Updated_By], [Updated_Date], [Sales_Channel]) VALUES (1402, N'TRAS13', N'ASMARA ELECTRONIC TRDG.', N'ASMARA ELECTRONIC TRDG.', 13, 19, 20, 3, 0, 1, 38, CAST(0x81370B00 AS Date), 28)
INSERT [dbo].[Customer] ([Customer_Id], [Customer_Code], [Customer_Name], [Customer_Name_BL], [Business_Type], [Customer_Type], [Customer_Group], [Location_Id], [Key_Account], [Status], [Updated_By], [Updated_Date], [Sales_Channel]) VALUES (1403, N'TRAS13E', N'ASMARA ELECTRONIC TRDG.', N'ASMARA ELECTRONIC TRDG.', 13, 19, 20, 3, 0, 1, 53, CAST(0x81370B00 AS Date), 28)
INSERT [dbo].[Customer] ([Customer_Id], [Customer_Code], [Customer_Name], [Customer_Name_BL], [Business_Type], [Customer_Type], [Customer_Group], [Location_Id], [Key_Account], [Status], [Updated_By], [Updated_Date], [Sales_Channel]) VALUES (1404, N'TRAS13W', N'ASMARA ELECTRONICS', N'ASMARA ELECTRONICS', 33, 18, 22, 3, 0, 1, 37, CAST(0x81370B00 AS Date), 29)
INSERT [dbo].[Customer] ([Customer_Id], [Customer_Code], [Customer_Name], [Customer_Name_BL], [Business_Type], [Customer_Type], [Customer_Group], [Location_Id], [Key_Account], [Status], [Updated_By], [Updated_Date], [Sales_Channel]) VALUES (1405, N'TRAS15', N'ASTRO ELECTRONICS', N'ASTRO ELECTRONICS', 13, 19, 20, 3, 0, 1, 44, CAST(0x81370B00 AS Date), 28)
INSERT [dbo].[Customer] ([Customer_Id], [Customer_Code], [Customer_Name], [Customer_Name_BL], [Business_Type], [Customer_Type], [Customer_Group], [Location_Id], [Key_Account], [Status], [Updated_By], [Updated_Date], [Sales_Channel]) VALUES (1406, N'TRAS16', N'ASIF ELECTRONICS TRADING', N'ASIF ELECTRONICS TRADING', 13, 19, 20, 2, 0, 1, 38, CAST(0x81370B00 AS Date), 28)
INSERT [dbo].[Customer] ([Customer_Id], [Customer_Code], [Customer_Name], [Customer_Name_BL], [Business_Type], [Customer_Type], [Customer_Group], [Location_Id], [Key_Account], [Status], [Updated_By], [Updated_Date], [Sales_Channel]) VALUES (1407, N'TRAT03', N'ATTRACTIVE SCREEN ELECTRONICS', N'ATTRACTIVE SCREEN ELECTRONICS', 13, 19, 20, 3, 0, 1, 49, CAST(0x81370B00 AS Date), 28)
INSERT [dbo].[Customer] ([Customer_Id], [Customer_Code], [Customer_Name], [Customer_Name_BL], [Business_Type], [Customer_Type], [Customer_Group], [Location_Id], [Key_Account], [Status], [Updated_By], [Updated_Date], [Sales_Channel]) VALUES (1408, N'TRAT03E', N'ATTRACTIVE SCREEN ELECTRONICS', N'ATTRACTIVE SCREEN ELECTRONICS', 13, 19, 20, 3, 0, 1, 66, CAST(0x81370B00 AS Date), 28)
INSERT [dbo].[Customer] ([Customer_Id], [Customer_Code], [Customer_Name], [Customer_Name_BL], [Business_Type], [Customer_Type], [Customer_Group], [Location_Id], [Key_Account], [Status], [Updated_By], [Updated_Date], [Sales_Channel]) VALUES (1409, N'TRAT05', N'ATEYA ELECTRONICS', N'ATEYA ELECTRONICS', 13, 19, 20, 3, 0, 1, 49, CAST(0x81370B00 AS Date), 28)
INSERT [dbo].[Customer] ([Customer_Id], [Customer_Code], [Customer_Name], [Customer_Name_BL], [Business_Type], [Customer_Type], [Customer_Group], [Location_Id], [Key_Account], [Status], [Updated_By], [Updated_Date], [Sales_Channel]) VALUES (1410, N'TRAT05E', N'ATEYA ELECTRONICS', N'ATEYA ELECTRONICS', 13, 19, 20, 3, 0, 1, 49, CAST(0x81370B00 AS Date), 28)
INSERT [dbo].[Customer] ([Customer_Id], [Customer_Code], [Customer_Name], [Customer_Name_BL], [Business_Type], [Customer_Type], [Customer_Group], [Location_Id], [Key_Account], [Status], [Updated_By], [Updated_Date], [Sales_Channel]) VALUES (1411, N'TRAT05W', N'ATEYA ELECTRONICS', N'ATEYA ELECTRONICS', 33, 18, 22, 3, 0, 1, 37, CAST(0x81370B00 AS Date), 29)
INSERT [dbo].[Customer] ([Customer_Id], [Customer_Code], [Customer_Name], [Customer_Name_BL], [Business_Type], [Customer_Type], [Customer_Group], [Location_Id], [Key_Account], [Status], [Updated_By], [Updated_Date], [Sales_Channel]) VALUES (1412, N'TRAT06', N'AL ATHEER GIFTS', N'AL ATHEER GIFTS', 13, 19, 20, 2, 0, 1, 45, CAST(0x81370B00 AS Date), 28)
INSERT [dbo].[Customer] ([Customer_Id], [Customer_Code], [Customer_Name], [Customer_Name_BL], [Business_Type], [Customer_Type], [Customer_Group], [Location_Id], [Key_Account], [Status], [Updated_By], [Updated_Date], [Sales_Channel]) VALUES (1413, N'TRAT06A', N'AL ATHEER GIFTS', N'AL ATHEER GIFTS', 13, 19, 20, 2, 0, 1, 45, CAST(0x81370B00 AS Date), 28)
INSERT [dbo].[Customer] ([Customer_Id], [Customer_Code], [Customer_Name], [Customer_Name_BL], [Business_Type], [Customer_Type], [Customer_Group], [Location_Id], [Key_Account], [Status], [Updated_By], [Updated_Date], [Sales_Channel]) VALUES (1414, N'TRAT07', N'A.T.C.ELECTRONICS & GIFT', N'A.T.C.ELECTRONICS & GIFT', 13, 19, 20, 5, 0, 1, 50, CAST(0x81370B00 AS Date), 28)
INSERT [dbo].[Customer] ([Customer_Id], [Customer_Code], [Customer_Name], [Customer_Name_BL], [Business_Type], [Customer_Type], [Customer_Group], [Location_Id], [Key_Account], [Status], [Updated_By], [Updated_Date], [Sales_Channel]) VALUES (1415, N'TRAT08', N'ATHWAQ ELECTRONICS & ELECTRICLS', N'ATHWAQ ELECTRONICS & ELECTRICLS', 13, 19, 20, 9, 0, 1, 36, CAST(0x81370B00 AS Date), 28)
INSERT [dbo].[Customer] ([Customer_Id], [Customer_Code], [Customer_Name], [Customer_Name_BL], [Business_Type], [Customer_Type], [Customer_Group], [Location_Id], [Key_Account], [Status], [Updated_By], [Updated_Date], [Sales_Channel]) VALUES (1416, N'TRAT09', N'ATLAS MALL GEN. TR.', N'ATLAS MALL GEN. TR.', 13, 19, 22, 5, 0, 1, 42, CAST(0x81370B00 AS Date), 28)
INSERT [dbo].[Customer] ([Customer_Id], [Customer_Code], [Customer_Name], [Customer_Name_BL], [Business_Type], [Customer_Type], [Customer_Group], [Location_Id], [Key_Account], [Status], [Updated_By], [Updated_Date], [Sales_Channel]) VALUES (1417, N'TRAT09E', N'ATLAS MALL GEN. TR.', N'ATLAS MALL GEN. TR.', 13, 19, 22, 5, 1, 1, 42, CAST(0x81370B00 AS Date), 28)
INSERT [dbo].[Customer] ([Customer_Id], [Customer_Code], [Customer_Name], [Customer_Name_BL], [Business_Type], [Customer_Type], [Customer_Group], [Location_Id], [Key_Account], [Status], [Updated_By], [Updated_Date], [Sales_Channel]) VALUES (1418, N'TRAT10', N'AT HOME FOAM FACTORY L.L.C', N'AT HOME FOAM FACTORY L.L.C', 33, 31, 21, 10, 0, 1, 48, CAST(0x81370B00 AS Date), 30)
INSERT [dbo].[Customer] ([Customer_Id], [Customer_Code], [Customer_Name], [Customer_Name_BL], [Business_Type], [Customer_Type], [Customer_Group], [Location_Id], [Key_Account], [Status], [Updated_By], [Updated_Date], [Sales_Channel]) VALUES (1419, N'TRAT30', N'ALTAIF ELECTRONICS L.L.C', N'ALTAIF ELECTRONICS L.L.C', 13, 19, 20, 5, 0, 1, 41, CAST(0x81370B00 AS Date), 28)
INSERT [dbo].[Customer] ([Customer_Id], [Customer_Code], [Customer_Name], [Customer_Name_BL], [Business_Type], [Customer_Type], [Customer_Group], [Location_Id], [Key_Account], [Status], [Updated_By], [Updated_Date], [Sales_Channel]) VALUES (1420, N'TRAU01', N'AUDIENCE STAR ELECTRONICS', N'AUDIENCE STAR ELECTRONICS', 13, 19, 20, 3, 0, 1, 44, CAST(0x81370B00 AS Date), 28)
INSERT [dbo].[Customer] ([Customer_Id], [Customer_Code], [Customer_Name], [Customer_Name_BL], [Business_Type], [Customer_Type], [Customer_Group], [Location_Id], [Key_Account], [Status], [Updated_By], [Updated_Date], [Sales_Channel]) VALUES (1421, N'TRAU01E', N'AUDIENCE STAR ELECTRONICS', N'AUDIENCE STAR ELECTRONICS', 13, 19, 20, 3, 0, 1, 44, CAST(0x81370B00 AS Date), 28)
INSERT [dbo].[Customer] ([Customer_Id], [Customer_Code], [Customer_Name], [Customer_Name_BL], [Business_Type], [Customer_Type], [Customer_Group], [Location_Id], [Key_Account], [Status], [Updated_By], [Updated_Date], [Sales_Channel]) VALUES (1422, N'TRAV02', N'AL AIN VALLEY', N'AL AIN VALLEY', 13, 19, 20, 3, 0, 1, 46, CAST(0x81370B00 AS Date), 28)
INSERT [dbo].[Customer] ([Customer_Id], [Customer_Code], [Customer_Name], [Customer_Name_BL], [Business_Type], [Customer_Type], [Customer_Group], [Location_Id], [Key_Account], [Status], [Updated_By], [Updated_Date], [Sales_Channel]) VALUES (1423, N'TRAW01', N'AWAFI MINERAL WATER CO L.L.C', N'AWAFI MINERAL WATER CO L.L.C', 134, 31, 21, 8, 0, 1, 48, CAST(0x81370B00 AS Date), 30)
INSERT [dbo].[Customer] ([Customer_Id], [Customer_Code], [Customer_Name], [Customer_Name_BL], [Business_Type], [Customer_Type], [Customer_Group], [Location_Id], [Key_Account], [Status], [Updated_By], [Updated_Date], [Sales_Channel]) VALUES (1424, N'TRAW02', N'AWANHA & AHMADI STORES', N'AWANHA & AHMADI STORES', 13, 19, 20, 2, 0, 1, 41, CAST(0x81370B00 AS Date), 28)
INSERT [dbo].[Customer] ([Customer_Id], [Customer_Code], [Customer_Name], [Customer_Name_BL], [Business_Type], [Customer_Type], [Customer_Group], [Location_Id], [Key_Account], [Status], [Updated_By], [Updated_Date], [Sales_Channel]) VALUES (1425, N'TRAW02E', N'AWANHA & AHMADI STORES', N'AWANHA & AHMADI STORES', 13, 19, 20, 2, 0, 1, 40, CAST(0x81370B00 AS Date), 28)
INSERT [dbo].[Customer] ([Customer_Id], [Customer_Code], [Customer_Name], [Customer_Name_BL], [Business_Type], [Customer_Type], [Customer_Group], [Location_Id], [Key_Account], [Status], [Updated_By], [Updated_Date], [Sales_Channel]) VALUES (1426, N'TRAW03', N'AWANI HOUSEWARES & FURNITURE', N'AWANI HOUSEWARES & FURNITURE', 13, 19, 20, 2, 0, 1, 41, CAST(0x81370B00 AS Date), 28)
INSERT [dbo].[Customer] ([Customer_Id], [Customer_Code], [Customer_Name], [Customer_Name_BL], [Business_Type], [Customer_Type], [Customer_Group], [Location_Id], [Key_Account], [Status], [Updated_By], [Updated_Date], [Sales_Channel]) VALUES (1427, N'TRAW03E', N'AWANI HOUSEWARES & FURNITURE', N'AWANI HOUSEWARES & FURNITURE', 13, 19, 20, 2, 0, 1, 40, CAST(0x81370B00 AS Date), 28)
INSERT [dbo].[Customer] ([Customer_Id], [Customer_Code], [Customer_Name], [Customer_Name_BL], [Business_Type], [Customer_Type], [Customer_Group], [Location_Id], [Key_Account], [Status], [Updated_By], [Updated_Date], [Sales_Channel]) VALUES (1428, N'TRAX01', N'AXCL GULF FZE', N'AXCL GULF FZE', 35, 31, 21, 5, 0, 1, 59, CAST(0x81370B00 AS Date), 30)
INSERT [dbo].[Customer] ([Customer_Id], [Customer_Code], [Customer_Name], [Customer_Name_BL], [Business_Type], [Customer_Type], [Customer_Group], [Location_Id], [Key_Account], [Status], [Updated_By], [Updated_Date], [Sales_Channel]) VALUES (1429, N'TRAZ02', N'AZER MEHR GENERAL TRADING CO. L.L.C.', N'AZER MEHR GENERAL TRADING CO. L.L.C.', 13, 19, 20, 3, 0, 1, 39, CAST(0x81370B00 AS Date), 28)
INSERT [dbo].[Customer] ([Customer_Id], [Customer_Code], [Customer_Name], [Customer_Name_BL], [Business_Type], [Customer_Type], [Customer_Group], [Location_Id], [Key_Account], [Status], [Updated_By], [Updated_Date], [Sales_Channel]) VALUES (1430, N'TRAZ02E', N'AZER MEHR GENERAL TRADING CO. L.L.C.', N'AZER MEHR GENERAL TRADING CO. L.L.C.', 13, 19, 20, 3, 0, 1, 38, CAST(0x81370B00 AS Date), 28)
INSERT [dbo].[Customer] ([Customer_Id], [Customer_Code], [Customer_Name], [Customer_Name_BL], [Business_Type], [Customer_Type], [Customer_Group], [Location_Id], [Key_Account], [Status], [Updated_By], [Updated_Date], [Sales_Channel]) VALUES (1431, N'TRAZ03', N'AZHAR AL MADINA TR CENTRE L.L.C', N'AZHAR AL MADINA TR CENTRE L.L.C', 15, 18, 97, 5, 0, 1, 36, CAST(0x81370B00 AS Date), 28)
INSERT [dbo].[Customer] ([Customer_Id], [Customer_Code], [Customer_Name], [Customer_Name_BL], [Business_Type], [Customer_Type], [Customer_Group], [Location_Id], [Key_Account], [Status], [Updated_By], [Updated_Date], [Sales_Channel]) VALUES (1432, N'TRAZ03E', N'AZHAR AL MADINA TR CENTRE L.L.C', N'AZHAR AL MADINA TR CENTRE L.L.C', 15, 18, 97, 5, 0, 1, 36, CAST(0x81370B00 AS Date), 28)
INSERT [dbo].[Customer] ([Customer_Id], [Customer_Code], [Customer_Name], [Customer_Name_BL], [Business_Type], [Customer_Type], [Customer_Group], [Location_Id], [Key_Account], [Status], [Updated_By], [Updated_Date], [Sales_Channel]) VALUES (1433, N'TRAZ04', N'AL ZAHER GENERAL FACILITIES SUPPLY LLC', N'AL ZAHER GENERAL FACILITIES SUPPLY LLC', 32, 31, 21, 3, 0, 1, 48, CAST(0x81370B00 AS Date), 30)
INSERT [dbo].[Customer] ([Customer_Id], [Customer_Code], [Customer_Name], [Customer_Name_BL], [Business_Type], [Customer_Type], [Customer_Group], [Location_Id], [Key_Account], [Status], [Updated_By], [Updated_Date], [Sales_Channel]) VALUES (1434, N'TRAZ05', N'AZHAR AL MADINA  HYPERMARKET LLC', N'AZHAR AL MADINA  HYPERMARKET LLC', 42, 18, 97, 3, 0, 1, 53, CAST(0x81370B00 AS Date), 28)
INSERT [dbo].[Customer] ([Customer_Id], [Customer_Code], [Customer_Name], [Customer_Name_BL], [Business_Type], [Customer_Type], [Customer_Group], [Location_Id], [Key_Account], [Status], [Updated_By], [Updated_Date], [Sales_Channel]) VALUES (1435, N'TRAZ05A', N'AZHAR AL MADINA  HYPERMARKET LLC', N'AZHAR AL MADINA  HYPERMARKET LLC', 42, 18, 97, 3, 0, 1, 52, CAST(0x81370B00 AS Date), 28)
INSERT [dbo].[Customer] ([Customer_Id], [Customer_Code], [Customer_Name], [Customer_Name_BL], [Business_Type], [Customer_Type], [Customer_Group], [Location_Id], [Key_Account], [Status], [Updated_By], [Updated_Date], [Sales_Channel]) VALUES (1436, N'TRBA02', N'AL BADIE LUXURIES SHOP', N'AL BADIE LUXURIES SHOP', 13, 19, 20, 5, 0, 1, 50, CAST(0x81370B00 AS Date), 28)
INSERT [dbo].[Customer] ([Customer_Id], [Customer_Code], [Customer_Name], [Customer_Name_BL], [Business_Type], [Customer_Type], [Customer_Group], [Location_Id], [Key_Account], [Status], [Updated_By], [Updated_Date], [Sales_Channel]) VALUES (1437, N'TRBA03', N'BARKATH TRADING STORES', N'BARKATH TRADING STORES', 13, 19, 20, 4, 0, 1, 62, CAST(0x81370B00 AS Date), 28)
INSERT [dbo].[Customer] ([Customer_Id], [Customer_Code], [Customer_Name], [Customer_Name_BL], [Business_Type], [Customer_Type], [Customer_Group], [Location_Id], [Key_Account], [Status], [Updated_By], [Updated_Date], [Sales_Channel]) VALUES (1438, N'TRBA03E', N'BARKATH TRADING STORES', N'BARKATH TRADING STORES', 13, 19, 20, 4, 0, 1, 67, CAST(0x81370B00 AS Date), 28)
INSERT [dbo].[Customer] ([Customer_Id], [Customer_Code], [Customer_Name], [Customer_Name_BL], [Business_Type], [Customer_Type], [Customer_Group], [Location_Id], [Key_Account], [Status], [Updated_By], [Updated_Date], [Sales_Channel]) VALUES (1439, N'TRBA06', N'BAQRI  ELECTRICAL  STORES', N'BAQRI  ELECTRICAL  STORES', 13, 19, 20, 4, 0, 1, 49, CAST(0x81370B00 AS Date), 28)
INSERT [dbo].[Customer] ([Customer_Id], [Customer_Code], [Customer_Name], [Customer_Name_BL], [Business_Type], [Customer_Type], [Customer_Group], [Location_Id], [Key_Account], [Status], [Updated_By], [Updated_Date], [Sales_Channel]) VALUES (1440, N'TRBA06A', N'BAQRI  ELECTRICAL  STORES', N'BAQRI  ELECTRICAL  STORES', 13, 19, 20, 4, 0, 1, 62, CAST(0x81370B00 AS Date), 28)
INSERT [dbo].[Customer] ([Customer_Id], [Customer_Code], [Customer_Name], [Customer_Name_BL], [Business_Type], [Customer_Type], [Customer_Group], [Location_Id], [Key_Account], [Status], [Updated_By], [Updated_Date], [Sales_Channel]) VALUES (1441, N'TRBA07', N'AL BASRA  ELECTRONICS', N'AL BASRA  ELECTRONICS', 13, 19, 20, 3, 0, 1, 44, CAST(0x81370B00 AS Date), 28)
INSERT [dbo].[Customer] ([Customer_Id], [Customer_Code], [Customer_Name], [Customer_Name_BL], [Business_Type], [Customer_Type], [Customer_Group], [Location_Id], [Key_Account], [Status], [Updated_By], [Updated_Date], [Sales_Channel]) VALUES (1442, N'TRBA08', N'BANI YAROOB ELECTRONICS & GAS EST.', N'BANI YAROOB ELECTRONICS & GAS EST.', 13, 19, 20, 9, 0, 1, 36, CAST(0x81370B00 AS Date), 28)
INSERT [dbo].[Customer] ([Customer_Id], [Customer_Code], [Customer_Name], [Customer_Name_BL], [Business_Type], [Customer_Type], [Customer_Group], [Location_Id], [Key_Account], [Status], [Updated_By], [Updated_Date], [Sales_Channel]) VALUES (1443, N'TRBA08E', N'BANI YAROOB ELECTRONICS & GAS EST.', N'BANI YAROOB ELECTRONICS & GAS EST.', 13, 19, 20, 9, 0, 1, 51, CAST(0x81370B00 AS Date), 28)
INSERT [dbo].[Customer] ([Customer_Id], [Customer_Code], [Customer_Name], [Customer_Name_BL], [Business_Type], [Customer_Type], [Customer_Group], [Location_Id], [Key_Account], [Status], [Updated_By], [Updated_Date], [Sales_Channel]) VALUES (1444, N'TRBA09', N'AL BAYAN PURIFICATION & PORTABLE WATER', N'AL BAYAN PURIFICATION & PORTABLE WATER', 134, 31, 21, 3, 0, 1, 59, CAST(0x81370B00 AS Date), 30)
INSERT [dbo].[Customer] ([Customer_Id], [Customer_Code], [Customer_Name], [Customer_Name_BL], [Business_Type], [Customer_Type], [Customer_Group], [Location_Id], [Key_Account], [Status], [Updated_By], [Updated_Date], [Sales_Channel]) VALUES (1445, N'TRBA10', N'BASHAER AL AMAL PHONE TRADING', N'BASHAER AL AMAL PHONE TRADING', 13, 19, 20, 3, 0, 1, 61, CAST(0x81370B00 AS Date), 28)
GO
print 'Processed 200 total records'
INSERT [dbo].[Customer] ([Customer_Id], [Customer_Code], [Customer_Name], [Customer_Name_BL], [Business_Type], [Customer_Type], [Customer_Group], [Location_Id], [Key_Account], [Status], [Updated_By], [Updated_Date], [Sales_Channel]) VALUES (1446, N'TRBA10E', N'BASHAER AL AMAL PHONE TRADING', N'BASHAER AL AMAL PHONE TRADING', 13, 19, 20, 3, 0, 1, 61, CAST(0x81370B00 AS Date), 28)
INSERT [dbo].[Customer] ([Customer_Id], [Customer_Code], [Customer_Name], [Customer_Name_BL], [Business_Type], [Customer_Type], [Customer_Group], [Location_Id], [Key_Account], [Status], [Updated_By], [Updated_Date], [Sales_Channel]) VALUES (1447, N'TRBA11', N'AL BASSAM CENTRE (L.L.C.)', N'AL BASSAM CENTRE (L.L.C.)', 13, 19, 20, 3, 0, 1, 38, CAST(0x81370B00 AS Date), 28)
INSERT [dbo].[Customer] ([Customer_Id], [Customer_Code], [Customer_Name], [Customer_Name_BL], [Business_Type], [Customer_Type], [Customer_Group], [Location_Id], [Key_Account], [Status], [Updated_By], [Updated_Date], [Sales_Channel]) VALUES (1448, N'TRBA11A', N'AL BASSAM CENTRE (L.L.C.)', N'AL BASSAM CENTRE (L.L.C.)', 13, 19, 20, 3, 0, 1, 38, CAST(0x81370B00 AS Date), 28)
INSERT [dbo].[Customer] ([Customer_Id], [Customer_Code], [Customer_Name], [Customer_Name_BL], [Business_Type], [Customer_Type], [Customer_Group], [Location_Id], [Key_Account], [Status], [Updated_By], [Updated_Date], [Sales_Channel]) VALUES (1449, N'TRBA12', N'AL BARKAT ELECTRONICS', N'AL BARKAT ELECTRONICS', 13, 19, 20, 8, 0, 1, 36, CAST(0x81370B00 AS Date), 28)
INSERT [dbo].[Customer] ([Customer_Id], [Customer_Code], [Customer_Name], [Customer_Name_BL], [Business_Type], [Customer_Type], [Customer_Group], [Location_Id], [Key_Account], [Status], [Updated_By], [Updated_Date], [Sales_Channel]) VALUES (1450, N'TRBA13', N'AL BARAKHA STAR GENERAL TRADING', N'AL BARAKHA STAR GENERAL TRADING', 13, 19, 20, 3, 0, 1, 49, CAST(0x81370B00 AS Date), 28)
INSERT [dbo].[Customer] ([Customer_Id], [Customer_Code], [Customer_Name], [Customer_Name_BL], [Business_Type], [Customer_Type], [Customer_Group], [Location_Id], [Key_Account], [Status], [Updated_By], [Updated_Date], [Sales_Channel]) VALUES (1451, N'TRBA14', N'AL BAHJA HOUSEHOLD', N'AL BAHJA HOUSEHOLD', 13, 19, 20, 9, 0, 1, 36, CAST(0x81370B00 AS Date), 28)
INSERT [dbo].[Customer] ([Customer_Id], [Customer_Code], [Customer_Name], [Customer_Name_BL], [Business_Type], [Customer_Type], [Customer_Group], [Location_Id], [Key_Account], [Status], [Updated_By], [Updated_Date], [Sales_Channel]) VALUES (1452, N'TRBA21', N'AL BALSHON TRDG. EST.', N'AL BALSHON TRDG. EST.', 13, 19, 20, 3, 0, 1, 44, CAST(0x81370B00 AS Date), 28)
INSERT [dbo].[Customer] ([Customer_Id], [Customer_Code], [Customer_Name], [Customer_Name_BL], [Business_Type], [Customer_Type], [Customer_Group], [Location_Id], [Key_Account], [Status], [Updated_By], [Updated_Date], [Sales_Channel]) VALUES (1453, N'TRBA38', N'AL BARSHA TRADING', N'AL BARSHA TRADING', 13, 19, 20, 3, 0, 1, 49, CAST(0x81370B00 AS Date), 28)
INSERT [dbo].[Customer] ([Customer_Id], [Customer_Code], [Customer_Name], [Customer_Name_BL], [Business_Type], [Customer_Type], [Customer_Group], [Location_Id], [Key_Account], [Status], [Updated_By], [Updated_Date], [Sales_Channel]) VALUES (1454, N'TRBA38E', N'AL BARSHA TRADING', N'AL BARSHA TRADING', 13, 19, 20, 3, 0, 1, 51, CAST(0x81370B00 AS Date), 28)
INSERT [dbo].[Customer] ([Customer_Id], [Customer_Code], [Customer_Name], [Customer_Name_BL], [Business_Type], [Customer_Type], [Customer_Group], [Location_Id], [Key_Account], [Status], [Updated_By], [Updated_Date], [Sales_Channel]) VALUES (1455, N'TRBA39', N'AL BAYAN ELECTRONICS', N'AL BAYAN ELECTRONICS', 13, 19, 20, 3, 0, 1, 44, CAST(0x81370B00 AS Date), 28)
INSERT [dbo].[Customer] ([Customer_Id], [Customer_Code], [Customer_Name], [Customer_Name_BL], [Business_Type], [Customer_Type], [Customer_Group], [Location_Id], [Key_Account], [Status], [Updated_By], [Updated_Date], [Sales_Channel]) VALUES (1456, N'TRBA40', N'BASFANA TDG. - AL QUOZ', N'BASFANA TDG. - AL QUOZ', 15, 18, 112, 3, 1, 1, 68, CAST(0x81370B00 AS Date), 28)
INSERT [dbo].[Customer] ([Customer_Id], [Customer_Code], [Customer_Name], [Customer_Name_BL], [Business_Type], [Customer_Type], [Customer_Group], [Location_Id], [Key_Account], [Status], [Updated_By], [Updated_Date], [Sales_Channel]) VALUES (1457, N'TRBA41', N'AL BASHEER ELECTRONICS', N'AL BASHEER ELECTRONICS', 13, 19, 20, 3, 0, 1, 44, CAST(0x81370B00 AS Date), 28)
INSERT [dbo].[Customer] ([Customer_Id], [Customer_Code], [Customer_Name], [Customer_Name_BL], [Business_Type], [Customer_Type], [Customer_Group], [Location_Id], [Key_Account], [Status], [Updated_By], [Updated_Date], [Sales_Channel]) VALUES (1458, N'TRBA41E', N'AL BASHEER ELECTRONICS', N'AL BASHEER ELECTRONICS', 13, 19, 20, 3, 0, 1, 44, CAST(0x81370B00 AS Date), 28)
INSERT [dbo].[Customer] ([Customer_Id], [Customer_Code], [Customer_Name], [Customer_Name_BL], [Business_Type], [Customer_Type], [Customer_Group], [Location_Id], [Key_Account], [Status], [Updated_By], [Updated_Date], [Sales_Channel]) VALUES (1459, N'TRBA42', N'BAB TOKYO ELECTRICAL TRADING LLC', N'BAB TOKYO ELECTRICAL TRADING LLC', 13, 19, 20, 5, 0, 1, 50, CAST(0x81370B00 AS Date), 28)
INSERT [dbo].[Customer] ([Customer_Id], [Customer_Code], [Customer_Name], [Customer_Name_BL], [Business_Type], [Customer_Type], [Customer_Group], [Location_Id], [Key_Account], [Status], [Updated_By], [Updated_Date], [Sales_Channel]) VALUES (1460, N'TRBA43', N'BADER AL MULLA & BROS. CO. W.L.L', N'BADER AL MULLA & BROS. CO. W.L.L', 32, 31, 21, 3, 0, 1, 59, CAST(0x81370B00 AS Date), 30)
INSERT [dbo].[Customer] ([Customer_Id], [Customer_Code], [Customer_Name], [Customer_Name_BL], [Business_Type], [Customer_Type], [Customer_Group], [Location_Id], [Key_Account], [Status], [Updated_By], [Updated_Date], [Sales_Channel]) VALUES (1461, N'TRBA44', N'AL BAHRAIN STAR ELECTRONICS', N'AL BAHRAIN STAR ELECTRONICS', 13, 19, 20, 3, 0, 1, 38, CAST(0x81370B00 AS Date), 28)
INSERT [dbo].[Customer] ([Customer_Id], [Customer_Code], [Customer_Name], [Customer_Name_BL], [Business_Type], [Customer_Type], [Customer_Group], [Location_Id], [Key_Account], [Status], [Updated_By], [Updated_Date], [Sales_Channel]) VALUES (1462, N'TRBA44E', N'AL BAHRAIN STAR ELECTRONICS', N'AL BAHRAIN STAR ELECTRONICS', 13, 19, 20, 3, 0, 1, 53, CAST(0x81370B00 AS Date), 28)
INSERT [dbo].[Customer] ([Customer_Id], [Customer_Code], [Customer_Name], [Customer_Name_BL], [Business_Type], [Customer_Type], [Customer_Group], [Location_Id], [Key_Account], [Status], [Updated_By], [Updated_Date], [Sales_Channel]) VALUES (1463, N'TRBA45', N'BAHAR AL MADINA SUPER MARKET LLC', N'BAHAR AL MADINA SUPER MARKET LLC', 13, 18, 20, 5, 0, 1, 42, CAST(0x81370B00 AS Date), 28)
INSERT [dbo].[Customer] ([Customer_Id], [Customer_Code], [Customer_Name], [Customer_Name_BL], [Business_Type], [Customer_Type], [Customer_Group], [Location_Id], [Key_Account], [Status], [Updated_By], [Updated_Date], [Sales_Channel]) VALUES (1464, N'TRBA45A', N'BAHAR AL MADINA SUPER MARKET LLC', N'BAHAR AL MADINA SUPER MARKET LLC', 13, 18, 20, 5, 0, 1, 50, CAST(0x81370B00 AS Date), 28)
INSERT [dbo].[Customer] ([Customer_Id], [Customer_Code], [Customer_Name], [Customer_Name_BL], [Business_Type], [Customer_Type], [Customer_Group], [Location_Id], [Key_Account], [Status], [Updated_By], [Updated_Date], [Sales_Channel]) VALUES (1465, N'TRBA47', N'AL BAYAN REAL ESTATE EST.', N'AL BAYAN REAL ESTATE EST.', 137, 19, 21, 3, 0, 1, 61, CAST(0x81370B00 AS Date), 30)
INSERT [dbo].[Customer] ([Customer_Id], [Customer_Code], [Customer_Name], [Customer_Name_BL], [Business_Type], [Customer_Type], [Customer_Group], [Location_Id], [Key_Account], [Status], [Updated_By], [Updated_Date], [Sales_Channel]) VALUES (1466, N'TRBA48', N'AL BAWASIL ELECT. DEVICES TR.', N'AL BAWASIL ELECT. DEVICES TR.', 35, 19, 20, 5, 0, 1, 64, CAST(0x81370B00 AS Date), 28)
INSERT [dbo].[Customer] ([Customer_Id], [Customer_Code], [Customer_Name], [Customer_Name_BL], [Business_Type], [Customer_Type], [Customer_Group], [Location_Id], [Key_Account], [Status], [Updated_By], [Updated_Date], [Sales_Channel]) VALUES (1467, N'TRBA49', N'BANIYAS GRAND HYPER MARKET LLC', N'BANIYAS GRAND HYPER MARKET LLC', 13, 19, 22, 2, 1, 1, 38, CAST(0x81370B00 AS Date), 28)
INSERT [dbo].[Customer] ([Customer_Id], [Customer_Code], [Customer_Name], [Customer_Name_BL], [Business_Type], [Customer_Type], [Customer_Group], [Location_Id], [Key_Account], [Status], [Updated_By], [Updated_Date], [Sales_Channel]) VALUES (1468, N'TRBA50', N'AL BASMA TRADING LLC', N'AL BASMA TRADING LLC', 13, 19, 20, 8, 0, 1, 36, CAST(0x81370B00 AS Date), 28)
INSERT [dbo].[Customer] ([Customer_Id], [Customer_Code], [Customer_Name], [Customer_Name_BL], [Business_Type], [Customer_Type], [Customer_Group], [Location_Id], [Key_Account], [Status], [Updated_By], [Updated_Date], [Sales_Channel]) VALUES (1469, N'TRBA50E', N'AL BASMA TRADING LLC', N'AL BASMA TRADING LLC', 13, 19, 20, 8, 0, 1, 36, CAST(0x81370B00 AS Date), 28)
INSERT [dbo].[Customer] ([Customer_Id], [Customer_Code], [Customer_Name], [Customer_Name_BL], [Business_Type], [Customer_Type], [Customer_Group], [Location_Id], [Key_Account], [Status], [Updated_By], [Updated_Date], [Sales_Channel]) VALUES (1470, N'TRBA60', N'BAQER MOHEBI ESTIMATION', N'BAQER MOHEBI ESTIMATION', 15, 18, 20, 3, 0, 1, 48, CAST(0x81370B00 AS Date), 28)
INSERT [dbo].[Customer] ([Customer_Id], [Customer_Code], [Customer_Name], [Customer_Name_BL], [Business_Type], [Customer_Type], [Customer_Group], [Location_Id], [Key_Account], [Status], [Updated_By], [Updated_Date], [Sales_Channel]) VALUES (1471, N'TRBA61', N'BAYNUNAH SKY ELECTRONICS', N'BAYNUNAH SKY ELECTRONICS', 13, 19, 20, 2, 0, 1, 40, CAST(0x81370B00 AS Date), 28)
INSERT [dbo].[Customer] ([Customer_Id], [Customer_Code], [Customer_Name], [Customer_Name_BL], [Business_Type], [Customer_Type], [Customer_Group], [Location_Id], [Key_Account], [Status], [Updated_By], [Updated_Date], [Sales_Channel]) VALUES (1472, N'TRBA61A', N'BAYNUNAH SKY ELECTRONICS', N'BAYNUNAH SKY ELECTRONICS', 13, 19, 20, 2, 0, 1, 41, CAST(0x81370B00 AS Date), 28)
INSERT [dbo].[Customer] ([Customer_Id], [Customer_Code], [Customer_Name], [Customer_Name_BL], [Business_Type], [Customer_Type], [Customer_Group], [Location_Id], [Key_Account], [Status], [Updated_By], [Updated_Date], [Sales_Channel]) VALUES (1473, N'TRBA62', N'BAIT AL KALIJ ELECTRONICS', N'BAIT AL KALIJ ELECTRONICS', 13, 19, 20, 3, 0, 1, 52, CAST(0x81370B00 AS Date), 28)
INSERT [dbo].[Customer] ([Customer_Id], [Customer_Code], [Customer_Name], [Customer_Name_BL], [Business_Type], [Customer_Type], [Customer_Group], [Location_Id], [Key_Account], [Status], [Updated_By], [Updated_Date], [Sales_Channel]) VALUES (1474, N'TRBA62E', N'BAIT AL KALIJ ELECTRONICS', N'BAIT AL KALIJ ELECTRONICS', 13, 19, 20, 3, 0, 1, 53, CAST(0x81370B00 AS Date), 28)
INSERT [dbo].[Customer] ([Customer_Id], [Customer_Code], [Customer_Name], [Customer_Name_BL], [Business_Type], [Customer_Type], [Customer_Group], [Location_Id], [Key_Account], [Status], [Updated_By], [Updated_Date], [Sales_Channel]) VALUES (1475, N'TRBA63', N'BAIT AL EZZ ELECTRICAL CO. LLC', N'BAIT AL EZZ ELECTRICAL CO. LLC', 13, 19, 20, 4, 0, 1, 49, CAST(0x81370B00 AS Date), 28)
INSERT [dbo].[Customer] ([Customer_Id], [Customer_Code], [Customer_Name], [Customer_Name_BL], [Business_Type], [Customer_Type], [Customer_Group], [Location_Id], [Key_Account], [Status], [Updated_By], [Updated_Date], [Sales_Channel]) VALUES (1476, N'TRBE01', N'BEIRUT STORE', N'BEIRUT STORE', 13, 19, 20, 2, 0, 1, 45, CAST(0x81370B00 AS Date), 28)
INSERT [dbo].[Customer] ([Customer_Id], [Customer_Code], [Customer_Name], [Customer_Name_BL], [Business_Type], [Customer_Type], [Customer_Group], [Location_Id], [Key_Account], [Status], [Updated_By], [Updated_Date], [Sales_Channel]) VALUES (1477, N'TRBE01A', N'BEIRUT STORE', N'BEIRUT STORE', 13, 19, 20, 2, 0, 1, 45, CAST(0x81370B00 AS Date), 28)
INSERT [dbo].[Customer] ([Customer_Id], [Customer_Code], [Customer_Name], [Customer_Name_BL], [Business_Type], [Customer_Type], [Customer_Group], [Location_Id], [Key_Account], [Status], [Updated_By], [Updated_Date], [Sales_Channel]) VALUES (1478, N'TRBE02', N'BEHMDON TRADING EST', N'BEHMDON TRADING EST', 13, 19, 20, 3, 0, 1, 44, CAST(0x81370B00 AS Date), 28)
INSERT [dbo].[Customer] ([Customer_Id], [Customer_Code], [Customer_Name], [Customer_Name_BL], [Business_Type], [Customer_Type], [Customer_Group], [Location_Id], [Key_Account], [Status], [Updated_By], [Updated_Date], [Sales_Channel]) VALUES (1479, N'TRBE02E', N'BEHMDON TRADING EST.', N'BEHMDON TRADING EST.', 13, 19, 20, 3, 0, 1, 44, CAST(0x81370B00 AS Date), 28)
INSERT [dbo].[Customer] ([Customer_Id], [Customer_Code], [Customer_Name], [Customer_Name_BL], [Business_Type], [Customer_Type], [Customer_Group], [Location_Id], [Key_Account], [Status], [Updated_By], [Updated_Date], [Sales_Channel]) VALUES (1480, N'TRBE03', N'BEETHOVEN INTERNATIONAL TRADING', N'BEETHOVEN INTERNATIONAL TRADING', 13, 19, 20, 3, 0, 1, 44, CAST(0x81370B00 AS Date), 28)
INSERT [dbo].[Customer] ([Customer_Id], [Customer_Code], [Customer_Name], [Customer_Name_BL], [Business_Type], [Customer_Type], [Customer_Group], [Location_Id], [Key_Account], [Status], [Updated_By], [Updated_Date], [Sales_Channel]) VALUES (1481, N'TRBE03E', N'BEETHOVEN INTERNATIONAL TRADING', N'BEETHOVEN INTERNATIONAL TRADING', 13, 19, 20, 3, 0, 1, 44, CAST(0x81370B00 AS Date), 28)
INSERT [dbo].[Customer] ([Customer_Id], [Customer_Code], [Customer_Name], [Customer_Name_BL], [Business_Type], [Customer_Type], [Customer_Group], [Location_Id], [Key_Account], [Status], [Updated_By], [Updated_Date], [Sales_Channel]) VALUES (1482, N'TRBE04', N'BEACH ELECTRONICS APPLIANCES', N'BEACH ELECTRONICS APPLIANCES', 13, 19, 20, 2, 0, 1, 38, CAST(0x81370B00 AS Date), 28)
INSERT [dbo].[Customer] ([Customer_Id], [Customer_Code], [Customer_Name], [Customer_Name_BL], [Business_Type], [Customer_Type], [Customer_Group], [Location_Id], [Key_Account], [Status], [Updated_By], [Updated_Date], [Sales_Channel]) VALUES (1483, N'TRBE04A', N'BEACH ELECTRONICS APPLIANCES', N'BEACH ELECTRONICS APPLIANCES', 13, 19, 20, 2, 0, 1, 38, CAST(0x81370B00 AS Date), 28)
INSERT [dbo].[Customer] ([Customer_Id], [Customer_Code], [Customer_Name], [Customer_Name_BL], [Business_Type], [Customer_Type], [Customer_Group], [Location_Id], [Key_Account], [Status], [Updated_By], [Updated_Date], [Sales_Channel]) VALUES (1484, N'TRBE05', N'BEIN AL QASRAIN GIFTS LLC. SHJ BR.', N'BEIN AL QASRAIN GIFTS LLC. SHJ BR.', 13, 19, 20, 5, 0, 1, 42, CAST(0x81370B00 AS Date), 28)
INSERT [dbo].[Customer] ([Customer_Id], [Customer_Code], [Customer_Name], [Customer_Name_BL], [Business_Type], [Customer_Type], [Customer_Group], [Location_Id], [Key_Account], [Status], [Updated_By], [Updated_Date], [Sales_Channel]) VALUES (1485, N'TRBE05E', N'BEIN AL QASRAIN GIFTS LLC. SHJ BR.', N'BEIN AL QASRAIN GIFTS LLC. SHJ BR.', 13, 19, 20, 5, 0, 1, 50, CAST(0x81370B00 AS Date), 28)
INSERT [dbo].[Customer] ([Customer_Id], [Customer_Code], [Customer_Name], [Customer_Name_BL], [Business_Type], [Customer_Type], [Customer_Group], [Location_Id], [Key_Account], [Status], [Updated_By], [Updated_Date], [Sales_Channel]) VALUES (1486, N'TRBE06', N'BELGIUM ALUMINIUM GLASS FACTORY', N'BELGIUM ALUMINIUM GLASS FACTORY', 33, 31, 21, 4, 0, 1, 48, CAST(0x81370B00 AS Date), 30)
INSERT [dbo].[Customer] ([Customer_Id], [Customer_Code], [Customer_Name], [Customer_Name_BL], [Business_Type], [Customer_Type], [Customer_Group], [Location_Id], [Key_Account], [Status], [Updated_By], [Updated_Date], [Sales_Channel]) VALUES (1487, N'TRBE07', N'BEEAH - THE SHARJAH ENVIROMENTAL CO.', N'BEEAH - THE SHARJAH ENVIROMENTAL CO.', 33, 31, 21, 5, 0, 1, 69, CAST(0x81370B00 AS Date), 30)
INSERT [dbo].[Customer] ([Customer_Id], [Customer_Code], [Customer_Name], [Customer_Name_BL], [Business_Type], [Customer_Type], [Customer_Group], [Location_Id], [Key_Account], [Status], [Updated_By], [Updated_Date], [Sales_Channel]) VALUES (1488, N'TRBI02', N'BIN GHAFAN TRADING', N'BIN GHAFAN TRADING', 13, 19, 20, 3, 0, 1, 44, CAST(0x81370B00 AS Date), 28)
INSERT [dbo].[Customer] ([Customer_Id], [Customer_Code], [Customer_Name], [Customer_Name_BL], [Business_Type], [Customer_Type], [Customer_Group], [Location_Id], [Key_Account], [Status], [Updated_By], [Updated_Date], [Sales_Channel]) VALUES (1489, N'TRBI05', N'AL BIR TRADING CO.', N'AL BIR TRADING CO.', 13, 19, 20, 3, 0, 1, 44, CAST(0x81370B00 AS Date), 28)
INSERT [dbo].[Customer] ([Customer_Id], [Customer_Code], [Customer_Name], [Customer_Name_BL], [Business_Type], [Customer_Type], [Customer_Group], [Location_Id], [Key_Account], [Status], [Updated_By], [Updated_Date], [Sales_Channel]) VALUES (1490, N'TRBI06', N'BIN YASER ELECTRONICS', N'BIN YASER ELECTRONICS', 13, 19, 20, 3, 0, 1, 49, CAST(0x81370B00 AS Date), 28)
INSERT [dbo].[Customer] ([Customer_Id], [Customer_Code], [Customer_Name], [Customer_Name_BL], [Business_Type], [Customer_Type], [Customer_Group], [Location_Id], [Key_Account], [Status], [Updated_By], [Updated_Date], [Sales_Channel]) VALUES (1491, N'TRBI06E', N'BIN YASER ELECTRONICS', N'BIN YASER ELECTRONICS', 13, 19, 20, 3, 0, 1, 66, CAST(0x81370B00 AS Date), 28)
INSERT [dbo].[Customer] ([Customer_Id], [Customer_Code], [Customer_Name], [Customer_Name_BL], [Business_Type], [Customer_Type], [Customer_Group], [Location_Id], [Key_Account], [Status], [Updated_By], [Updated_Date], [Sales_Channel]) VALUES (1492, N'TRBI07', N'BIG BAZAR SUPERMARKET & DEP.STORE LLC', N'BIG BAZAR SUPERMARKET & DEP.STORE LLC', 13, 19, 20, 5, 0, 1, 42, CAST(0x81370B00 AS Date), 28)
INSERT [dbo].[Customer] ([Customer_Id], [Customer_Code], [Customer_Name], [Customer_Name_BL], [Business_Type], [Customer_Type], [Customer_Group], [Location_Id], [Key_Account], [Status], [Updated_By], [Updated_Date], [Sales_Channel]) VALUES (1493, N'TRBI07E', N'BIG BAZAR SUPERMARKET & DEP.STORE LLC', N'BIG BAZAR SUPERMARKET & DEP.STORE LLC', 13, 19, 20, 5, 0, 1, 42, CAST(0x81370B00 AS Date), 28)
INSERT [dbo].[Customer] ([Customer_Id], [Customer_Code], [Customer_Name], [Customer_Name_BL], [Business_Type], [Customer_Type], [Customer_Group], [Location_Id], [Key_Account], [Status], [Updated_By], [Updated_Date], [Sales_Channel]) VALUES (1494, N'TRBK02', N'BK GULF LLC', N'BK GULF LLC', 35, 31, 21, 3, 0, 1, 59, CAST(0x81370B00 AS Date), 30)
INSERT [dbo].[Customer] ([Customer_Id], [Customer_Code], [Customer_Name], [Customer_Name_BL], [Business_Type], [Customer_Type], [Customer_Group], [Location_Id], [Key_Account], [Status], [Updated_By], [Updated_Date], [Sales_Channel]) VALUES (1495, N'TRBL03', N'BLUE BELL TRADING', N'BLUE BELL TRADING', 13, 19, 20, 5, 0, 1, 50, CAST(0x81370B00 AS Date), 28)
INSERT [dbo].[Customer] ([Customer_Id], [Customer_Code], [Customer_Name], [Customer_Name_BL], [Business_Type], [Customer_Type], [Customer_Group], [Location_Id], [Key_Account], [Status], [Updated_By], [Updated_Date], [Sales_Channel]) VALUES (1496, N'TRBL50', N'BLUEBERRIES PROCUREMENT LLC', N'BLUEBERRIES PROCUREMENT LLC', 13, 31, 22, 3, 0, 1, 69, CAST(0x81370B00 AS Date), 30)
INSERT [dbo].[Customer] ([Customer_Id], [Customer_Code], [Customer_Name], [Customer_Name_BL], [Business_Type], [Customer_Type], [Customer_Group], [Location_Id], [Key_Account], [Status], [Updated_By], [Updated_Date], [Sales_Channel]) VALUES (1497, N'TRBO02', N'AL BORJ HOUSEHOLD TRADING EST.', N'AL BORJ HOUSEHOLD TRADING EST.', 13, 19, 20, 5, 0, 1, 42, CAST(0x81370B00 AS Date), 28)
INSERT [dbo].[Customer] ([Customer_Id], [Customer_Code], [Customer_Name], [Customer_Name_BL], [Business_Type], [Customer_Type], [Customer_Group], [Location_Id], [Key_Account], [Status], [Updated_By], [Updated_Date], [Sales_Channel]) VALUES (1498, N'TRBO02E', N'AL BORJ HOUSEHOLD TRADING EST.', N'AL BORJ HOUSEHOLD TRADING EST.', 13, 19, 20, 5, 0, 1, 50, CAST(0x81370B00 AS Date), 28)
INSERT [dbo].[Customer] ([Customer_Id], [Customer_Code], [Customer_Name], [Customer_Name_BL], [Business_Type], [Customer_Type], [Customer_Group], [Location_Id], [Key_Account], [Status], [Updated_By], [Updated_Date], [Sales_Channel]) VALUES (1499, N'TRBO04', N'BOSTON ELECTRONICS & BICYCLES', N'BOSTON ELECTRONICS & BICYCLES', 13, 19, 20, 3, 0, 1, 52, CAST(0x81370B00 AS Date), 28)
INSERT [dbo].[Customer] ([Customer_Id], [Customer_Code], [Customer_Name], [Customer_Name_BL], [Business_Type], [Customer_Type], [Customer_Group], [Location_Id], [Key_Account], [Status], [Updated_By], [Updated_Date], [Sales_Channel]) VALUES (1500, N'TRBO04E', N'BOSTON ELECTRONICS & BICYCLES', N'BOSTON ELECTRONICS & BICYCLES', 13, 19, 20, 3, 0, 1, 53, CAST(0x81370B00 AS Date), 28)
INSERT [dbo].[Customer] ([Customer_Id], [Customer_Code], [Customer_Name], [Customer_Name_BL], [Business_Type], [Customer_Type], [Customer_Group], [Location_Id], [Key_Account], [Status], [Updated_By], [Updated_Date], [Sales_Channel]) VALUES (1501, N'TRBR01', N'BROWN & SHIFER GEN TRADNING LLC', N'BROWN & SHIFER GEN TRADNING LLC', 35, 19, 20, 3, 0, 1, 38, CAST(0x81370B00 AS Date), 28)
INSERT [dbo].[Customer] ([Customer_Id], [Customer_Code], [Customer_Name], [Customer_Name_BL], [Business_Type], [Customer_Type], [Customer_Group], [Location_Id], [Key_Account], [Status], [Updated_By], [Updated_Date], [Sales_Channel]) VALUES (1502, N'TRBR01E', N'BROWN & SHIFER GEN TRADNING LLC', N'BROWN & SHIFER GEN TRADNING LLC', 35, 19, 20, 3, 0, 1, 39, CAST(0x81370B00 AS Date), 28)
INSERT [dbo].[Customer] ([Customer_Id], [Customer_Code], [Customer_Name], [Customer_Name_BL], [Business_Type], [Customer_Type], [Customer_Group], [Location_Id], [Key_Account], [Status], [Updated_By], [Updated_Date], [Sales_Channel]) VALUES (1503, N'TRBR01W', N'BROWN & SHIFFER GENERAL TRADING', N'BROWN & SHIFFER GENERAL TRADING', 33, 18, 22, 3, 0, 1, 37, CAST(0x81370B00 AS Date), 29)
INSERT [dbo].[Customer] ([Customer_Id], [Customer_Code], [Customer_Name], [Customer_Name_BL], [Business_Type], [Customer_Type], [Customer_Group], [Location_Id], [Key_Account], [Status], [Updated_By], [Updated_Date], [Sales_Channel]) VALUES (1504, N'TRBR02', N'BRANDS TRADING EST', N'BRANDS TRADING EST', 13, 19, 22, 2, 0, 1, 38, CAST(0x81370B00 AS Date), 28)
INSERT [dbo].[Customer] ([Customer_Id], [Customer_Code], [Customer_Name], [Customer_Name_BL], [Business_Type], [Customer_Type], [Customer_Group], [Location_Id], [Key_Account], [Status], [Updated_By], [Updated_Date], [Sales_Channel]) VALUES (1505, N'TRBR02E', N'BRANDS TRADING EST', N'BRANDS TRADING EST', 13, 19, 22, 2, 0, 1, 38, CAST(0x81370B00 AS Date), 28)
INSERT [dbo].[Customer] ([Customer_Id], [Customer_Code], [Customer_Name], [Customer_Name_BL], [Business_Type], [Customer_Type], [Customer_Group], [Location_Id], [Key_Account], [Status], [Updated_By], [Updated_Date], [Sales_Channel]) VALUES (1506, N'TRBR03', N'BRIGHT LIGHT ELECTRONICS', N'BRIGHT LIGHT ELECTRONICS', 13, 19, 20, 8, 0, 1, 36, CAST(0x81370B00 AS Date), 28)
INSERT [dbo].[Customer] ([Customer_Id], [Customer_Code], [Customer_Name], [Customer_Name_BL], [Business_Type], [Customer_Type], [Customer_Group], [Location_Id], [Key_Account], [Status], [Updated_By], [Updated_Date], [Sales_Channel]) VALUES (1507, N'TRBR03E', N'BRIGHT LIGHT ELECTRONICS', N'BRIGHT LIGHT ELECTRONICS', 13, 19, 20, 8, 0, 1, 36, CAST(0x81370B00 AS Date), 28)
INSERT [dbo].[Customer] ([Customer_Id], [Customer_Code], [Customer_Name], [Customer_Name_BL], [Business_Type], [Customer_Type], [Customer_Group], [Location_Id], [Key_Account], [Status], [Updated_By], [Updated_Date], [Sales_Channel]) VALUES (1508, N'TRBR04', N'BROTHERS ELECTRONICS', N'BROTHERS ELECTRONICS', 13, 19, 20, 8, 0, 1, 36, CAST(0x81370B00 AS Date), 28)
INSERT [dbo].[Customer] ([Customer_Id], [Customer_Code], [Customer_Name], [Customer_Name_BL], [Business_Type], [Customer_Type], [Customer_Group], [Location_Id], [Key_Account], [Status], [Updated_By], [Updated_Date], [Sales_Channel]) VALUES (1509, N'TRBR04E', N'BROTHERS ELECTRONICS', N'BROTHERS ELECTRONICS', 13, 19, 20, 8, 0, 1, 51, CAST(0x81370B00 AS Date), 28)
INSERT [dbo].[Customer] ([Customer_Id], [Customer_Code], [Customer_Name], [Customer_Name_BL], [Business_Type], [Customer_Type], [Customer_Group], [Location_Id], [Key_Account], [Status], [Updated_By], [Updated_Date], [Sales_Channel]) VALUES (1510, N'TRBR05', N'BRITISH STAR ELECTRONICS DEVICES L.L.C', N'BRITISH STAR ELECTRONICS DEVICES L.L.C', 13, 19, 20, 5, 0, 1, 42, CAST(0x81370B00 AS Date), 28)
INSERT [dbo].[Customer] ([Customer_Id], [Customer_Code], [Customer_Name], [Customer_Name_BL], [Business_Type], [Customer_Type], [Customer_Group], [Location_Id], [Key_Account], [Status], [Updated_By], [Updated_Date], [Sales_Channel]) VALUES (1511, N'TRBR05A', N'BRITISH STAR ELECTRONICS DEVICES L.L.C', N'BRITISH STAR ELECTRONICS DEVICES L.L.C', 13, 19, 20, 5, 0, 1, 42, CAST(0x81370B00 AS Date), 28)
INSERT [dbo].[Customer] ([Customer_Id], [Customer_Code], [Customer_Name], [Customer_Name_BL], [Business_Type], [Customer_Type], [Customer_Group], [Location_Id], [Key_Account], [Status], [Updated_By], [Updated_Date], [Sales_Channel]) VALUES (1512, N'TRBU02', N'BUDANQ TR. EST.', N'BUDANQ TR. EST.', 13, 19, 20, 5, 0, 1, 39, CAST(0x81370B00 AS Date), 28)
INSERT [dbo].[Customer] ([Customer_Id], [Customer_Code], [Customer_Name], [Customer_Name_BL], [Business_Type], [Customer_Type], [Customer_Group], [Location_Id], [Key_Account], [Status], [Updated_By], [Updated_Date], [Sales_Channel]) VALUES (1513, N'TRBU02A', N'BUDANQ TR. EST.', N'BUDANQ TR. EST.', 13, 19, 20, 5, 0, 1, 50, CAST(0x81370B00 AS Date), 28)
INSERT [dbo].[Customer] ([Customer_Id], [Customer_Code], [Customer_Name], [Customer_Name_BL], [Business_Type], [Customer_Type], [Customer_Group], [Location_Id], [Key_Account], [Status], [Updated_By], [Updated_Date], [Sales_Channel]) VALUES (1514, N'TRBU08', N'BU HASHEM ELECTRONICS', N'BU HASHEM ELECTRONICS', 13, 19, 20, 3, 0, 1, 44, CAST(0x81370B00 AS Date), 28)
INSERT [dbo].[Customer] ([Customer_Id], [Customer_Code], [Customer_Name], [Customer_Name_BL], [Business_Type], [Customer_Type], [Customer_Group], [Location_Id], [Key_Account], [Status], [Updated_By], [Updated_Date], [Sales_Channel]) VALUES (1515, N'TRBU08E', N'BU HASHEM ELECTRONICS', N'BU HASHEM ELECTRONICS', 13, 19, 20, 3, 0, 1, 44, CAST(0x81370B00 AS Date), 28)
INSERT [dbo].[Customer] ([Customer_Id], [Customer_Code], [Customer_Name], [Customer_Name_BL], [Business_Type], [Customer_Type], [Customer_Group], [Location_Id], [Key_Account], [Status], [Updated_By], [Updated_Date], [Sales_Channel]) VALUES (1516, N'TRBU09', N'BURJUMAN CENTRE L.L.C', N'BURJUMAN CENTRE L.L.C', 35, 31, 21, 3, 0, 1, 59, CAST(0x81370B00 AS Date), 30)
INSERT [dbo].[Customer] ([Customer_Id], [Customer_Code], [Customer_Name], [Customer_Name_BL], [Business_Type], [Customer_Type], [Customer_Group], [Location_Id], [Key_Account], [Status], [Updated_By], [Updated_Date], [Sales_Channel]) VALUES (1517, N'TRBU10', N'BUTEC COMPANY,ABUDHABI BRANCH', N'BUTEC COMPANY,ABUDHABI BRANCH', 36, 31, 21, 2, 0, 1, 48, CAST(0x81370B00 AS Date), 30)
INSERT [dbo].[Customer] ([Customer_Id], [Customer_Code], [Customer_Name], [Customer_Name_BL], [Business_Type], [Customer_Type], [Customer_Group], [Location_Id], [Key_Account], [Status], [Updated_By], [Updated_Date], [Sales_Channel]) VALUES (1518, N'TRBU12', N'BAHRAIN BULK TRADE (W.L.L) FUJAIRAH BRANCH', N'BAHRAIN BULK TRADE (W.L.L) FUJAIRAH BRANCH', 13, 31, 21, 9, 0, 1, 48, CAST(0x81370B00 AS Date), 30)
INSERT [dbo].[Customer] ([Customer_Id], [Customer_Code], [Customer_Name], [Customer_Name_BL], [Business_Type], [Customer_Type], [Customer_Group], [Location_Id], [Key_Account], [Status], [Updated_By], [Updated_Date], [Sales_Channel]) VALUES (1519, N'TRCA06', N'CASH SALES - RITESH AGARWAL', N'CASH SALES - RITESH AGARWAL', 33, 19, 84, 3, 0, 1, 42, CAST(0x81370B00 AS Date), 28)
INSERT [dbo].[Customer] ([Customer_Id], [Customer_Code], [Customer_Name], [Customer_Name_BL], [Business_Type], [Customer_Type], [Customer_Group], [Location_Id], [Key_Account], [Status], [Updated_By], [Updated_Date], [Sales_Channel]) VALUES (1520, N'TRCA07', N'CASH ACCOUNT- JOSEPH ABRAHAM', N'CASH ACCOUNT- JOSEPH ABRAHAM', 33, 146, 84, 3, 0, 1, 41, CAST(0x81370B00 AS Date), 28)
INSERT [dbo].[Customer] ([Customer_Id], [Customer_Code], [Customer_Name], [Customer_Name_BL], [Business_Type], [Customer_Type], [Customer_Group], [Location_Id], [Key_Account], [Status], [Updated_By], [Updated_Date], [Sales_Channel]) VALUES (1521, N'TRCA09', N'CASH SALES - DILIP PANDYA', N'CASH SALES - DILIP PANDYA', 33, 19, 84, 3, 0, 1, 63, CAST(0x81370B00 AS Date), 28)
INSERT [dbo].[Customer] ([Customer_Id], [Customer_Code], [Customer_Name], [Customer_Name_BL], [Business_Type], [Customer_Type], [Customer_Group], [Location_Id], [Key_Account], [Status], [Updated_By], [Updated_Date], [Sales_Channel]) VALUES (1522, N'TRCA10', N'CASH SALES BY SAIF MOHAMMED', N'CASH SALES BY SAIF MOHAMMED', 33, 31, 84, 3, 0, 1, 36, CAST(0x81370B00 AS Date), 28)
INSERT [dbo].[Customer] ([Customer_Id], [Customer_Code], [Customer_Name], [Customer_Name_BL], [Business_Type], [Customer_Type], [Customer_Group], [Location_Id], [Key_Account], [Status], [Updated_By], [Updated_Date], [Sales_Channel]) VALUES (1523, N'TRCA100', N'CASH SALES - LOGISTICS', N'CASH SALES - LOGISTICS', 32, 17, 101, 3, 0, 1, 70, CAST(0x81370B00 AS Date), 28)
INSERT [dbo].[Customer] ([Customer_Id], [Customer_Code], [Customer_Name], [Customer_Name_BL], [Business_Type], [Customer_Type], [Customer_Group], [Location_Id], [Key_Account], [Status], [Updated_By], [Updated_Date], [Sales_Channel]) VALUES (1524, N'TRCA101', N'CASH SALES - MAHESVARAN', N'CASH SALES - MAHESVARAN', 33, 19, 84, 3, 0, 1, 71, CAST(0x81370B00 AS Date), 28)
INSERT [dbo].[Customer] ([Customer_Id], [Customer_Code], [Customer_Name], [Customer_Name_BL], [Business_Type], [Customer_Type], [Customer_Group], [Location_Id], [Key_Account], [Status], [Updated_By], [Updated_Date], [Sales_Channel]) VALUES (1525, N'TRCA102', N'CASH SALES - SHAJI PILLAI', N'CASH SALES - SHAJI PILLAI', 33, 19, 84, 3, 0, 1, 49, CAST(0x81370B00 AS Date), 28)
INSERT [dbo].[Customer] ([Customer_Id], [Customer_Code], [Customer_Name], [Customer_Name_BL], [Business_Type], [Customer_Type], [Customer_Group], [Location_Id], [Key_Account], [Status], [Updated_By], [Updated_Date], [Sales_Channel]) VALUES (1526, N'TRCA103', N'CASH SALES - SHAJI SIMON', N'CASH SALES - SHAJI SIMON', 33, 19, 84, 3, 0, 1, 52, CAST(0x81370B00 AS Date), 28)
INSERT [dbo].[Customer] ([Customer_Id], [Customer_Code], [Customer_Name], [Customer_Name_BL], [Business_Type], [Customer_Type], [Customer_Group], [Location_Id], [Key_Account], [Status], [Updated_By], [Updated_Date], [Sales_Channel]) VALUES (1527, N'TRCA14', N'CASH SALES - ANIYAN', N'CASH SALES - ANIYAN', 33, 31, 84, 3, 0, 1, 38, CAST(0x81370B00 AS Date), 28)
INSERT [dbo].[Customer] ([Customer_Id], [Customer_Code], [Customer_Name], [Customer_Name_BL], [Business_Type], [Customer_Type], [Customer_Group], [Location_Id], [Key_Account], [Status], [Updated_By], [Updated_Date], [Sales_Channel]) VALUES (1528, N'TRCA22', N'CASH SALES - SUSHIL', N'CASH SALES - SUSHIL', 33, 19, 84, 3, 0, 1, 72, CAST(0x81370B00 AS Date), 28)
INSERT [dbo].[Customer] ([Customer_Id], [Customer_Code], [Customer_Name], [Customer_Name_BL], [Business_Type], [Customer_Type], [Customer_Group], [Location_Id], [Key_Account], [Status], [Updated_By], [Updated_Date], [Sales_Channel]) VALUES (1529, N'TRCA27', N'CASH SALES - SUDHEESH', N'CASH SALES - SUDHEESH', 33, 19, 84, 3, 0, 1, 62, CAST(0x81370B00 AS Date), 28)
INSERT [dbo].[Customer] ([Customer_Id], [Customer_Code], [Customer_Name], [Customer_Name_BL], [Business_Type], [Customer_Type], [Customer_Group], [Location_Id], [Key_Account], [Status], [Updated_By], [Updated_Date], [Sales_Channel]) VALUES (1530, N'TRCA29', N'CASH SALES - ANIYAN', N'CASH SALES - ANIYAN', 33, 19, 84, 2, 0, 1, 38, CAST(0x81370B00 AS Date), 28)
INSERT [dbo].[Customer] ([Customer_Id], [Customer_Code], [Customer_Name], [Customer_Name_BL], [Business_Type], [Customer_Type], [Customer_Group], [Location_Id], [Key_Account], [Status], [Updated_By], [Updated_Date], [Sales_Channel]) VALUES (1531, N'TRCA31', N'CASH SALES - PMSHAMEER', N'CASH SALES - PMSHAMEER', 33, 31, 84, 3, 0, 1, 53, CAST(0x81370B00 AS Date), 28)
INSERT [dbo].[Customer] ([Customer_Id], [Customer_Code], [Customer_Name], [Customer_Name_BL], [Business_Type], [Customer_Type], [Customer_Group], [Location_Id], [Key_Account], [Status], [Updated_By], [Updated_Date], [Sales_Channel]) VALUES (1532, N'TRCA34', N'CASH SALES - ABDUL JALEEL', N'CASH SALES - ABDUL JALEEL', 33, 31, 84, 3, 0, 1, 73, CAST(0x81370B00 AS Date), 28)
INSERT [dbo].[Customer] ([Customer_Id], [Customer_Code], [Customer_Name], [Customer_Name_BL], [Business_Type], [Customer_Type], [Customer_Group], [Location_Id], [Key_Account], [Status], [Updated_By], [Updated_Date], [Sales_Channel]) VALUES (1533, N'TRCA35', N'CASH SALES - AFZAL BABU', N'CASH SALES - AFZAL BABU', 33, 31, 84, 3, 0, 1, 39, CAST(0x81370B00 AS Date), 28)
INSERT [dbo].[Customer] ([Customer_Id], [Customer_Code], [Customer_Name], [Customer_Name_BL], [Business_Type], [Customer_Type], [Customer_Group], [Location_Id], [Key_Account], [Status], [Updated_By], [Updated_Date], [Sales_Channel]) VALUES (1534, N'TRCA36', N'CASH SALES - VICTOR PEREIRA', N'CASH SALES - VICTOR PEREIRA', 33, 19, 84, 3, 0, 1, 69, CAST(0x81370B00 AS Date), 28)
INSERT [dbo].[Customer] ([Customer_Id], [Customer_Code], [Customer_Name], [Customer_Name_BL], [Business_Type], [Customer_Type], [Customer_Group], [Location_Id], [Key_Account], [Status], [Updated_By], [Updated_Date], [Sales_Channel]) VALUES (1535, N'TRCA40', N'CAMBRIDGE SUPERMARKET & DEPARTMENTAL STORE L.L.C', N'CAMBRIDGE SUPERMARKET & DEPARTMENTAL STORE L.L.C', 35, 19, 20, 3, 0, 1, 49, CAST(0x81370B00 AS Date), 28)
INSERT [dbo].[Customer] ([Customer_Id], [Customer_Code], [Customer_Name], [Customer_Name_BL], [Business_Type], [Customer_Type], [Customer_Group], [Location_Id], [Key_Account], [Status], [Updated_By], [Updated_Date], [Sales_Channel]) VALUES (1536, N'TRCA83', N'CARREFOUR-WEBSTORES (ALQUOUZ)', N'CARREFOUR-WEBSTORES (ALQUOUZ)', 33, 17, 78, 3, 1, 1, 63, CAST(0x81370B00 AS Date), 28)
INSERT [dbo].[Customer] ([Customer_Id], [Customer_Code], [Customer_Name], [Customer_Name_BL], [Business_Type], [Customer_Type], [Customer_Group], [Location_Id], [Key_Account], [Status], [Updated_By], [Updated_Date], [Sales_Channel]) VALUES (1537, N'TRCA83A', N'CARREFOUR-WEBSTORES (ALQUOUZ)', N'CARREFOUR-WEBSTORES (ALQUOUZ)', 33, 17, 78, 3, 1, 1, 62, CAST(0x81370B00 AS Date), 28)
INSERT [dbo].[Customer] ([Customer_Id], [Customer_Code], [Customer_Name], [Customer_Name_BL], [Business_Type], [Customer_Type], [Customer_Group], [Location_Id], [Key_Account], [Status], [Updated_By], [Updated_Date], [Sales_Channel]) VALUES (1538, N'TRCA84', N'CARREFOUR (MIRDIFF)', N'CARREFOUR (MIRDIFF)', 42, 17, 78, 3, 1, 1, 42, CAST(0x81370B00 AS Date), 28)
INSERT [dbo].[Customer] ([Customer_Id], [Customer_Code], [Customer_Name], [Customer_Name_BL], [Business_Type], [Customer_Type], [Customer_Group], [Location_Id], [Key_Account], [Status], [Updated_By], [Updated_Date], [Sales_Channel]) VALUES (1539, N'TRCA85', N'CARREFOUR DALMA STORE (AUH)', N'CARREFOUR DALMA STORE (AUH)', 42, 17, 78, 2, 1, 1, 38, CAST(0x81370B00 AS Date), 28)
INSERT [dbo].[Customer] ([Customer_Id], [Customer_Code], [Customer_Name], [Customer_Name_BL], [Business_Type], [Customer_Type], [Customer_Group], [Location_Id], [Key_Account], [Status], [Updated_By], [Updated_Date], [Sales_Channel]) VALUES (1540, N'TRCA86', N'CARREFOUR JIMI MALL (ALAIN)', N'CARREFOUR JIMI MALL (ALAIN)', 42, 19, 78, 4, 1, 1, 62, CAST(0x81370B00 AS Date), 28)
INSERT [dbo].[Customer] ([Customer_Id], [Customer_Code], [Customer_Name], [Customer_Name_BL], [Business_Type], [Customer_Type], [Customer_Group], [Location_Id], [Key_Account], [Status], [Updated_By], [Updated_Date], [Sales_Channel]) VALUES (1541, N'TRCA87', N'CARREFOUR AL AIN (ALBAWADI MALL)', N'CARREFOUR AL AIN (ALBAWADI MALL)', 42, 17, 78, 4, 1, 1, 62, CAST(0x81370B00 AS Date), 28)
INSERT [dbo].[Customer] ([Customer_Id], [Customer_Code], [Customer_Name], [Customer_Name_BL], [Business_Type], [Customer_Type], [Customer_Group], [Location_Id], [Key_Account], [Status], [Updated_By], [Updated_Date], [Sales_Channel]) VALUES (1542, N'TRCA88', N'CARREFOUR - EMIRATES MALL', N'CARREFOUR - EMIRATES MALL', 42, 17, 78, 3, 1, 1, 42, CAST(0x81370B00 AS Date), 28)
INSERT [dbo].[Customer] ([Customer_Id], [Customer_Code], [Customer_Name], [Customer_Name_BL], [Business_Type], [Customer_Type], [Customer_Group], [Location_Id], [Key_Account], [Status], [Updated_By], [Updated_Date], [Sales_Channel]) VALUES (1543, N'TRCA88E', N'CARREFOUR - EMIRATES MALL', N'CARREFOUR - EMIRATES MALL', 42, 17, 78, 3, 1, 1, 63, CAST(0x81370B00 AS Date), 28)
INSERT [dbo].[Customer] ([Customer_Id], [Customer_Code], [Customer_Name], [Customer_Name_BL], [Business_Type], [Customer_Type], [Customer_Group], [Location_Id], [Key_Account], [Status], [Updated_By], [Updated_Date], [Sales_Channel]) VALUES (1544, N'TRCA89', N'CARREFOUR - CENTURY MALL', N'CARREFOUR - CENTURY MALL', 42, 17, 78, 3, 1, 1, 41, CAST(0x81370B00 AS Date), 28)
INSERT [dbo].[Customer] ([Customer_Id], [Customer_Code], [Customer_Name], [Customer_Name_BL], [Business_Type], [Customer_Type], [Customer_Group], [Location_Id], [Key_Account], [Status], [Updated_By], [Updated_Date], [Sales_Channel]) VALUES (1545, N'TRCA89E', N'CARREFOUR - CENTURY MALL', N'CARREFOUR - CENTURY MALL', 42, 17, 78, 3, 1, 1, 61, CAST(0x81370B00 AS Date), 28)
INSERT [dbo].[Customer] ([Customer_Id], [Customer_Code], [Customer_Name], [Customer_Name_BL], [Business_Type], [Customer_Type], [Customer_Group], [Location_Id], [Key_Account], [Status], [Updated_By], [Updated_Date], [Sales_Channel]) VALUES (1546, N'TRCA90', N'CARREFOUR - SHINDAGHA', N'CARREFOUR - SHINDAGHA', 42, 17, 78, 3, 1, 1, 42, CAST(0x81370B00 AS Date), 28)
GO
print 'Processed 300 total records'
INSERT [dbo].[Customer] ([Customer_Id], [Customer_Code], [Customer_Name], [Customer_Name_BL], [Business_Type], [Customer_Type], [Customer_Group], [Location_Id], [Key_Account], [Status], [Updated_By], [Updated_Date], [Sales_Channel]) VALUES (1547, N'TRCA91', N'CARRFOUR - MUSCAT', N'CARRFOUR - MUSCAT', 42, 19, 78, 19, 1, 1, 60, CAST(0x81370B00 AS Date), 28)
INSERT [dbo].[Customer] ([Customer_Id], [Customer_Code], [Customer_Name], [Customer_Name_BL], [Business_Type], [Customer_Type], [Customer_Group], [Location_Id], [Key_Account], [Status], [Updated_By], [Updated_Date], [Sales_Channel]) VALUES (1548, N'TRCA92', N'CARREFOUR - SHJ(APPL)', N'CARREFOUR - SHJ(APPL)', 42, 17, 78, 5, 1, 1, 41, CAST(0x81370B00 AS Date), 28)
INSERT [dbo].[Customer] ([Customer_Id], [Customer_Code], [Customer_Name], [Customer_Name_BL], [Business_Type], [Customer_Type], [Customer_Group], [Location_Id], [Key_Account], [Status], [Updated_By], [Updated_Date], [Sales_Channel]) VALUES (1549, N'TRCA93', N'CARREFOUR SHJ (ELEC.)', N'CARREFOUR SHJ (ELEC.)', 42, 17, 78, 5, 1, 1, 61, CAST(0x81370B00 AS Date), 28)
INSERT [dbo].[Customer] ([Customer_Id], [Customer_Code], [Customer_Name], [Customer_Name_BL], [Business_Type], [Customer_Type], [Customer_Group], [Location_Id], [Key_Account], [Status], [Updated_By], [Updated_Date], [Sales_Channel]) VALUES (1550, N'TRCA94', N'CARREFOUR AL AIN', N'CARREFOUR AL AIN', 42, 17, 78, 4, 1, 1, 62, CAST(0x81370B00 AS Date), 28)
INSERT [dbo].[Customer] ([Customer_Id], [Customer_Code], [Customer_Name], [Customer_Name_BL], [Business_Type], [Customer_Type], [Customer_Group], [Location_Id], [Key_Account], [Status], [Updated_By], [Updated_Date], [Sales_Channel]) VALUES (1551, N'TRCA94A', N'CARREFOUR AL AIN', N'CARREFOUR AL AIN', 42, 17, 78, 4, 1, 1, 62, CAST(0x81370B00 AS Date), 28)
INSERT [dbo].[Customer] ([Customer_Id], [Customer_Code], [Customer_Name], [Customer_Name_BL], [Business_Type], [Customer_Type], [Customer_Group], [Location_Id], [Key_Account], [Status], [Updated_By], [Updated_Date], [Sales_Channel]) VALUES (1552, N'TRCA95', N'CARREFOUR - MARINA MALL', N'CARREFOUR - MARINA MALL', 42, 17, 78, 2, 1, 1, 38, CAST(0x81370B00 AS Date), 28)
INSERT [dbo].[Customer] ([Customer_Id], [Customer_Code], [Customer_Name], [Customer_Name_BL], [Business_Type], [Customer_Type], [Customer_Group], [Location_Id], [Key_Account], [Status], [Updated_By], [Updated_Date], [Sales_Channel]) VALUES (1553, N'TRCA95A', N'CARREFOUR - MARINA MALL', N'CARREFOUR - MARINA MALL', 42, 17, 78, 2, 1, 1, 38, CAST(0x81370B00 AS Date), 28)
INSERT [dbo].[Customer] ([Customer_Id], [Customer_Code], [Customer_Name], [Customer_Name_BL], [Business_Type], [Customer_Type], [Customer_Group], [Location_Id], [Key_Account], [Status], [Updated_By], [Updated_Date], [Sales_Channel]) VALUES (1554, N'TRCA96', N'CARREFOUR - AL SAQR', N'CARREFOUR - AL SAQR', 42, 17, 78, 2, 1, 1, 38, CAST(0x81370B00 AS Date), 28)
INSERT [dbo].[Customer] ([Customer_Id], [Customer_Code], [Customer_Name], [Customer_Name_BL], [Business_Type], [Customer_Type], [Customer_Group], [Location_Id], [Key_Account], [Status], [Updated_By], [Updated_Date], [Sales_Channel]) VALUES (1555, N'TRCA96A', N'CARREFOUR - AL SAQR', N'CARREFOUR - AL SAQR', 42, 17, 78, 2, 1, 1, 38, CAST(0x81370B00 AS Date), 28)
INSERT [dbo].[Customer] ([Customer_Id], [Customer_Code], [Customer_Name], [Customer_Name_BL], [Business_Type], [Customer_Type], [Customer_Group], [Location_Id], [Key_Account], [Status], [Updated_By], [Updated_Date], [Sales_Channel]) VALUES (1556, N'TRCA97', N'CARREFOUR DEIRA', N'CARREFOUR DEIRA', 42, 17, 78, 3, 1, 1, 42, CAST(0x81370B00 AS Date), 28)
INSERT [dbo].[Customer] ([Customer_Id], [Customer_Code], [Customer_Name], [Customer_Name_BL], [Business_Type], [Customer_Type], [Customer_Group], [Location_Id], [Key_Account], [Status], [Updated_By], [Updated_Date], [Sales_Channel]) VALUES (1557, N'TRCA97E', N'CARREFOUR DEIRA', N'CARREFOUR DEIRA', 42, 17, 78, 3, 1, 1, 63, CAST(0x81370B00 AS Date), 28)
INSERT [dbo].[Customer] ([Customer_Id], [Customer_Code], [Customer_Name], [Customer_Name_BL], [Business_Type], [Customer_Type], [Customer_Group], [Location_Id], [Key_Account], [Status], [Updated_By], [Updated_Date], [Sales_Channel]) VALUES (1558, N'TRCA98', N'CARREFOUR AJMAN', N'CARREFOUR AJMAN', 42, 17, 78, 10, 1, 1, 41, CAST(0x81370B00 AS Date), 28)
INSERT [dbo].[Customer] ([Customer_Id], [Customer_Code], [Customer_Name], [Customer_Name_BL], [Business_Type], [Customer_Type], [Customer_Group], [Location_Id], [Key_Account], [Status], [Updated_By], [Updated_Date], [Sales_Channel]) VALUES (1559, N'TRCA98A', N'CARREFOUR AJMAN', N'CARREFOUR AJMAN', 42, 17, 78, 10, 1, 1, 41, CAST(0x81370B00 AS Date), 28)
INSERT [dbo].[Customer] ([Customer_Id], [Customer_Code], [Customer_Name], [Customer_Name_BL], [Business_Type], [Customer_Type], [Customer_Group], [Location_Id], [Key_Account], [Status], [Updated_By], [Updated_Date], [Sales_Channel]) VALUES (1560, N'TRCA99', N'CARREFOUR - RAK', N'CARREFOUR - RAK', 42, 17, 78, 8, 1, 1, 36, CAST(0x81370B00 AS Date), 28)
INSERT [dbo].[Customer] ([Customer_Id], [Customer_Code], [Customer_Name], [Customer_Name_BL], [Business_Type], [Customer_Type], [Customer_Group], [Location_Id], [Key_Account], [Status], [Updated_By], [Updated_Date], [Sales_Channel]) VALUES (1561, N'TRCA99A', N'CARREFOUR - RAK', N'CARREFOUR - RAK', 42, 17, 78, 8, 1, 1, 36, CAST(0x81370B00 AS Date), 28)
INSERT [dbo].[Customer] ([Customer_Id], [Customer_Code], [Customer_Name], [Customer_Name_BL], [Business_Type], [Customer_Type], [Customer_Group], [Location_Id], [Key_Account], [Status], [Updated_By], [Updated_Date], [Sales_Channel]) VALUES (1562, N'TRCAAEW', N'CASH CUSTOMER - NIIHO', N'CASH CUSTOMER - NIIHO', 33, 19, 22, 3, 0, 1, 37, CAST(0x81370B00 AS Date), 29)
INSERT [dbo].[Customer] ([Customer_Id], [Customer_Code], [Customer_Name], [Customer_Name_BL], [Business_Type], [Customer_Type], [Customer_Group], [Location_Id], [Key_Account], [Status], [Updated_By], [Updated_Date], [Sales_Channel]) VALUES (1563, N'TRCE01E', N'CENTRAL TRADING COMPANY LLC', N'CENTRAL TRADING COMPANY LLC', 13, 19, 20, 3, 0, 1, 61, CAST(0x81370B00 AS Date), 28)
INSERT [dbo].[Customer] ([Customer_Id], [Customer_Code], [Customer_Name], [Customer_Name_BL], [Business_Type], [Customer_Type], [Customer_Group], [Location_Id], [Key_Account], [Status], [Updated_By], [Updated_Date], [Sales_Channel]) VALUES (1564, N'TRCH01', N'CHOITH RAM RAK', N'CHOITH RAM RAK', 15, 19, 80, 8, 1, 1, 72, CAST(0x81370B00 AS Date), 28)
INSERT [dbo].[Customer] ([Customer_Id], [Customer_Code], [Customer_Name], [Customer_Name_BL], [Business_Type], [Customer_Type], [Customer_Group], [Location_Id], [Key_Account], [Status], [Updated_By], [Updated_Date], [Sales_Channel]) VALUES (1565, N'TRCH02', N'CHOITHRAM - AL AIN', N'CHOITHRAM - AL AIN', 15, 19, 80, 4, 1, 1, 62, CAST(0x81370B00 AS Date), 28)
INSERT [dbo].[Customer] ([Customer_Id], [Customer_Code], [Customer_Name], [Customer_Name_BL], [Business_Type], [Customer_Type], [Customer_Group], [Location_Id], [Key_Account], [Status], [Updated_By], [Updated_Date], [Sales_Channel]) VALUES (1566, N'TRCH02E', N'CHOITHRAM - AL AIN', N'CHOITHRAM - AL AIN', 15, 19, 80, 4, 1, 1, 67, CAST(0x81370B00 AS Date), 28)
INSERT [dbo].[Customer] ([Customer_Id], [Customer_Code], [Customer_Name], [Customer_Name_BL], [Business_Type], [Customer_Type], [Customer_Group], [Location_Id], [Key_Account], [Status], [Updated_By], [Updated_Date], [Sales_Channel]) VALUES (1567, N'TRCH04', N'CHOITRAM S/MRKT - AL RAIS', N'CHOITRAM S/MRKT - AL RAIS', 15, 19, 80, 3, 1, 1, 61, CAST(0x81370B00 AS Date), 28)
INSERT [dbo].[Customer] ([Customer_Id], [Customer_Code], [Customer_Name], [Customer_Name_BL], [Business_Type], [Customer_Type], [Customer_Group], [Location_Id], [Key_Account], [Status], [Updated_By], [Updated_Date], [Sales_Channel]) VALUES (1568, N'TRCH04E', N'CHOITRAM S/MRKT - AL RAIS', N'CHOITRAM S/MRKT - AL RAIS', 15, 19, 80, 3, 1, 1, 61, CAST(0x81370B00 AS Date), 28)
INSERT [dbo].[Customer] ([Customer_Id], [Customer_Code], [Customer_Name], [Customer_Name_BL], [Business_Type], [Customer_Type], [Customer_Group], [Location_Id], [Key_Account], [Status], [Updated_By], [Updated_Date], [Sales_Channel]) VALUES (1569, N'TRCH05', N'CHOITHRAM S.MKT - BEACH ROAD', N'CHOITHRAM S.MKT - BEACH ROAD', 15, 19, 80, 3, 1, 1, 61, CAST(0x81370B00 AS Date), 28)
INSERT [dbo].[Customer] ([Customer_Id], [Customer_Code], [Customer_Name], [Customer_Name_BL], [Business_Type], [Customer_Type], [Customer_Group], [Location_Id], [Key_Account], [Status], [Updated_By], [Updated_Date], [Sales_Channel]) VALUES (1570, N'TRCH06', N'CHACHOOS GENERAL TRADING L.L.C.', N'CHACHOOS GENERAL TRADING L.L.C.', 13, 19, 20, 3, 0, 1, 49, CAST(0x81370B00 AS Date), 28)
INSERT [dbo].[Customer] ([Customer_Id], [Customer_Code], [Customer_Name], [Customer_Name_BL], [Business_Type], [Customer_Type], [Customer_Group], [Location_Id], [Key_Account], [Status], [Updated_By], [Updated_Date], [Sales_Channel]) VALUES (1571, N'TRCH06E', N'CHACHOOS GENERAL TRADING L.L.C.', N'CHACHOOS GENERAL TRADING L.L.C.', 13, 19, 20, 3, 0, 1, 49, CAST(0x81370B00 AS Date), 28)
INSERT [dbo].[Customer] ([Customer_Id], [Customer_Code], [Customer_Name], [Customer_Name_BL], [Business_Type], [Customer_Type], [Customer_Group], [Location_Id], [Key_Account], [Status], [Updated_By], [Updated_Date], [Sales_Channel]) VALUES (1572, N'TRCH07', N'CHOITRAM - ABU DHABI', N'CHOITRAM - ABU DHABI', 15, 19, 80, 2, 1, 1, 45, CAST(0x81370B00 AS Date), 28)
INSERT [dbo].[Customer] ([Customer_Id], [Customer_Code], [Customer_Name], [Customer_Name_BL], [Business_Type], [Customer_Type], [Customer_Group], [Location_Id], [Key_Account], [Status], [Updated_By], [Updated_Date], [Sales_Channel]) VALUES (1573, N'TRCH11', N'CHOITHRAM S/MKT AL SHAAB', N'CHOITHRAM S/MKT AL SHAAB', 15, 19, 80, 3, 1, 1, 61, CAST(0x81370B00 AS Date), 28)
INSERT [dbo].[Customer] ([Customer_Id], [Customer_Code], [Customer_Name], [Customer_Name_BL], [Business_Type], [Customer_Type], [Customer_Group], [Location_Id], [Key_Account], [Status], [Updated_By], [Updated_Date], [Sales_Channel]) VALUES (1574, N'TRCH11E', N'CHOITHRAM S/MKT AL SHAAB', N'CHOITHRAM S/MKT AL SHAAB', 15, 19, 80, 3, 1, 1, 61, CAST(0x81370B00 AS Date), 28)
INSERT [dbo].[Customer] ([Customer_Id], [Customer_Code], [Customer_Name], [Customer_Name_BL], [Business_Type], [Customer_Type], [Customer_Group], [Location_Id], [Key_Account], [Status], [Updated_By], [Updated_Date], [Sales_Channel]) VALUES (1575, N'TRCH15E', N'CHOITRAM SUPERMARKET', N'CHOITRAM SUPERMARKET', 15, 19, 80, 10, 1, 1, 63, CAST(0x81370B00 AS Date), 28)
INSERT [dbo].[Customer] ([Customer_Id], [Customer_Code], [Customer_Name], [Customer_Name_BL], [Business_Type], [Customer_Type], [Customer_Group], [Location_Id], [Key_Account], [Status], [Updated_By], [Updated_Date], [Sales_Channel]) VALUES (1576, N'TRCH20', N'CHOITHRAM SUPERMARKET - CENTRAL WH', N'CHOITHRAM SUPERMARKET - CENTRAL WH', 15, 19, 80, 3, 1, 1, 68, CAST(0x81370B00 AS Date), 28)
INSERT [dbo].[Customer] ([Customer_Id], [Customer_Code], [Customer_Name], [Customer_Name_BL], [Business_Type], [Customer_Type], [Customer_Group], [Location_Id], [Key_Account], [Status], [Updated_By], [Updated_Date], [Sales_Channel]) VALUES (1577, N'TRCH20E', N'CHOITHRAM SUPERMARKET - CENTRAL WH', N'CHOITHRAM SUPERMARKET - CENTRAL WH', 15, 19, 80, 3, 1, 1, 68, CAST(0x81370B00 AS Date), 28)
INSERT [dbo].[Customer] ([Customer_Id], [Customer_Code], [Customer_Name], [Customer_Name_BL], [Business_Type], [Customer_Type], [Customer_Group], [Location_Id], [Key_Account], [Status], [Updated_By], [Updated_Date], [Sales_Channel]) VALUES (1578, N'TRCH21', N'CHOITHRAM- KARAMA', N'CHOITHRAM- KARAMA', 15, 19, 80, 3, 1, 1, 61, CAST(0x81370B00 AS Date), 28)
INSERT [dbo].[Customer] ([Customer_Id], [Customer_Code], [Customer_Name], [Customer_Name_BL], [Business_Type], [Customer_Type], [Customer_Group], [Location_Id], [Key_Account], [Status], [Updated_By], [Updated_Date], [Sales_Channel]) VALUES (1579, N'TRCI02', N'CITI MART SUPERMARKET (L.L.C.), DUBAI', N'CITI MART SUPERMARKET (L.L.C.), DUBAI', 15, 19, 72, 3, 1, 1, 61, CAST(0x81370B00 AS Date), 28)
INSERT [dbo].[Customer] ([Customer_Id], [Customer_Code], [Customer_Name], [Customer_Name_BL], [Business_Type], [Customer_Type], [Customer_Group], [Location_Id], [Key_Account], [Status], [Updated_By], [Updated_Date], [Sales_Channel]) VALUES (1580, N'TRCI02E', N'CITI MART SUPERMARKET (L.L.C.), DUBAI', N'CITI MART SUPERMARKET (L.L.C.), DUBAI', 15, 19, 72, 3, 1, 1, 61, CAST(0x81370B00 AS Date), 28)
INSERT [dbo].[Customer] ([Customer_Id], [Customer_Code], [Customer_Name], [Customer_Name_BL], [Business_Type], [Customer_Type], [Customer_Group], [Location_Id], [Key_Account], [Status], [Updated_By], [Updated_Date], [Sales_Channel]) VALUES (1581, N'TRCI04', N'CITY POINT GENERAL TRADING EST.', N'CITY POINT GENERAL TRADING EST.', 13, 19, 20, 3, 0, 1, 61, CAST(0x81370B00 AS Date), 28)
INSERT [dbo].[Customer] ([Customer_Id], [Customer_Code], [Customer_Name], [Customer_Name_BL], [Business_Type], [Customer_Type], [Customer_Group], [Location_Id], [Key_Account], [Status], [Updated_By], [Updated_Date], [Sales_Channel]) VALUES (1582, N'TRCI04E', N'CITY POINT GENERAL TRADING EST.', N'CITY POINT GENERAL TRADING EST.', 13, 19, 20, 3, 0, 1, 61, CAST(0x81370B00 AS Date), 28)
INSERT [dbo].[Customer] ([Customer_Id], [Customer_Code], [Customer_Name], [Customer_Name_BL], [Business_Type], [Customer_Type], [Customer_Group], [Location_Id], [Key_Account], [Status], [Updated_By], [Updated_Date], [Sales_Channel]) VALUES (1583, N'TRCI04W', N'CITY POINT GENERAL TRADING LLC', N'CITY POINT GENERAL TRADING LLC', 33, 18, 22, 3, 0, 1, 37, CAST(0x81370B00 AS Date), 29)
INSERT [dbo].[Customer] ([Customer_Id], [Customer_Code], [Customer_Name], [Customer_Name_BL], [Business_Type], [Customer_Type], [Customer_Group], [Location_Id], [Key_Account], [Status], [Updated_By], [Updated_Date], [Sales_Channel]) VALUES (1584, N'TRCI05', N'CITYMAN ELECTRONICS', N'CITYMAN ELECTRONICS', 13, 19, 20, 3, 0, 1, 49, CAST(0x81370B00 AS Date), 28)
INSERT [dbo].[Customer] ([Customer_Id], [Customer_Code], [Customer_Name], [Customer_Name_BL], [Business_Type], [Customer_Type], [Customer_Group], [Location_Id], [Key_Account], [Status], [Updated_By], [Updated_Date], [Sales_Channel]) VALUES (1585, N'TRCI05E', N'CITYMAN ELECTRONICS', N'CITYMAN ELECTRONICS', 13, 19, 20, 3, 0, 1, 74, CAST(0x81370B00 AS Date), 28)
INSERT [dbo].[Customer] ([Customer_Id], [Customer_Code], [Customer_Name], [Customer_Name_BL], [Business_Type], [Customer_Type], [Customer_Group], [Location_Id], [Key_Account], [Status], [Updated_By], [Updated_Date], [Sales_Channel]) VALUES (1586, N'TRCI05W', N'CITY MAN ELECTRONICS', N'CITY MAN ELECTRONICS', 33, 18, 22, 3, 0, 1, 37, CAST(0x81370B00 AS Date), 29)
INSERT [dbo].[Customer] ([Customer_Id], [Customer_Code], [Customer_Name], [Customer_Name_BL], [Business_Type], [Customer_Type], [Customer_Group], [Location_Id], [Key_Account], [Status], [Updated_By], [Updated_Date], [Sales_Channel]) VALUES (1587, N'TRCI06', N'CITIBANK', N'CITIBANK', 39, 31, 21, 3, 0, 1, 59, CAST(0x81370B00 AS Date), 30)
INSERT [dbo].[Customer] ([Customer_Id], [Customer_Code], [Customer_Name], [Customer_Name_BL], [Business_Type], [Customer_Type], [Customer_Group], [Location_Id], [Key_Account], [Status], [Updated_By], [Updated_Date], [Sales_Channel]) VALUES (1588, N'TRCI07', N'CITY MAN DEPARTMENT STORE', N'CITY MAN DEPARTMENT STORE', 13, 19, 20, 3, 0, 1, 49, CAST(0x81370B00 AS Date), 28)
INSERT [dbo].[Customer] ([Customer_Id], [Customer_Code], [Customer_Name], [Customer_Name_BL], [Business_Type], [Customer_Type], [Customer_Group], [Location_Id], [Key_Account], [Status], [Updated_By], [Updated_Date], [Sales_Channel]) VALUES (1589, N'TRCI07W', N'CITY MAN DEPT STORES', N'CITY MAN DEPT STORES', 33, 18, 22, 3, 0, 1, 37, CAST(0x81370B00 AS Date), 29)
INSERT [dbo].[Customer] ([Customer_Id], [Customer_Code], [Customer_Name], [Customer_Name_BL], [Business_Type], [Customer_Type], [Customer_Group], [Location_Id], [Key_Account], [Status], [Updated_By], [Updated_Date], [Sales_Channel]) VALUES (1590, N'TRCI08', N'CITY STAR ELECTRONICS', N'CITY STAR ELECTRONICS', 13, 19, 20, 9, 0, 1, 36, CAST(0x81370B00 AS Date), 28)
INSERT [dbo].[Customer] ([Customer_Id], [Customer_Code], [Customer_Name], [Customer_Name_BL], [Business_Type], [Customer_Type], [Customer_Group], [Location_Id], [Key_Account], [Status], [Updated_By], [Updated_Date], [Sales_Channel]) VALUES (1591, N'TRCI09', N'CITY LAND TRADING', N'CITY LAND TRADING', 13, 19, 20, 8, 0, 1, 36, CAST(0x81370B00 AS Date), 28)
INSERT [dbo].[Customer] ([Customer_Id], [Customer_Code], [Customer_Name], [Customer_Name_BL], [Business_Type], [Customer_Type], [Customer_Group], [Location_Id], [Key_Account], [Status], [Updated_By], [Updated_Date], [Sales_Channel]) VALUES (1592, N'TRCI10', N'CITY ROCK TRADING', N'CITY ROCK TRADING', 141, 17, 20, 3, 0, 1, 74, CAST(0x81370B00 AS Date), 28)
INSERT [dbo].[Customer] ([Customer_Id], [Customer_Code], [Customer_Name], [Customer_Name_BL], [Business_Type], [Customer_Type], [Customer_Group], [Location_Id], [Key_Account], [Status], [Updated_By], [Updated_Date], [Sales_Channel]) VALUES (1593, N'TRCI11', N'CITY TOWER REAL ESTATE', N'CITY TOWER REAL ESTATE', 137, 31, 21, 3, 0, 1, 48, CAST(0x81370B00 AS Date), 30)
INSERT [dbo].[Customer] ([Customer_Id], [Customer_Code], [Customer_Name], [Customer_Name_BL], [Business_Type], [Customer_Type], [Customer_Group], [Location_Id], [Key_Account], [Status], [Updated_By], [Updated_Date], [Sales_Channel]) VALUES (1594, N'TRCI12', N'CITY PLAZA SHOPPING CENTRE LLC', N'CITY PLAZA SHOPPING CENTRE LLC', 13, 19, 20, 4, 0, 1, 62, CAST(0x81370B00 AS Date), 28)
INSERT [dbo].[Customer] ([Customer_Id], [Customer_Code], [Customer_Name], [Customer_Name_BL], [Business_Type], [Customer_Type], [Customer_Group], [Location_Id], [Key_Account], [Status], [Updated_By], [Updated_Date], [Sales_Channel]) VALUES (1595, N'TRCI12E', N'CITY PLAZA SHOPPING CENTRE LLC', N'CITY PLAZA SHOPPING CENTRE LLC', 13, 19, 20, 4, 0, 1, 67, CAST(0x81370B00 AS Date), 28)
INSERT [dbo].[Customer] ([Customer_Id], [Customer_Code], [Customer_Name], [Customer_Name_BL], [Business_Type], [Customer_Type], [Customer_Group], [Location_Id], [Key_Account], [Status], [Updated_By], [Updated_Date], [Sales_Channel]) VALUES (1596, N'TRCI13', N'CITY MOON ELECTRONICS L.L.C', N'CITY MOON ELECTRONICS L.L.C', 13, 19, 20, 3, 0, 1, 49, CAST(0x81370B00 AS Date), 28)
INSERT [dbo].[Customer] ([Customer_Id], [Customer_Code], [Customer_Name], [Customer_Name_BL], [Business_Type], [Customer_Type], [Customer_Group], [Location_Id], [Key_Account], [Status], [Updated_By], [Updated_Date], [Sales_Channel]) VALUES (1597, N'TRCL01E', N'CLOCK TOWER SUPER MARKET', N'CLOCK TOWER SUPER MARKET', 15, 19, 20, 3, 0, 1, 61, CAST(0x81370B00 AS Date), 28)
INSERT [dbo].[Customer] ([Customer_Id], [Customer_Code], [Customer_Name], [Customer_Name_BL], [Business_Type], [Customer_Type], [Customer_Group], [Location_Id], [Key_Account], [Status], [Updated_By], [Updated_Date], [Sales_Channel]) VALUES (1598, N'TRCL02W', N'CLASSIC CITY', N'CLASSIC CITY', 33, 18, 22, 3, 0, 1, 37, CAST(0x81370B00 AS Date), 29)
INSERT [dbo].[Customer] ([Customer_Id], [Customer_Code], [Customer_Name], [Customer_Name_BL], [Business_Type], [Customer_Type], [Customer_Group], [Location_Id], [Key_Account], [Status], [Updated_By], [Updated_Date], [Sales_Channel]) VALUES (1599, N'TRCL03', N'CLASSIC CITY (DEPARTMENT STORE) LLC', N'CLASSIC CITY (DEPARTMENT STORE) LLC', 121, 19, 20, 3, 0, 1, 38, CAST(0x81370B00 AS Date), 28)
INSERT [dbo].[Customer] ([Customer_Id], [Customer_Code], [Customer_Name], [Customer_Name_BL], [Business_Type], [Customer_Type], [Customer_Group], [Location_Id], [Key_Account], [Status], [Updated_By], [Updated_Date], [Sales_Channel]) VALUES (1600, N'TRCL03E', N'CLASSIC CITY (DEPARTMENT STORE) LLC', N'CLASSIC CITY (DEPARTMENT STORE) LLC', 121, 19, 20, 3, 0, 1, 39, CAST(0x81370B00 AS Date), 28)
INSERT [dbo].[Customer] ([Customer_Id], [Customer_Code], [Customer_Name], [Customer_Name_BL], [Business_Type], [Customer_Type], [Customer_Group], [Location_Id], [Key_Account], [Status], [Updated_By], [Updated_Date], [Sales_Channel]) VALUES (1601, N'TRCL04', N'CLICK TALK ELECTRONICS L.L.C', N'CLICK TALK ELECTRONICS L.L.C', 13, 19, 20, 3, 0, 1, 38, CAST(0x81370B00 AS Date), 28)
INSERT [dbo].[Customer] ([Customer_Id], [Customer_Code], [Customer_Name], [Customer_Name_BL], [Business_Type], [Customer_Type], [Customer_Group], [Location_Id], [Key_Account], [Status], [Updated_By], [Updated_Date], [Sales_Channel]) VALUES (1602, N'TRCL04E', N'CLICK TALK ELECTRONICS L.L.C', N'CLICK TALK ELECTRONICS L.L.C', 13, 19, 20, 3, 0, 1, 39, CAST(0x81370B00 AS Date), 28)
INSERT [dbo].[Customer] ([Customer_Id], [Customer_Code], [Customer_Name], [Customer_Name_BL], [Business_Type], [Customer_Type], [Customer_Group], [Location_Id], [Key_Account], [Status], [Updated_By], [Updated_Date], [Sales_Channel]) VALUES (1603, N'TRCL04W', N'CLICK TALK ELECTRONICS L.L.C', N'CLICK TALK ELECTRONICS L.L.C', 33, 18, 22, 3, 0, 1, 37, CAST(0x81370B00 AS Date), 29)
INSERT [dbo].[Customer] ([Customer_Id], [Customer_Code], [Customer_Name], [Customer_Name_BL], [Business_Type], [Customer_Type], [Customer_Group], [Location_Id], [Key_Account], [Status], [Updated_By], [Updated_Date], [Sales_Channel]) VALUES (1604, N'TRCL05', N'CLARIDGE HOTEL', N'CLARIDGE HOTEL', 132, 31, 21, 3, 0, 1, 59, CAST(0x81370B00 AS Date), 30)
INSERT [dbo].[Customer] ([Customer_Id], [Customer_Code], [Customer_Name], [Customer_Name_BL], [Business_Type], [Customer_Type], [Customer_Group], [Location_Id], [Key_Account], [Status], [Updated_By], [Updated_Date], [Sales_Channel]) VALUES (1605, N'TRCO01W', N'COMET ELECT', N'COMET ELECT', 32, 19, 22, 3, 0, 1, 37, CAST(0x81370B00 AS Date), 29)
INSERT [dbo].[Customer] ([Customer_Id], [Customer_Code], [Customer_Name], [Customer_Name_BL], [Business_Type], [Customer_Type], [Customer_Group], [Location_Id], [Key_Account], [Status], [Updated_By], [Updated_Date], [Sales_Channel]) VALUES (1606, N'TRCO02', N'COLOMBO ELECTRONICS', N'COLOMBO ELECTRONICS', 13, 19, 20, 8, 0, 1, 72, CAST(0x81370B00 AS Date), 28)
INSERT [dbo].[Customer] ([Customer_Id], [Customer_Code], [Customer_Name], [Customer_Name_BL], [Business_Type], [Customer_Type], [Customer_Group], [Location_Id], [Key_Account], [Status], [Updated_By], [Updated_Date], [Sales_Channel]) VALUES (1607, N'TRCO03', N'CORNER ELECTRICAL DEVICES & WATCHES TRDG.LLC', N'CORNER ELECTRICAL DEVICES & WATCHES TRDG.LLC', 13, 19, 20, 5, 0, 1, 50, CAST(0x81370B00 AS Date), 28)
INSERT [dbo].[Customer] ([Customer_Id], [Customer_Code], [Customer_Name], [Customer_Name_BL], [Business_Type], [Customer_Type], [Customer_Group], [Location_Id], [Key_Account], [Status], [Updated_By], [Updated_Date], [Sales_Channel]) VALUES (1608, N'TRCO04', N'COMET ELECTRONICS', N'COMET ELECTRONICS', 13, 19, 20, 3, 0, 1, 38, CAST(0x81370B00 AS Date), 28)
INSERT [dbo].[Customer] ([Customer_Id], [Customer_Code], [Customer_Name], [Customer_Name_BL], [Business_Type], [Customer_Type], [Customer_Group], [Location_Id], [Key_Account], [Status], [Updated_By], [Updated_Date], [Sales_Channel]) VALUES (1609, N'TRCO04E', N'COMET ELECTRONICS', N'COMET ELECTRONICS', 13, 19, 20, 3, 0, 1, 53, CAST(0x81370B00 AS Date), 28)
INSERT [dbo].[Customer] ([Customer_Id], [Customer_Code], [Customer_Name], [Customer_Name_BL], [Business_Type], [Customer_Type], [Customer_Group], [Location_Id], [Key_Account], [Status], [Updated_By], [Updated_Date], [Sales_Channel]) VALUES (1610, N'TRCO06', N'COLARADO ELECTRONICS', N'COLARADO ELECTRONICS', 13, 19, 20, 3, 0, 1, 44, CAST(0x81370B00 AS Date), 28)
INSERT [dbo].[Customer] ([Customer_Id], [Customer_Code], [Customer_Name], [Customer_Name_BL], [Business_Type], [Customer_Type], [Customer_Group], [Location_Id], [Key_Account], [Status], [Updated_By], [Updated_Date], [Sales_Channel]) VALUES (1611, N'TRCO06E', N'COLARADO ELECTRONICS', N'COLARADO ELECTRONICS', 13, 19, 20, 3, 0, 1, 44, CAST(0x81370B00 AS Date), 28)
INSERT [dbo].[Customer] ([Customer_Id], [Customer_Code], [Customer_Name], [Customer_Name_BL], [Business_Type], [Customer_Type], [Customer_Group], [Location_Id], [Key_Account], [Status], [Updated_By], [Updated_Date], [Sales_Channel]) VALUES (1612, N'TRCO07', N'COST TO COST ELECTRONICS', N'COST TO COST ELECTRONICS', 13, 19, 20, 2, 0, 1, 38, CAST(0x81370B00 AS Date), 28)
INSERT [dbo].[Customer] ([Customer_Id], [Customer_Code], [Customer_Name], [Customer_Name_BL], [Business_Type], [Customer_Type], [Customer_Group], [Location_Id], [Key_Account], [Status], [Updated_By], [Updated_Date], [Sales_Channel]) VALUES (1613, N'TRCO07E', N'COST TO COST ELECTRONICS', N'COST TO COST ELECTRONICS', 13, 19, 20, 2, 0, 1, 38, CAST(0x81370B00 AS Date), 28)
INSERT [dbo].[Customer] ([Customer_Id], [Customer_Code], [Customer_Name], [Customer_Name_BL], [Business_Type], [Customer_Type], [Customer_Group], [Location_Id], [Key_Account], [Status], [Updated_By], [Updated_Date], [Sales_Channel]) VALUES (1614, N'TRCO11', N'CONSIGNMENT A/C - DILIP PANDYA', N'CONSIGNMENT A/C - DILIP PANDYA', 33, 19, 84, 3, 1, 1, 63, CAST(0x81370B00 AS Date), 28)
INSERT [dbo].[Customer] ([Customer_Id], [Customer_Code], [Customer_Name], [Customer_Name_BL], [Business_Type], [Customer_Type], [Customer_Group], [Location_Id], [Key_Account], [Status], [Updated_By], [Updated_Date], [Sales_Channel]) VALUES (1615, N'TRCO12', N'CONSIGNMENT A/C - JAMES JOHN', N'CONSIGNMENT A/C - JAMES JOHN', 33, 19, 84, 3, 1, 1, 50, CAST(0x81370B00 AS Date), 28)
INSERT [dbo].[Customer] ([Customer_Id], [Customer_Code], [Customer_Name], [Customer_Name_BL], [Business_Type], [Customer_Type], [Customer_Group], [Location_Id], [Key_Account], [Status], [Updated_By], [Updated_Date], [Sales_Channel]) VALUES (1616, N'TRCO13', N'CONSIGNMENT A/C - JOSEPH ABRAHAM', N'CONSIGNMENT A/C - JOSEPH ABRAHAM', 33, 19, 84, 3, 1, 1, 41, CAST(0x81370B00 AS Date), 28)
INSERT [dbo].[Customer] ([Customer_Id], [Customer_Code], [Customer_Name], [Customer_Name_BL], [Business_Type], [Customer_Type], [Customer_Group], [Location_Id], [Key_Account], [Status], [Updated_By], [Updated_Date], [Sales_Channel]) VALUES (1617, N'TRCO14', N'CONSIGNMENT A/C - RANJITH MENON', N'CONSIGNMENT A/C - RANJITH MENON', 33, 19, 84, 3, 1, 1, 61, CAST(0x81370B00 AS Date), 28)
INSERT [dbo].[Customer] ([Customer_Id], [Customer_Code], [Customer_Name], [Customer_Name_BL], [Business_Type], [Customer_Type], [Customer_Group], [Location_Id], [Key_Account], [Status], [Updated_By], [Updated_Date], [Sales_Channel]) VALUES (1618, N'TRCO15', N'CONSIGNMENT A/C - SIRAJ', N'CONSIGNMENT A/C - SIRAJ', 33, 19, 84, 3, 1, 1, 44, CAST(0x81370B00 AS Date), 28)
INSERT [dbo].[Customer] ([Customer_Id], [Customer_Code], [Customer_Name], [Customer_Name_BL], [Business_Type], [Customer_Type], [Customer_Group], [Location_Id], [Key_Account], [Status], [Updated_By], [Updated_Date], [Sales_Channel]) VALUES (1619, N'TRCO16', N'CONSIGNMENT A/C - SUMIT MEHRA', N'CONSIGNMENT A/C - SUMIT MEHRA', 33, 19, 84, 3, 1, 1, 75, CAST(0x81370B00 AS Date), 28)
INSERT [dbo].[Customer] ([Customer_Id], [Customer_Code], [Customer_Name], [Customer_Name_BL], [Business_Type], [Customer_Type], [Customer_Group], [Location_Id], [Key_Account], [Status], [Updated_By], [Updated_Date], [Sales_Channel]) VALUES (1620, N'TRCO17', N'CONSIGNMENT A/C - SUSHIL', N'CONSIGNMENT A/C - SUSHIL', 33, 19, 84, 3, 1, 1, 72, CAST(0x81370B00 AS Date), 28)
INSERT [dbo].[Customer] ([Customer_Id], [Customer_Code], [Customer_Name], [Customer_Name_BL], [Business_Type], [Customer_Type], [Customer_Group], [Location_Id], [Key_Account], [Status], [Updated_By], [Updated_Date], [Sales_Channel]) VALUES (1621, N'TRCO18', N'CONSIGNMENT A/C - VISHAL', N'CONSIGNMENT A/C - VISHAL', 33, 19, 84, 3, 1, 1, 45, CAST(0x81370B00 AS Date), 28)
INSERT [dbo].[Customer] ([Customer_Id], [Customer_Code], [Customer_Name], [Customer_Name_BL], [Business_Type], [Customer_Type], [Customer_Group], [Location_Id], [Key_Account], [Status], [Updated_By], [Updated_Date], [Sales_Channel]) VALUES (1622, N'TRCO19', N'CONSIGNMENT A/C - JINU', N'CONSIGNMENT A/C - JINU', 33, 31, 84, 3, 1, 1, 48, CAST(0x81370B00 AS Date), 30)
INSERT [dbo].[Customer] ([Customer_Id], [Customer_Code], [Customer_Name], [Customer_Name_BL], [Business_Type], [Customer_Type], [Customer_Group], [Location_Id], [Key_Account], [Status], [Updated_By], [Updated_Date], [Sales_Channel]) VALUES (1623, N'TRCO20', N'CONSIGNMENT A/C - IBRAHIM NIKAI', N'CONSIGNMENT A/C - IBRAHIM NIKAI', 33, 31, 84, 3, 1, 1, 48, CAST(0x81370B00 AS Date), 30)
INSERT [dbo].[Customer] ([Customer_Id], [Customer_Code], [Customer_Name], [Customer_Name_BL], [Business_Type], [Customer_Type], [Customer_Group], [Location_Id], [Key_Account], [Status], [Updated_By], [Updated_Date], [Sales_Channel]) VALUES (1624, N'TRCO24', N'CONSIGNMENT A/C - JAICE', N'CONSIGNMENT A/C - JAICE', 33, 19, 84, 3, 1, 1, 75, CAST(0x81370B00 AS Date), 28)
INSERT [dbo].[Customer] ([Customer_Id], [Customer_Code], [Customer_Name], [Customer_Name_BL], [Business_Type], [Customer_Type], [Customer_Group], [Location_Id], [Key_Account], [Status], [Updated_By], [Updated_Date], [Sales_Channel]) VALUES (1625, N'TRCR01W', N'CREEK WAY ELECTRONICS', N'CREEK WAY ELECTRONICS', 33, 18, 22, 3, 0, 1, 37, CAST(0x81370B00 AS Date), 29)
INSERT [dbo].[Customer] ([Customer_Id], [Customer_Code], [Customer_Name], [Customer_Name_BL], [Business_Type], [Customer_Type], [Customer_Group], [Location_Id], [Key_Account], [Status], [Updated_By], [Updated_Date], [Sales_Channel]) VALUES (1626, N'TRCR02', N'CREATIVE GIFTS & NOVELTIES', N'CREATIVE GIFTS & NOVELTIES', 13, 19, 20, 3, 0, 1, 44, CAST(0x81370B00 AS Date), 28)
INSERT [dbo].[Customer] ([Customer_Id], [Customer_Code], [Customer_Name], [Customer_Name_BL], [Business_Type], [Customer_Type], [Customer_Group], [Location_Id], [Key_Account], [Status], [Updated_By], [Updated_Date], [Sales_Channel]) VALUES (1627, N'TRCR03', N'CRAFT TECH ELECTRONICS', N'CRAFT TECH ELECTRONICS', 13, 19, 20, 2, 0, 1, 41, CAST(0x81370B00 AS Date), 28)
INSERT [dbo].[Customer] ([Customer_Id], [Customer_Code], [Customer_Name], [Customer_Name_BL], [Business_Type], [Customer_Type], [Customer_Group], [Location_Id], [Key_Account], [Status], [Updated_By], [Updated_Date], [Sales_Channel]) VALUES (1628, N'TRCR03E', N'CRAFT TECH ELECTRONICS', N'CRAFT TECH ELECTRONICS', 13, 19, 20, 2, 0, 1, 40, CAST(0x81370B00 AS Date), 28)
INSERT [dbo].[Customer] ([Customer_Id], [Customer_Code], [Customer_Name], [Customer_Name_BL], [Business_Type], [Customer_Type], [Customer_Group], [Location_Id], [Key_Account], [Status], [Updated_By], [Updated_Date], [Sales_Channel]) VALUES (1629, N'TRDA01', N'DARWISH SAEED MOHD RABAHA AL KAMIRI STORES', N'DARWISH SAEED MOHD RABAHA AL KAMIRI STORES', 13, 19, 20, 4, 0, 1, 62, CAST(0x81370B00 AS Date), 28)
INSERT [dbo].[Customer] ([Customer_Id], [Customer_Code], [Customer_Name], [Customer_Name_BL], [Business_Type], [Customer_Type], [Customer_Group], [Location_Id], [Key_Account], [Status], [Updated_By], [Updated_Date], [Sales_Channel]) VALUES (1630, N'TRDA02', N'AL DAR AL BAYDA ELECT. DEVICES TRDG.', N'AL DAR AL BAYDA ELECT. DEVICES TRDG.', 13, 19, 20, 5, 0, 1, 63, CAST(0x81370B00 AS Date), 28)
INSERT [dbo].[Customer] ([Customer_Id], [Customer_Code], [Customer_Name], [Customer_Name_BL], [Business_Type], [Customer_Type], [Customer_Group], [Location_Id], [Key_Account], [Status], [Updated_By], [Updated_Date], [Sales_Channel]) VALUES (1631, N'TRDA02E', N'AL DAR AL BAYDA ELECT. DEVICES TRDG.', N'AL DAR AL BAYDA ELECT. DEVICES TRDG.', 13, 19, 20, 5, 0, 1, 63, CAST(0x81370B00 AS Date), 28)
INSERT [dbo].[Customer] ([Customer_Id], [Customer_Code], [Customer_Name], [Customer_Name_BL], [Business_Type], [Customer_Type], [Customer_Group], [Location_Id], [Key_Account], [Status], [Updated_By], [Updated_Date], [Sales_Channel]) VALUES (1632, N'TRDA03', N'DAM DAM TRADING EST.', N'DAM DAM TRADING EST.', 13, 19, 20, 5, 0, 1, 39, CAST(0x81370B00 AS Date), 28)
INSERT [dbo].[Customer] ([Customer_Id], [Customer_Code], [Customer_Name], [Customer_Name_BL], [Business_Type], [Customer_Type], [Customer_Group], [Location_Id], [Key_Account], [Status], [Updated_By], [Updated_Date], [Sales_Channel]) VALUES (1633, N'TRDA04', N'DAY TO DAY DISCOUNT CENTRE LLC', N'DAY TO DAY DISCOUNT CENTRE LLC', 13, 19, 20, 3, 0, 1, 61, CAST(0x81370B00 AS Date), 28)
INSERT [dbo].[Customer] ([Customer_Id], [Customer_Code], [Customer_Name], [Customer_Name_BL], [Business_Type], [Customer_Type], [Customer_Group], [Location_Id], [Key_Account], [Status], [Updated_By], [Updated_Date], [Sales_Channel]) VALUES (1634, N'TRDA05', N'DAWWAR AL MADEENA SUPER MARKET', N'DAWWAR AL MADEENA SUPER MARKET', 15, 19, 20, 3, 0, 1, 68, CAST(0x81370B00 AS Date), 28)
INSERT [dbo].[Customer] ([Customer_Id], [Customer_Code], [Customer_Name], [Customer_Name_BL], [Business_Type], [Customer_Type], [Customer_Group], [Location_Id], [Key_Account], [Status], [Updated_By], [Updated_Date], [Sales_Channel]) VALUES (1635, N'TRDA06', N'DAR AL MADINA DEPARTMENT STORE, AJMAN', N'DAR AL MADINA DEPARTMENT STORE, AJMAN', 15, 18, 20, 10, 0, 1, 39, CAST(0x81370B00 AS Date), 28)
INSERT [dbo].[Customer] ([Customer_Id], [Customer_Code], [Customer_Name], [Customer_Name_BL], [Business_Type], [Customer_Type], [Customer_Group], [Location_Id], [Key_Account], [Status], [Updated_By], [Updated_Date], [Sales_Channel]) VALUES (1636, N'TRDA08', N'DAITON ELECTRONIC & GIFTS', N'DAITON ELECTRONIC & GIFTS', 13, 19, 20, 5, 0, 1, 39, CAST(0x81370B00 AS Date), 28)
INSERT [dbo].[Customer] ([Customer_Id], [Customer_Code], [Customer_Name], [Customer_Name_BL], [Business_Type], [Customer_Type], [Customer_Group], [Location_Id], [Key_Account], [Status], [Updated_By], [Updated_Date], [Sales_Channel]) VALUES (1637, N'TRDA08E', N'DAITON ELECTRONICS & GIFTS', N'DAITON ELECTRONICS & GIFTS', 13, 19, 20, 5, 0, 1, 39, CAST(0x81370B00 AS Date), 28)
INSERT [dbo].[Customer] ([Customer_Id], [Customer_Code], [Customer_Name], [Customer_Name_BL], [Business_Type], [Customer_Type], [Customer_Group], [Location_Id], [Key_Account], [Status], [Updated_By], [Updated_Date], [Sales_Channel]) VALUES (1638, N'TRDA10', N'DAWN STAR TRADING EST.', N'DAWN STAR TRADING EST.', 13, 19, 20, 3, 0, 1, 60, CAST(0x81370B00 AS Date), 28)
INSERT [dbo].[Customer] ([Customer_Id], [Customer_Code], [Customer_Name], [Customer_Name_BL], [Business_Type], [Customer_Type], [Customer_Group], [Location_Id], [Key_Account], [Status], [Updated_By], [Updated_Date], [Sales_Channel]) VALUES (1639, N'TRDA11', N'DANANIR FOOD STUFF CO.', N'DANANIR FOOD STUFF CO.', 13, 19, 20, 5, 0, 1, 45, CAST(0x81370B00 AS Date), 28)
INSERT [dbo].[Customer] ([Customer_Id], [Customer_Code], [Customer_Name], [Customer_Name_BL], [Business_Type], [Customer_Type], [Customer_Group], [Location_Id], [Key_Account], [Status], [Updated_By], [Updated_Date], [Sales_Channel]) VALUES (1640, N'TRDA12', N'DAR AL TASNEEM-UNIFORM SHOP', N'DAR AL TASNEEM-UNIFORM SHOP', 35, 31, 21, 3, 0, 1, 59, CAST(0x81370B00 AS Date), 30)
INSERT [dbo].[Customer] ([Customer_Id], [Customer_Code], [Customer_Name], [Customer_Name_BL], [Business_Type], [Customer_Type], [Customer_Group], [Location_Id], [Key_Account], [Status], [Updated_By], [Updated_Date], [Sales_Channel]) VALUES (1641, N'TRDA13', N'DAR AL AMANAH SUPERMARKET LLC', N'DAR AL AMANAH SUPERMARKET LLC', 13, 19, 20, 5, 0, 1, 39, CAST(0x81370B00 AS Date), 28)
INSERT [dbo].[Customer] ([Customer_Id], [Customer_Code], [Customer_Name], [Customer_Name_BL], [Business_Type], [Customer_Type], [Customer_Group], [Location_Id], [Key_Account], [Status], [Updated_By], [Updated_Date], [Sales_Channel]) VALUES (1642, N'TRDA13A', N'DAR AL AMANAH SUPERMARKET LLC', N'DAR AL AMANAH SUPERMARKET LLC', 13, 19, 20, 5, 0, 1, 39, CAST(0x81370B00 AS Date), 28)
INSERT [dbo].[Customer] ([Customer_Id], [Customer_Code], [Customer_Name], [Customer_Name_BL], [Business_Type], [Customer_Type], [Customer_Group], [Location_Id], [Key_Account], [Status], [Updated_By], [Updated_Date], [Sales_Channel]) VALUES (1643, N'TRDA14', N'DAY TO DAY INTERNATIONAL TRADING (L.L.C.)', N'DAY TO DAY INTERNATIONAL TRADING (L.L.C.)', 13, 19, 20, 3, 0, 1, 68, CAST(0x81370B00 AS Date), 28)
INSERT [dbo].[Customer] ([Customer_Id], [Customer_Code], [Customer_Name], [Customer_Name_BL], [Business_Type], [Customer_Type], [Customer_Group], [Location_Id], [Key_Account], [Status], [Updated_By], [Updated_Date], [Sales_Channel]) VALUES (1644, N'TRDA15', N'DALLAS DISCOUNT CENTRE', N'DALLAS DISCOUNT CENTRE', 13, 18, 20, 5, 0, 1, 39, CAST(0x81370B00 AS Date), 28)
INSERT [dbo].[Customer] ([Customer_Id], [Customer_Code], [Customer_Name], [Customer_Name_BL], [Business_Type], [Customer_Type], [Customer_Group], [Location_Id], [Key_Account], [Status], [Updated_By], [Updated_Date], [Sales_Channel]) VALUES (1645, N'TRDA16', N'DALIA ELECTRONICS TRADING', N'DALIA ELECTRONICS TRADING', 121, 18, 20, 10, 0, 1, 39, CAST(0x81370B00 AS Date), 28)
INSERT [dbo].[Customer] ([Customer_Id], [Customer_Code], [Customer_Name], [Customer_Name_BL], [Business_Type], [Customer_Type], [Customer_Group], [Location_Id], [Key_Account], [Status], [Updated_By], [Updated_Date], [Sales_Channel]) VALUES (1646, N'TRDA16A', N'DALIA ELECTRONICS TRADING', N'DALIA ELECTRONICS TRADING', 121, 18, 20, 10, 0, 1, 39, CAST(0x81370B00 AS Date), 28)
INSERT [dbo].[Customer] ([Customer_Id], [Customer_Code], [Customer_Name], [Customer_Name_BL], [Business_Type], [Customer_Type], [Customer_Group], [Location_Id], [Key_Account], [Status], [Updated_By], [Updated_Date], [Sales_Channel]) VALUES (1647, N'TRDA50', N'AL DANA ELEDTRONICS   TRADING', N'AL DANA ELEDTRONICS   TRADING', 35, 18, 20, 8, 0, 1, 36, CAST(0x81370B00 AS Date), 28)
GO
print 'Processed 400 total records'
INSERT [dbo].[Customer] ([Customer_Id], [Customer_Code], [Customer_Name], [Customer_Name_BL], [Business_Type], [Customer_Type], [Customer_Group], [Location_Id], [Key_Account], [Status], [Updated_By], [Updated_Date], [Sales_Channel]) VALUES (1648, N'TRDE03', N'DEIRA CRESCENT GENERAL TRADING (L.L.C.)', N'DEIRA CRESCENT GENERAL TRADING (L.L.C.)', 13, 19, 20, 3, 0, 1, 44, CAST(0x81370B00 AS Date), 28)
INSERT [dbo].[Customer] ([Customer_Id], [Customer_Code], [Customer_Name], [Customer_Name_BL], [Business_Type], [Customer_Type], [Customer_Group], [Location_Id], [Key_Account], [Status], [Updated_By], [Updated_Date], [Sales_Channel]) VALUES (1649, N'TRDE03E', N'DEIRA CRESCENT GENERAL TRADING (L.L.C.)', N'DEIRA CRESCENT GENERAL TRADING (L.L.C.)', 13, 19, 20, 3, 0, 1, 44, CAST(0x81370B00 AS Date), 28)
INSERT [dbo].[Customer] ([Customer_Id], [Customer_Code], [Customer_Name], [Customer_Name_BL], [Business_Type], [Customer_Type], [Customer_Group], [Location_Id], [Key_Account], [Status], [Updated_By], [Updated_Date], [Sales_Channel]) VALUES (1650, N'TRDE04', N'DEYAR ALMADINA SUPERMARKET L.L.C', N'DEYAR ALMADINA SUPERMARKET L.L.C', 13, 19, 97, 3, 0, 1, 53, CAST(0x81370B00 AS Date), 28)
INSERT [dbo].[Customer] ([Customer_Id], [Customer_Code], [Customer_Name], [Customer_Name_BL], [Business_Type], [Customer_Type], [Customer_Group], [Location_Id], [Key_Account], [Status], [Updated_By], [Updated_Date], [Sales_Channel]) VALUES (1651, N'TRDE04A', N'DEYAR ALMADINA SUPERMARKET L.L.C', N'DEYAR ALMADINA SUPERMARKET L.L.C', 13, 19, 97, 3, 0, 1, 52, CAST(0x81370B00 AS Date), 28)
INSERT [dbo].[Customer] ([Customer_Id], [Customer_Code], [Customer_Name], [Customer_Name_BL], [Business_Type], [Customer_Type], [Customer_Group], [Location_Id], [Key_Account], [Status], [Updated_By], [Updated_Date], [Sales_Channel]) VALUES (1652, N'TRDE08', N'DELIGHTEX TRADING', N'DELIGHTEX TRADING', 13, 19, 20, 3, 0, 1, 49, CAST(0x81370B00 AS Date), 28)
INSERT [dbo].[Customer] ([Customer_Id], [Customer_Code], [Customer_Name], [Customer_Name_BL], [Business_Type], [Customer_Type], [Customer_Group], [Location_Id], [Key_Account], [Status], [Updated_By], [Updated_Date], [Sales_Channel]) VALUES (1653, N'TRDE09', N'DESERT TOWER GENERAL TRADING LLC', N'DESERT TOWER GENERAL TRADING LLC', 13, 19, 20, 3, 0, 1, 71, CAST(0x81370B00 AS Date), 28)
INSERT [dbo].[Customer] ([Customer_Id], [Customer_Code], [Customer_Name], [Customer_Name_BL], [Business_Type], [Customer_Type], [Customer_Group], [Location_Id], [Key_Account], [Status], [Updated_By], [Updated_Date], [Sales_Channel]) VALUES (1654, N'TRDH02', N'DHIRAJ HOUSEHOLD TRADING EST.', N'DHIRAJ HOUSEHOLD TRADING EST.', 13, 19, 20, 5, 0, 1, 50, CAST(0x81370B00 AS Date), 28)
INSERT [dbo].[Customer] ([Customer_Id], [Customer_Code], [Customer_Name], [Customer_Name_BL], [Business_Type], [Customer_Type], [Customer_Group], [Location_Id], [Key_Account], [Status], [Updated_By], [Updated_Date], [Sales_Channel]) VALUES (1655, N'TRDH04', N'DHALUMAL', N'DHALUMAL', 13, 19, 20, 3, 0, 1, 44, CAST(0x81370B00 AS Date), 28)
INSERT [dbo].[Customer] ([Customer_Id], [Customer_Code], [Customer_Name], [Customer_Name_BL], [Business_Type], [Customer_Type], [Customer_Group], [Location_Id], [Key_Account], [Status], [Updated_By], [Updated_Date], [Sales_Channel]) VALUES (1656, N'TRDH05', N'DHOW PALACE HOTEL', N'DHOW PALACE HOTEL', 132, 31, 21, 3, 0, 1, 48, CAST(0x81370B00 AS Date), 30)
INSERT [dbo].[Customer] ([Customer_Id], [Customer_Code], [Customer_Name], [Customer_Name_BL], [Business_Type], [Customer_Type], [Customer_Group], [Location_Id], [Key_Account], [Status], [Updated_By], [Updated_Date], [Sales_Channel]) VALUES (1657, N'TRDH06', N'AL DHAID TRADING CO. LLC.', N'AL DHAID TRADING CO. LLC.', 13, 31, 20, 4, 0, 1, 59, CAST(0x81370B00 AS Date), 30)
INSERT [dbo].[Customer] ([Customer_Id], [Customer_Code], [Customer_Name], [Customer_Name_BL], [Business_Type], [Customer_Type], [Customer_Group], [Location_Id], [Key_Account], [Status], [Updated_By], [Updated_Date], [Sales_Channel]) VALUES (1658, N'TRDH50', N'AL DHAFRA COOPERATIVE SOCIETY-CENTRAL', N'AL DHAFRA COOPERATIVE SOCIETY-CENTRAL', 42, 17, 22, 2, 0, 1, 41, CAST(0x81370B00 AS Date), 28)
INSERT [dbo].[Customer] ([Customer_Id], [Customer_Code], [Customer_Name], [Customer_Name_BL], [Business_Type], [Customer_Type], [Customer_Group], [Location_Id], [Key_Account], [Status], [Updated_By], [Updated_Date], [Sales_Channel]) VALUES (1659, N'TRDH50E', N'AL DHAFRA COOPERATIVE SOCIETY-CENTRAL', N'AL DHAFRA COOPERATIVE SOCIETY-CENTRAL', 42, 17, 22, 2, 1, 1, 40, CAST(0x81370B00 AS Date), 28)
INSERT [dbo].[Customer] ([Customer_Id], [Customer_Code], [Customer_Name], [Customer_Name_BL], [Business_Type], [Customer_Type], [Customer_Group], [Location_Id], [Key_Account], [Status], [Updated_By], [Updated_Date], [Sales_Channel]) VALUES (1660, N'TRDI01', N'DIAMOND CITY ELECTRONICS', N'DIAMOND CITY ELECTRONICS', 13, 19, 20, 3, 0, 1, 38, CAST(0x81370B00 AS Date), 28)
INSERT [dbo].[Customer] ([Customer_Id], [Customer_Code], [Customer_Name], [Customer_Name_BL], [Business_Type], [Customer_Type], [Customer_Group], [Location_Id], [Key_Account], [Status], [Updated_By], [Updated_Date], [Sales_Channel]) VALUES (1661, N'TRDI01E', N'DIAMOND CITY ELECTRONICS', N'DIAMOND CITY ELECTRONICS', 13, 19, 20, 3, 0, 1, 39, CAST(0x81370B00 AS Date), 28)
INSERT [dbo].[Customer] ([Customer_Id], [Customer_Code], [Customer_Name], [Customer_Name_BL], [Business_Type], [Customer_Type], [Customer_Group], [Location_Id], [Key_Account], [Status], [Updated_By], [Updated_Date], [Sales_Channel]) VALUES (1662, N'TRDI01W', N'DIAMOND CITY ELECTRONICS TRADING', N'DIAMOND CITY ELECTRONICS TRADING', 33, 18, 22, 3, 0, 1, 37, CAST(0x81370B00 AS Date), 29)
INSERT [dbo].[Customer] ([Customer_Id], [Customer_Code], [Customer_Name], [Customer_Name_BL], [Business_Type], [Customer_Type], [Customer_Group], [Location_Id], [Key_Account], [Status], [Updated_By], [Updated_Date], [Sales_Channel]) VALUES (1663, N'TRDI02', N'DIYAR GENERAL TRADING LLC', N'DIYAR GENERAL TRADING LLC', 13, 19, 20, 5, 0, 1, 42, CAST(0x81370B00 AS Date), 28)
INSERT [dbo].[Customer] ([Customer_Id], [Customer_Code], [Customer_Name], [Customer_Name_BL], [Business_Type], [Customer_Type], [Customer_Group], [Location_Id], [Key_Account], [Status], [Updated_By], [Updated_Date], [Sales_Channel]) VALUES (1664, N'TRDI02A', N'DIYAR GENERAL TRADING LLC', N'DIYAR GENERAL TRADING LLC', 13, 19, 20, 5, 0, 1, 62, CAST(0x81370B00 AS Date), 28)
INSERT [dbo].[Customer] ([Customer_Id], [Customer_Code], [Customer_Name], [Customer_Name_BL], [Business_Type], [Customer_Type], [Customer_Group], [Location_Id], [Key_Account], [Status], [Updated_By], [Updated_Date], [Sales_Channel]) VALUES (1665, N'TRDI02E', N'DIYAR GENERAL TRADING LLC', N'DIYAR GENERAL TRADING LLC', 13, 19, 20, 5, 0, 1, 42, CAST(0x81370B00 AS Date), 28)
INSERT [dbo].[Customer] ([Customer_Id], [Customer_Code], [Customer_Name], [Customer_Name_BL], [Business_Type], [Customer_Type], [Customer_Group], [Location_Id], [Key_Account], [Status], [Updated_By], [Updated_Date], [Sales_Channel]) VALUES (1666, N'TRDI04', N'DIAMOND GULF INTERNATIONAL L.L.C.', N'DIAMOND GULF INTERNATIONAL L.L.C.', 13, 19, 20, 5, 0, 1, 42, CAST(0x81370B00 AS Date), 28)
INSERT [dbo].[Customer] ([Customer_Id], [Customer_Code], [Customer_Name], [Customer_Name_BL], [Business_Type], [Customer_Type], [Customer_Group], [Location_Id], [Key_Account], [Status], [Updated_By], [Updated_Date], [Sales_Channel]) VALUES (1667, N'TRDI05', N'AL DINAR ELECTRONICS', N'AL DINAR ELECTRONICS', 13, 19, 20, 3, 0, 1, 44, CAST(0x81370B00 AS Date), 28)
INSERT [dbo].[Customer] ([Customer_Id], [Customer_Code], [Customer_Name], [Customer_Name_BL], [Business_Type], [Customer_Type], [Customer_Group], [Location_Id], [Key_Account], [Status], [Updated_By], [Updated_Date], [Sales_Channel]) VALUES (1668, N'TRDI06', N'DIAMOND DEPARTMENT STORE', N'DIAMOND DEPARTMENT STORE', 13, 19, 20, 3, 0, 1, 60, CAST(0x81370B00 AS Date), 28)
INSERT [dbo].[Customer] ([Customer_Id], [Customer_Code], [Customer_Name], [Customer_Name_BL], [Business_Type], [Customer_Type], [Customer_Group], [Location_Id], [Key_Account], [Status], [Updated_By], [Updated_Date], [Sales_Channel]) VALUES (1669, N'TRDI09', N'DISCOUNT MARKET', N'DISCOUNT MARKET', 42, 17, 109, 5, 1, 1, 63, CAST(0x81370B00 AS Date), 28)
INSERT [dbo].[Customer] ([Customer_Id], [Customer_Code], [Customer_Name], [Customer_Name_BL], [Business_Type], [Customer_Type], [Customer_Group], [Location_Id], [Key_Account], [Status], [Updated_By], [Updated_Date], [Sales_Channel]) VALUES (1670, N'TRDI10', N'DISCOUNT CENTER', N'DISCOUNT CENTER', 42, 17, 109, 5, 1, 1, 63, CAST(0x81370B00 AS Date), 28)
INSERT [dbo].[Customer] ([Customer_Id], [Customer_Code], [Customer_Name], [Customer_Name_BL], [Business_Type], [Customer_Type], [Customer_Group], [Location_Id], [Key_Account], [Status], [Updated_By], [Updated_Date], [Sales_Channel]) VALUES (1671, N'TRDI10A', N'DISCOUNT CENTER', N'DISCOUNT CENTER', 42, 17, 109, 5, 1, 1, 62, CAST(0x81370B00 AS Date), 28)
INSERT [dbo].[Customer] ([Customer_Id], [Customer_Code], [Customer_Name], [Customer_Name_BL], [Business_Type], [Customer_Type], [Customer_Group], [Location_Id], [Key_Account], [Status], [Updated_By], [Updated_Date], [Sales_Channel]) VALUES (1672, N'TRDI10S', N'DISCOUNT CENTER SHARJAH- (SHAUB LORENZ)', N'DISCOUNT CENTER SHARJAH- (SHAUB LORENZ)', 32, 17, 22, 5, 1, 1, 48, CAST(0x81370B00 AS Date), 28)
INSERT [dbo].[Customer] ([Customer_Id], [Customer_Code], [Customer_Name], [Customer_Name_BL], [Business_Type], [Customer_Type], [Customer_Group], [Location_Id], [Key_Account], [Status], [Updated_By], [Updated_Date], [Sales_Channel]) VALUES (1673, N'TRDI10W', N'DISCOUNT CENTER', N'DISCOUNT CENTER', 32, 17, 109, 5, 1, 1, 62, CAST(0x81370B00 AS Date), 28)
INSERT [dbo].[Customer] ([Customer_Id], [Customer_Code], [Customer_Name], [Customer_Name_BL], [Business_Type], [Customer_Type], [Customer_Group], [Location_Id], [Key_Account], [Status], [Updated_By], [Updated_Date], [Sales_Channel]) VALUES (1674, N'TRDR01', N'DREAM PALACE HOTEL', N'DREAM PALACE HOTEL', 132, 31, 21, 3, 0, 1, 48, CAST(0x81370B00 AS Date), 30)
INSERT [dbo].[Customer] ([Customer_Id], [Customer_Code], [Customer_Name], [Customer_Name_BL], [Business_Type], [Customer_Type], [Customer_Group], [Location_Id], [Key_Account], [Status], [Updated_By], [Updated_Date], [Sales_Channel]) VALUES (1675, N'TRDR02', N'DRYDOCKS WORLD-DUBAI', N'DRYDOCKS WORLD-DUBAI', 32, 31, 21, 3, 0, 1, 48, CAST(0x81370B00 AS Date), 30)
INSERT [dbo].[Customer] ([Customer_Id], [Customer_Code], [Customer_Name], [Customer_Name_BL], [Business_Type], [Customer_Type], [Customer_Group], [Location_Id], [Key_Account], [Status], [Updated_By], [Updated_Date], [Sales_Channel]) VALUES (1676, N'TRDU01W', N'AL DURRA AL NAFEESA GENERAL TRADING', N'AL DURRA AL NAFEESA GENERAL TRADING', 33, 18, 22, 3, 0, 1, 37, CAST(0x81370B00 AS Date), 29)
INSERT [dbo].[Customer] ([Customer_Id], [Customer_Code], [Customer_Name], [Customer_Name_BL], [Business_Type], [Customer_Type], [Customer_Group], [Location_Id], [Key_Account], [Status], [Updated_By], [Updated_Date], [Sales_Channel]) VALUES (1677, N'TRDU02', N'DUBAI MARKETING INTERNATIONAL', N'DUBAI MARKETING INTERNATIONAL', 13, 19, 20, 3, 0, 1, 38, CAST(0x81370B00 AS Date), 28)
INSERT [dbo].[Customer] ([Customer_Id], [Customer_Code], [Customer_Name], [Customer_Name_BL], [Business_Type], [Customer_Type], [Customer_Group], [Location_Id], [Key_Account], [Status], [Updated_By], [Updated_Date], [Sales_Channel]) VALUES (1678, N'TRDU02E', N'DUBAI MARKETING INTERNATIONAL', N'DUBAI MARKETING INTERNATIONAL', 13, 19, 20, 3, 0, 1, 53, CAST(0x81370B00 AS Date), 28)
INSERT [dbo].[Customer] ([Customer_Id], [Customer_Code], [Customer_Name], [Customer_Name_BL], [Business_Type], [Customer_Type], [Customer_Group], [Location_Id], [Key_Account], [Status], [Updated_By], [Updated_Date], [Sales_Channel]) VALUES (1679, N'TRDU03', N'DUBAI TOWER HOME APPLIANCES TRADING LLC', N'DUBAI TOWER HOME APPLIANCES TRADING LLC', 32, 19, 20, 2, 0, 1, 41, CAST(0x81370B00 AS Date), 28)
INSERT [dbo].[Customer] ([Customer_Id], [Customer_Code], [Customer_Name], [Customer_Name_BL], [Business_Type], [Customer_Type], [Customer_Group], [Location_Id], [Key_Account], [Status], [Updated_By], [Updated_Date], [Sales_Channel]) VALUES (1680, N'TRDU03E', N'DUBAI TOWER HOME APPLIANCES TRADING LLC', N'DUBAI TOWER HOME APPLIANCES TRADING LLC', 32, 19, 20, 2, 0, 1, 40, CAST(0x81370B00 AS Date), 28)
INSERT [dbo].[Customer] ([Customer_Id], [Customer_Code], [Customer_Name], [Customer_Name_BL], [Business_Type], [Customer_Type], [Customer_Group], [Location_Id], [Key_Account], [Status], [Updated_By], [Updated_Date], [Sales_Channel]) VALUES (1681, N'TRDU05', N'DUMAILANI TRADING COMPANY LLC', N'DUMAILANI TRADING COMPANY LLC', 13, 19, 20, 2, 0, 1, 45, CAST(0x81370B00 AS Date), 28)
INSERT [dbo].[Customer] ([Customer_Id], [Customer_Code], [Customer_Name], [Customer_Name_BL], [Business_Type], [Customer_Type], [Customer_Group], [Location_Id], [Key_Account], [Status], [Updated_By], [Updated_Date], [Sales_Channel]) VALUES (1682, N'TRDU05A', N'DUMAILANI TRADING COMPANY LLC', N'DUMAILANI TRADING COMPANY LLC', 13, 19, 20, 2, 0, 1, 45, CAST(0x81370B00 AS Date), 28)
INSERT [dbo].[Customer] ([Customer_Id], [Customer_Code], [Customer_Name], [Customer_Name_BL], [Business_Type], [Customer_Type], [Customer_Group], [Location_Id], [Key_Account], [Status], [Updated_By], [Updated_Date], [Sales_Channel]) VALUES (1683, N'TRDU07', N'DUBAI ELECTRONICS (BRANCH)', N'DUBAI ELECTRONICS (BRANCH)', 13, 19, 20, 4, 0, 1, 62, CAST(0x81370B00 AS Date), 28)
INSERT [dbo].[Customer] ([Customer_Id], [Customer_Code], [Customer_Name], [Customer_Name_BL], [Business_Type], [Customer_Type], [Customer_Group], [Location_Id], [Key_Account], [Status], [Updated_By], [Updated_Date], [Sales_Channel]) VALUES (1684, N'TRDU07A', N'DUBAI ELECTRONICS (BRANCH)', N'DUBAI ELECTRONICS (BRANCH)', 13, 19, 20, 4, 0, 1, 62, CAST(0x81370B00 AS Date), 28)
INSERT [dbo].[Customer] ([Customer_Id], [Customer_Code], [Customer_Name], [Customer_Name_BL], [Business_Type], [Customer_Type], [Customer_Group], [Location_Id], [Key_Account], [Status], [Updated_By], [Updated_Date], [Sales_Channel]) VALUES (1685, N'TRDU08', N'DUBAI CO-OPERATIVE SOCIETY', N'DUBAI CO-OPERATIVE SOCIETY', 13, 19, 20, 3, 0, 1, 63, CAST(0x81370B00 AS Date), 28)
INSERT [dbo].[Customer] ([Customer_Id], [Customer_Code], [Customer_Name], [Customer_Name_BL], [Business_Type], [Customer_Type], [Customer_Group], [Location_Id], [Key_Account], [Status], [Updated_By], [Updated_Date], [Sales_Channel]) VALUES (1686, N'TRDU10', N'DUBAI PROPERTIES (L.L.C.)', N'DUBAI PROPERTIES (L.L.C.)', 137, 31, 21, 3, 0, 1, 59, CAST(0x81370B00 AS Date), 30)
INSERT [dbo].[Customer] ([Customer_Id], [Customer_Code], [Customer_Name], [Customer_Name_BL], [Business_Type], [Customer_Type], [Customer_Group], [Location_Id], [Key_Account], [Status], [Updated_By], [Updated_Date], [Sales_Channel]) VALUES (1687, N'TRDU11', N'DUBAI ISLAMIC BANK PRINTING PRESS', N'DUBAI ISLAMIC BANK PRINTING PRESS', 32, 31, 21, 3, 0, 1, 48, CAST(0x81370B00 AS Date), 30)
INSERT [dbo].[Customer] ([Customer_Id], [Customer_Code], [Customer_Name], [Customer_Name_BL], [Business_Type], [Customer_Type], [Customer_Group], [Location_Id], [Key_Account], [Status], [Updated_By], [Updated_Date], [Sales_Channel]) VALUES (1688, N'TRDU12', N'DUBAI TOWERS GENERAL CONTRACTING COMPANY LLC', N'DUBAI TOWERS GENERAL CONTRACTING COMPANY LLC', 36, 31, 21, 5, 0, 1, 48, CAST(0x81370B00 AS Date), 30)
INSERT [dbo].[Customer] ([Customer_Id], [Customer_Code], [Customer_Name], [Customer_Name_BL], [Business_Type], [Customer_Type], [Customer_Group], [Location_Id], [Key_Account], [Status], [Updated_By], [Updated_Date], [Sales_Channel]) VALUES (1689, N'TRDU13', N'DUBAI MARINE BEACH RESORT & SPA', N'DUBAI MARINE BEACH RESORT & SPA', 132, 31, 21, 3, 0, 1, 48, CAST(0x81370B00 AS Date), 30)
INSERT [dbo].[Customer] ([Customer_Id], [Customer_Code], [Customer_Name], [Customer_Name_BL], [Business_Type], [Customer_Type], [Customer_Group], [Location_Id], [Key_Account], [Status], [Updated_By], [Updated_Date], [Sales_Channel]) VALUES (1690, N'TRDU14', N'DUBAI GRAND HOTEL', N'DUBAI GRAND HOTEL', 132, 19, 22, 3, 0, 1, 48, CAST(0x81370B00 AS Date), 28)
INSERT [dbo].[Customer] ([Customer_Id], [Customer_Code], [Customer_Name], [Customer_Name_BL], [Business_Type], [Customer_Type], [Customer_Group], [Location_Id], [Key_Account], [Status], [Updated_By], [Updated_Date], [Sales_Channel]) VALUES (1691, N'TRDU15', N'DULSCO LLC.', N'DULSCO LLC.', 33, 31, 21, 3, 0, 1, 69, CAST(0x81370B00 AS Date), 30)
INSERT [dbo].[Customer] ([Customer_Id], [Customer_Code], [Customer_Name], [Customer_Name_BL], [Business_Type], [Customer_Type], [Customer_Group], [Location_Id], [Key_Account], [Status], [Updated_By], [Updated_Date], [Sales_Channel]) VALUES (1692, N'TRDY01', N'DYNA TRADE', N'DYNA TRADE', 13, 19, 20, 5, 0, 1, 46, CAST(0x81370B00 AS Date), 28)
INSERT [dbo].[Customer] ([Customer_Id], [Customer_Code], [Customer_Name], [Customer_Name_BL], [Business_Type], [Customer_Type], [Customer_Group], [Location_Id], [Key_Account], [Status], [Updated_By], [Updated_Date], [Sales_Channel]) VALUES (1693, N'TREA01', N'EASTER TRADING LLC - MAIN', N'EASTER TRADING LLC - MAIN', 13, 19, 20, 3, 0, 1, 44, CAST(0x81370B00 AS Date), 28)
INSERT [dbo].[Customer] ([Customer_Id], [Customer_Code], [Customer_Name], [Customer_Name_BL], [Business_Type], [Customer_Type], [Customer_Group], [Location_Id], [Key_Account], [Status], [Updated_By], [Updated_Date], [Sales_Channel]) VALUES (1694, N'TREA01E', N'EASTER TRADING LLC - MAIN', N'EASTER TRADING LLC - MAIN', 13, 19, 20, 3, 0, 1, 44, CAST(0x81370B00 AS Date), 28)
INSERT [dbo].[Customer] ([Customer_Id], [Customer_Code], [Customer_Name], [Customer_Name_BL], [Business_Type], [Customer_Type], [Customer_Group], [Location_Id], [Key_Account], [Status], [Updated_By], [Updated_Date], [Sales_Channel]) VALUES (1695, N'TREA04', N'EASTERN TRADING LLC - BRANCH', N'EASTERN TRADING LLC - BRANCH', 13, 19, 20, 3, 0, 1, 44, CAST(0x81370B00 AS Date), 28)
INSERT [dbo].[Customer] ([Customer_Id], [Customer_Code], [Customer_Name], [Customer_Name_BL], [Business_Type], [Customer_Type], [Customer_Group], [Location_Id], [Key_Account], [Status], [Updated_By], [Updated_Date], [Sales_Channel]) VALUES (1696, N'TREA04E', N'EASTERN TRADING LLC - BRANCH', N'EASTERN TRADING LLC - BRANCH', 13, 19, 20, 3, 0, 1, 44, CAST(0x81370B00 AS Date), 28)
INSERT [dbo].[Customer] ([Customer_Id], [Customer_Code], [Customer_Name], [Customer_Name_BL], [Business_Type], [Customer_Type], [Customer_Group], [Location_Id], [Key_Account], [Status], [Updated_By], [Updated_Date], [Sales_Channel]) VALUES (1697, N'TREA08', N'EASTERN CLEOPATRA   ELECTRONICS', N'EASTERN CLEOPATRA   ELECTRONICS', 13, 19, 20, 3, 0, 1, 44, CAST(0x81370B00 AS Date), 28)
INSERT [dbo].[Customer] ([Customer_Id], [Customer_Code], [Customer_Name], [Customer_Name_BL], [Business_Type], [Customer_Type], [Customer_Group], [Location_Id], [Key_Account], [Status], [Updated_By], [Updated_Date], [Sales_Channel]) VALUES (1698, N'TREA08E', N'EASTERN CLEOPATRA   ELECTRONICS', N'EASTERN CLEOPATRA   ELECTRONICS', 13, 19, 20, 3, 0, 1, 61, CAST(0x81370B00 AS Date), 28)
INSERT [dbo].[Customer] ([Customer_Id], [Customer_Code], [Customer_Name], [Customer_Name_BL], [Business_Type], [Customer_Type], [Customer_Group], [Location_Id], [Key_Account], [Status], [Updated_By], [Updated_Date], [Sales_Channel]) VALUES (1699, N'TREA09', N'EAGLE NEST GENERAL TRADING LLC ( BR)', N'EAGLE NEST GENERAL TRADING LLC ( BR)', 35, 19, 20, 3, 0, 1, 49, CAST(0x81370B00 AS Date), 28)
INSERT [dbo].[Customer] ([Customer_Id], [Customer_Code], [Customer_Name], [Customer_Name_BL], [Business_Type], [Customer_Type], [Customer_Group], [Location_Id], [Key_Account], [Status], [Updated_By], [Updated_Date], [Sales_Channel]) VALUES (1700, N'TREA10', N'EAST WAY SUPER MARKET LLC (FATHIMA GROUP)', N'EAST WAY SUPER MARKET LLC (FATHIMA GROUP)', 35, 19, 20, 2, 0, 1, 41, CAST(0x81370B00 AS Date), 28)
INSERT [dbo].[Customer] ([Customer_Id], [Customer_Code], [Customer_Name], [Customer_Name_BL], [Business_Type], [Customer_Type], [Customer_Group], [Location_Id], [Key_Account], [Status], [Updated_By], [Updated_Date], [Sales_Channel]) VALUES (1701, N'TREA10E', N'EAST WAY SUPER MARKET LLC (FATHIMA GROUP)', N'EAST WAY SUPER MARKET LLC (FATHIMA GROUP)', 35, 19, 20, 2, 0, 1, 40, CAST(0x81370B00 AS Date), 28)
INSERT [dbo].[Customer] ([Customer_Id], [Customer_Code], [Customer_Name], [Customer_Name_BL], [Business_Type], [Customer_Type], [Customer_Group], [Location_Id], [Key_Account], [Status], [Updated_By], [Updated_Date], [Sales_Channel]) VALUES (1702, N'TREA50', N'EASY MART SUPERMKT  SHARJAH', N'EASY MART SUPERMKT  SHARJAH', 15, 19, 20, 5, 0, 1, 39, CAST(0x81370B00 AS Date), 28)
INSERT [dbo].[Customer] ([Customer_Id], [Customer_Code], [Customer_Name], [Customer_Name_BL], [Business_Type], [Customer_Type], [Customer_Group], [Location_Id], [Key_Account], [Status], [Updated_By], [Updated_Date], [Sales_Channel]) VALUES (1703, N'TREA50E', N'EASY MART SUPERMKT  SHARJAH', N'EASY MART SUPERMKT  SHARJAH', 15, 19, 20, 5, 0, 1, 39, CAST(0x81370B00 AS Date), 28)
INSERT [dbo].[Customer] ([Customer_Id], [Customer_Code], [Customer_Name], [Customer_Name_BL], [Business_Type], [Customer_Type], [Customer_Group], [Location_Id], [Key_Account], [Status], [Updated_By], [Updated_Date], [Sales_Channel]) VALUES (1704, N'TREC01', N'ECOCELL TECHNOLOGIES', N'ECOCELL TECHNOLOGIES', 35, 31, 21, 3, 0, 1, 59, CAST(0x81370B00 AS Date), 30)
INSERT [dbo].[Customer] ([Customer_Id], [Customer_Code], [Customer_Name], [Customer_Name_BL], [Business_Type], [Customer_Type], [Customer_Group], [Location_Id], [Key_Account], [Status], [Updated_By], [Updated_Date], [Sales_Channel]) VALUES (1705, N'TREC02', N'E CITY GENERAL TRADING  (WAFI)', N'E CITY GENERAL TRADING  (WAFI)', 139, 17, 22, 3, 1, 1, 63, CAST(0x81370B00 AS Date), 28)
INSERT [dbo].[Customer] ([Customer_Id], [Customer_Code], [Customer_Name], [Customer_Name_BL], [Business_Type], [Customer_Type], [Customer_Group], [Location_Id], [Key_Account], [Status], [Updated_By], [Updated_Date], [Sales_Channel]) VALUES (1706, N'TREC02E', N'E CITY GENERAL TRADING  (WAFI)', N'E CITY GENERAL TRADING  (WAFI)', 139, 18, 22, 3, 1, 1, 63, CAST(0x81370B00 AS Date), 28)
INSERT [dbo].[Customer] ([Customer_Id], [Customer_Code], [Customer_Name], [Customer_Name_BL], [Business_Type], [Customer_Type], [Customer_Group], [Location_Id], [Key_Account], [Status], [Updated_By], [Updated_Date], [Sales_Channel]) VALUES (1707, N'TREC03', N'E CITY GENERAL TRADING  (AL WAHADA)', N'E CITY GENERAL TRADING  (AL WAHADA)', 139, 17, 22, 2, 0, 1, 41, CAST(0x81370B00 AS Date), 28)
INSERT [dbo].[Customer] ([Customer_Id], [Customer_Code], [Customer_Name], [Customer_Name_BL], [Business_Type], [Customer_Type], [Customer_Group], [Location_Id], [Key_Account], [Status], [Updated_By], [Updated_Date], [Sales_Channel]) VALUES (1708, N'TREC03E', N'E CITY GENERAL TRADING  (AL WAHADA)', N'E CITY GENERAL TRADING  (AL WAHADA)', 139, 18, 22, 2, 1, 1, 40, CAST(0x81370B00 AS Date), 28)
INSERT [dbo].[Customer] ([Customer_Id], [Customer_Code], [Customer_Name], [Customer_Name_BL], [Business_Type], [Customer_Type], [Customer_Group], [Location_Id], [Key_Account], [Status], [Updated_By], [Updated_Date], [Sales_Channel]) VALUES (1709, N'TREC04', N'E CITY SUPERMARKET LLC', N'E CITY SUPERMARKET LLC', 15, 146, 22, 3, 0, 1, 53, CAST(0x81370B00 AS Date), 28)
INSERT [dbo].[Customer] ([Customer_Id], [Customer_Code], [Customer_Name], [Customer_Name_BL], [Business_Type], [Customer_Type], [Customer_Group], [Location_Id], [Key_Account], [Status], [Updated_By], [Updated_Date], [Sales_Channel]) VALUES (1710, N'TREC04A', N'E CITY SUPERMARKET LLC', N'E CITY SUPERMARKET LLC', 15, 146, 22, 3, 0, 1, 52, CAST(0x81370B00 AS Date), 28)
INSERT [dbo].[Customer] ([Customer_Id], [Customer_Code], [Customer_Name], [Customer_Name_BL], [Business_Type], [Customer_Type], [Customer_Group], [Location_Id], [Key_Account], [Status], [Updated_By], [Updated_Date], [Sales_Channel]) VALUES (1711, N'TREF01', N'EFECO LLC', N'EFECO LLC', 36, 31, 21, 3, 0, 1, 48, CAST(0x81370B00 AS Date), 30)
INSERT [dbo].[Customer] ([Customer_Id], [Customer_Code], [Customer_Name], [Customer_Name_BL], [Business_Type], [Customer_Type], [Customer_Group], [Location_Id], [Key_Account], [Status], [Updated_By], [Updated_Date], [Sales_Channel]) VALUES (1712, N'TREF02', N'E4 ENTERTAINMENT', N'E4 ENTERTAINMENT', 125, 31, 21, 3, 0, 1, 59, CAST(0x81370B00 AS Date), 30)
INSERT [dbo].[Customer] ([Customer_Id], [Customer_Code], [Customer_Name], [Customer_Name_BL], [Business_Type], [Customer_Type], [Customer_Group], [Location_Id], [Key_Account], [Status], [Updated_By], [Updated_Date], [Sales_Channel]) VALUES (1713, N'TREJ01', N'AL EJABA TRDG. EST.', N'AL EJABA TRDG. EST.', 13, 19, 20, 5, 0, 1, 39, CAST(0x81370B00 AS Date), 28)
INSERT [dbo].[Customer] ([Customer_Id], [Customer_Code], [Customer_Name], [Customer_Name_BL], [Business_Type], [Customer_Type], [Customer_Group], [Location_Id], [Key_Account], [Status], [Updated_By], [Updated_Date], [Sales_Channel]) VALUES (1714, N'TREJ01A', N'AL EJABA TRDG. EST.', N'AL EJABA TRDG. EST.', 13, 19, 20, 5, 0, 1, 50, CAST(0x81370B00 AS Date), 28)
INSERT [dbo].[Customer] ([Customer_Id], [Customer_Code], [Customer_Name], [Customer_Name_BL], [Business_Type], [Customer_Type], [Customer_Group], [Location_Id], [Key_Account], [Status], [Updated_By], [Updated_Date], [Sales_Channel]) VALUES (1715, N'TREL01', N'ELEGANT TRADERS LLC', N'ELEGANT TRADERS LLC', 13, 19, 20, 2, 0, 1, 40, CAST(0x81370B00 AS Date), 28)
INSERT [dbo].[Customer] ([Customer_Id], [Customer_Code], [Customer_Name], [Customer_Name_BL], [Business_Type], [Customer_Type], [Customer_Group], [Location_Id], [Key_Account], [Status], [Updated_By], [Updated_Date], [Sales_Channel]) VALUES (1716, N'TREL01A', N'ELEGANT TRADERS LLC', N'ELEGANT TRADERS LLC', 13, 19, 20, 2, 0, 1, 41, CAST(0x81370B00 AS Date), 28)
INSERT [dbo].[Customer] ([Customer_Id], [Customer_Code], [Customer_Name], [Customer_Name_BL], [Business_Type], [Customer_Type], [Customer_Group], [Location_Id], [Key_Account], [Status], [Updated_By], [Updated_Date], [Sales_Channel]) VALUES (1717, N'TREL03', N'ELECTROLINK', N'ELECTROLINK', 13, 19, 20, 3, 0, 1, 61, CAST(0x81370B00 AS Date), 28)
INSERT [dbo].[Customer] ([Customer_Id], [Customer_Code], [Customer_Name], [Customer_Name_BL], [Business_Type], [Customer_Type], [Customer_Group], [Location_Id], [Key_Account], [Status], [Updated_By], [Updated_Date], [Sales_Channel]) VALUES (1718, N'TREL03E', N'ELECTROLINK', N'ELECTROLINK', 13, 19, 20, 3, 0, 1, 61, CAST(0x81370B00 AS Date), 28)
INSERT [dbo].[Customer] ([Customer_Id], [Customer_Code], [Customer_Name], [Customer_Name_BL], [Business_Type], [Customer_Type], [Customer_Group], [Location_Id], [Key_Account], [Status], [Updated_By], [Updated_Date], [Sales_Channel]) VALUES (1719, N'TREL04', N'ELECTRONICS SERVICES CO. LLC', N'ELECTRONICS SERVICES CO. LLC', 13, 19, 20, 5, 0, 1, 42, CAST(0x81370B00 AS Date), 28)
INSERT [dbo].[Customer] ([Customer_Id], [Customer_Code], [Customer_Name], [Customer_Name_BL], [Business_Type], [Customer_Type], [Customer_Group], [Location_Id], [Key_Account], [Status], [Updated_By], [Updated_Date], [Sales_Channel]) VALUES (1720, N'TREL04E', N'ELECTRONICS SERVICES CO. LLC', N'ELECTRONICS SERVICES CO. LLC', 13, 19, 20, 5, 0, 1, 42, CAST(0x81370B00 AS Date), 28)
INSERT [dbo].[Customer] ([Customer_Id], [Customer_Code], [Customer_Name], [Customer_Name_BL], [Business_Type], [Customer_Type], [Customer_Group], [Location_Id], [Key_Account], [Status], [Updated_By], [Updated_Date], [Sales_Channel]) VALUES (1721, N'TREL05', N'ELITE ELECTRONICS ESTABLISHMENT', N'ELITE ELECTRONICS ESTABLISHMENT', 13, 19, 20, 2, 0, 1, 40, CAST(0x81370B00 AS Date), 28)
INSERT [dbo].[Customer] ([Customer_Id], [Customer_Code], [Customer_Name], [Customer_Name_BL], [Business_Type], [Customer_Type], [Customer_Group], [Location_Id], [Key_Account], [Status], [Updated_By], [Updated_Date], [Sales_Channel]) VALUES (1722, N'TREL05A', N'ELITE ELECTRONICS ESTABLISHMENT', N'ELITE ELECTRONICS ESTABLISHMENT', 13, 19, 20, 2, 0, 1, 41, CAST(0x81370B00 AS Date), 28)
INSERT [dbo].[Customer] ([Customer_Id], [Customer_Code], [Customer_Name], [Customer_Name_BL], [Business_Type], [Customer_Type], [Customer_Group], [Location_Id], [Key_Account], [Status], [Updated_By], [Updated_Date], [Sales_Channel]) VALUES (1723, N'TREM01W', N'EMIRATES GIFTS TRADING EST', N'EMIRATES GIFTS TRADING EST', 33, 18, 22, 5, 0, 1, 37, CAST(0x81370B00 AS Date), 29)
INSERT [dbo].[Customer] ([Customer_Id], [Customer_Code], [Customer_Name], [Customer_Name_BL], [Business_Type], [Customer_Type], [Customer_Group], [Location_Id], [Key_Account], [Status], [Updated_By], [Updated_Date], [Sales_Channel]) VALUES (1724, N'TREM02', N'EMSONS DEPARTMENT STORE', N'EMSONS DEPARTMENT STORE', 121, 19, 20, 2, 0, 1, 45, CAST(0x81370B00 AS Date), 28)
INSERT [dbo].[Customer] ([Customer_Id], [Customer_Code], [Customer_Name], [Customer_Name_BL], [Business_Type], [Customer_Type], [Customer_Group], [Location_Id], [Key_Account], [Status], [Updated_By], [Updated_Date], [Sales_Channel]) VALUES (1725, N'TREM03', N'EMIRATES CO-OP SOCIETY', N'EMIRATES CO-OP SOCIETY', 42, 19, 83, 3, 1, 1, 74, CAST(0x81370B00 AS Date), 28)
INSERT [dbo].[Customer] ([Customer_Id], [Customer_Code], [Customer_Name], [Customer_Name_BL], [Business_Type], [Customer_Type], [Customer_Group], [Location_Id], [Key_Account], [Status], [Updated_By], [Updated_Date], [Sales_Channel]) VALUES (1726, N'TREM04', N'EMIRATES', N'EMIRATES', 38, 31, 21, 3, 0, 1, 59, CAST(0x81370B00 AS Date), 30)
INSERT [dbo].[Customer] ([Customer_Id], [Customer_Code], [Customer_Name], [Customer_Name_BL], [Business_Type], [Customer_Type], [Customer_Group], [Location_Id], [Key_Account], [Status], [Updated_By], [Updated_Date], [Sales_Channel]) VALUES (1727, N'TREM05', N'EMIRATES CO-OPERATIVE SOCIETY - AL MUTEENA BRANCH', N'EMIRATES CO-OPERATIVE SOCIETY - AL MUTEENA BRANCH', 13, 19, 83, 3, 1, 1, 68, CAST(0x81370B00 AS Date), 28)
INSERT [dbo].[Customer] ([Customer_Id], [Customer_Code], [Customer_Name], [Customer_Name_BL], [Business_Type], [Customer_Type], [Customer_Group], [Location_Id], [Key_Account], [Status], [Updated_By], [Updated_Date], [Sales_Channel]) VALUES (1728, N'TREM06', N'EMIRATES GENERAL MARKET', N'EMIRATES GENERAL MARKET', 42, 17, 95, 2, 1, 1, 41, CAST(0x81370B00 AS Date), 28)
INSERT [dbo].[Customer] ([Customer_Id], [Customer_Code], [Customer_Name], [Customer_Name_BL], [Business_Type], [Customer_Type], [Customer_Group], [Location_Id], [Key_Account], [Status], [Updated_By], [Updated_Date], [Sales_Channel]) VALUES (1729, N'TREM06E', N'EMIRATES GENERAL MARKET', N'EMIRATES GENERAL MARKET', 42, 17, 95, 2, 1, 1, 40, CAST(0x81370B00 AS Date), 28)
INSERT [dbo].[Customer] ([Customer_Id], [Customer_Code], [Customer_Name], [Customer_Name_BL], [Business_Type], [Customer_Type], [Customer_Group], [Location_Id], [Key_Account], [Status], [Updated_By], [Updated_Date], [Sales_Channel]) VALUES (1730, N'TREM07', N'EMKE SUPER MARKET & DEPT. STORE', N'EMKE SUPER MARKET & DEPT. STORE', 15, 19, 20, 2, 0, 1, 45, CAST(0x81370B00 AS Date), 28)
INSERT [dbo].[Customer] ([Customer_Id], [Customer_Code], [Customer_Name], [Customer_Name_BL], [Business_Type], [Customer_Type], [Customer_Group], [Location_Id], [Key_Account], [Status], [Updated_By], [Updated_Date], [Sales_Channel]) VALUES (1731, N'TREM08', N'EMIRATES PURE SPRING WATER', N'EMIRATES PURE SPRING WATER', 134, 31, 21, 3, 0, 1, 59, CAST(0x81370B00 AS Date), 30)
INSERT [dbo].[Customer] ([Customer_Id], [Customer_Code], [Customer_Name], [Customer_Name_BL], [Business_Type], [Customer_Type], [Customer_Group], [Location_Id], [Key_Account], [Status], [Updated_By], [Updated_Date], [Sales_Channel]) VALUES (1732, N'TREM09', N'EMIRATES CO-OPERATIVE SOCIETY - GARHOUD BRANCH', N'EMIRATES CO-OPERATIVE SOCIETY - GARHOUD BRANCH', 42, 19, 83, 3, 1, 1, 72, CAST(0x81370B00 AS Date), 28)
INSERT [dbo].[Customer] ([Customer_Id], [Customer_Code], [Customer_Name], [Customer_Name_BL], [Business_Type], [Customer_Type], [Customer_Group], [Location_Id], [Key_Account], [Status], [Updated_By], [Updated_Date], [Sales_Channel]) VALUES (1733, N'TREM10', N'EMIRATES NATIONAL SCHOOL', N'EMIRATES NATIONAL SCHOOL', 124, 19, 20, 2, 0, 1, 38, CAST(0x81370B00 AS Date), 28)
INSERT [dbo].[Customer] ([Customer_Id], [Customer_Code], [Customer_Name], [Customer_Name_BL], [Business_Type], [Customer_Type], [Customer_Group], [Location_Id], [Key_Account], [Status], [Updated_By], [Updated_Date], [Sales_Channel]) VALUES (1734, N'TREM11', N'EMIRATES CENTRAL COOLING SYSTEM COOPERATION', N'EMIRATES CENTRAL COOLING SYSTEM COOPERATION', 33, 31, 21, 3, 0, 1, 48, CAST(0x81370B00 AS Date), 30)
INSERT [dbo].[Customer] ([Customer_Id], [Customer_Code], [Customer_Name], [Customer_Name_BL], [Business_Type], [Customer_Type], [Customer_Group], [Location_Id], [Key_Account], [Status], [Updated_By], [Updated_Date], [Sales_Channel]) VALUES (1735, N'TREM12', N'EMIRATES FALCON TR. EST.', N'EMIRATES FALCON TR. EST.', 13, 19, 20, 5, 0, 1, 39, CAST(0x81370B00 AS Date), 28)
INSERT [dbo].[Customer] ([Customer_Id], [Customer_Code], [Customer_Name], [Customer_Name_BL], [Business_Type], [Customer_Type], [Customer_Group], [Location_Id], [Key_Account], [Status], [Updated_By], [Updated_Date], [Sales_Channel]) VALUES (1736, N'TREM12A', N'EMIRATES FALCON TR. EST.', N'EMIRATES FALCON TR. EST.', 13, 19, 20, 5, 0, 1, 39, CAST(0x81370B00 AS Date), 28)
INSERT [dbo].[Customer] ([Customer_Id], [Customer_Code], [Customer_Name], [Customer_Name_BL], [Business_Type], [Customer_Type], [Customer_Group], [Location_Id], [Key_Account], [Status], [Updated_By], [Updated_Date], [Sales_Channel]) VALUES (1737, N'TREM13', N'EMIRATES LEISURE RETAIL LLC', N'EMIRATES LEISURE RETAIL LLC', 13, 19, 20, 3, 0, 1, 53, CAST(0x81370B00 AS Date), 28)
INSERT [dbo].[Customer] ([Customer_Id], [Customer_Code], [Customer_Name], [Customer_Name_BL], [Business_Type], [Customer_Type], [Customer_Group], [Location_Id], [Key_Account], [Status], [Updated_By], [Updated_Date], [Sales_Channel]) VALUES (1738, N'TREN01', N'ENKEY TRADING EST.', N'ENKEY TRADING EST.', 13, 19, 20, 3, 0, 1, 38, CAST(0x81370B00 AS Date), 28)
INSERT [dbo].[Customer] ([Customer_Id], [Customer_Code], [Customer_Name], [Customer_Name_BL], [Business_Type], [Customer_Type], [Customer_Group], [Location_Id], [Key_Account], [Status], [Updated_By], [Updated_Date], [Sales_Channel]) VALUES (1739, N'TREN01E', N'ENKEY TRADING EST.', N'ENKEY TRADING EST.', 13, 19, 20, 3, 0, 1, 53, CAST(0x81370B00 AS Date), 28)
INSERT [dbo].[Customer] ([Customer_Id], [Customer_Code], [Customer_Name], [Customer_Name_BL], [Business_Type], [Customer_Type], [Customer_Group], [Location_Id], [Key_Account], [Status], [Updated_By], [Updated_Date], [Sales_Channel]) VALUES (1740, N'TREN01W', N'ENKAY TRADING', N'ENKAY TRADING', 33, 18, 22, 3, 0, 1, 37, CAST(0x81370B00 AS Date), 29)
INSERT [dbo].[Customer] ([Customer_Id], [Customer_Code], [Customer_Name], [Customer_Name_BL], [Business_Type], [Customer_Type], [Customer_Group], [Location_Id], [Key_Account], [Status], [Updated_By], [Updated_Date], [Sales_Channel]) VALUES (1741, N'TREN02', N'ENKEY STAR ELECTRONICS', N'ENKEY STAR ELECTRONICS', 13, 19, 20, 3, 0, 1, 38, CAST(0x81370B00 AS Date), 28)
INSERT [dbo].[Customer] ([Customer_Id], [Customer_Code], [Customer_Name], [Customer_Name_BL], [Business_Type], [Customer_Type], [Customer_Group], [Location_Id], [Key_Account], [Status], [Updated_By], [Updated_Date], [Sales_Channel]) VALUES (1742, N'TREN02E', N'ENKEY STAR ELECTRONICS', N'ENKEY STAR ELECTRONICS', 13, 19, 20, 3, 0, 1, 53, CAST(0x81370B00 AS Date), 28)
INSERT [dbo].[Customer] ([Customer_Id], [Customer_Code], [Customer_Name], [Customer_Name_BL], [Business_Type], [Customer_Type], [Customer_Group], [Location_Id], [Key_Account], [Status], [Updated_By], [Updated_Date], [Sales_Channel]) VALUES (1743, N'TREN03', N'ENGINEERING MAINTANENCE CO LTD', N'ENGINEERING MAINTANENCE CO LTD', 14, 31, 21, 3, 0, 1, 59, CAST(0x81370B00 AS Date), 30)
INSERT [dbo].[Customer] ([Customer_Id], [Customer_Code], [Customer_Name], [Customer_Name_BL], [Business_Type], [Customer_Type], [Customer_Group], [Location_Id], [Key_Account], [Status], [Updated_By], [Updated_Date], [Sales_Channel]) VALUES (1744, N'TREP01', N'EPPCO', N'EPPCO', 136, 31, 21, 3, 0, 1, 69, CAST(0x81370B00 AS Date), 30)
INSERT [dbo].[Customer] ([Customer_Id], [Customer_Code], [Customer_Name], [Customer_Name_BL], [Business_Type], [Customer_Type], [Customer_Group], [Location_Id], [Key_Account], [Status], [Updated_By], [Updated_Date], [Sales_Channel]) VALUES (1745, N'TRES02', N'ESSACO ELECTRONICS EST.', N'ESSACO ELECTRONICS EST.', 13, 19, 20, 3, 0, 1, 60, CAST(0x81370B00 AS Date), 28)
INSERT [dbo].[Customer] ([Customer_Id], [Customer_Code], [Customer_Name], [Customer_Name_BL], [Business_Type], [Customer_Type], [Customer_Group], [Location_Id], [Key_Account], [Status], [Updated_By], [Updated_Date], [Sales_Channel]) VALUES (1746, N'TRET02', N'EMIRATES TRADING AGENCY', N'EMIRATES TRADING AGENCY', 35, 31, 21, 3, 0, 1, 59, CAST(0x81370B00 AS Date), 30)
INSERT [dbo].[Customer] ([Customer_Id], [Customer_Code], [Customer_Name], [Customer_Name_BL], [Business_Type], [Customer_Type], [Customer_Group], [Location_Id], [Key_Account], [Status], [Updated_By], [Updated_Date], [Sales_Channel]) VALUES (1747, N'TRET03', N'ETIHAD AIRWAYS- HEAD OFFICE', N'ETIHAD AIRWAYS- HEAD OFFICE', 38, 31, 21, 2, 0, 1, 69, CAST(0x81370B00 AS Date), 30)
INSERT [dbo].[Customer] ([Customer_Id], [Customer_Code], [Customer_Name], [Customer_Name_BL], [Business_Type], [Customer_Type], [Customer_Group], [Location_Id], [Key_Account], [Status], [Updated_By], [Updated_Date], [Sales_Channel]) VALUES (1748, N'TRET04', N'ETA-  EMIRATES TRADING AGENCY L.L.C', N'ETA-  EMIRATES TRADING AGENCY L.L.C', 123, 31, 21, 3, 0, 1, 48, CAST(0x81370B00 AS Date), 30)
GO
print 'Processed 500 total records'
INSERT [dbo].[Customer] ([Customer_Id], [Customer_Code], [Customer_Name], [Customer_Name_BL], [Business_Type], [Customer_Type], [Customer_Group], [Location_Id], [Key_Account], [Status], [Updated_By], [Updated_Date], [Sales_Channel]) VALUES (1749, N'TREU01', N'EUROPE TRADING EST.', N'EUROPE TRADING EST.', 13, 19, 20, 3, 0, 1, 61, CAST(0x81370B00 AS Date), 28)
INSERT [dbo].[Customer] ([Customer_Id], [Customer_Code], [Customer_Name], [Customer_Name_BL], [Business_Type], [Customer_Type], [Customer_Group], [Location_Id], [Key_Account], [Status], [Updated_By], [Updated_Date], [Sales_Channel]) VALUES (1750, N'TREU01E', N'EUROPE TRADING EST.', N'EUROPE TRADING EST.', 13, 19, 20, 3, 0, 1, 61, CAST(0x81370B00 AS Date), 28)
INSERT [dbo].[Customer] ([Customer_Id], [Customer_Code], [Customer_Name], [Customer_Name_BL], [Business_Type], [Customer_Type], [Customer_Group], [Location_Id], [Key_Account], [Status], [Updated_By], [Updated_Date], [Sales_Channel]) VALUES (1751, N'TREU01W', N'EUROPE TRADING LLC', N'EUROPE TRADING LLC', 33, 18, 22, 3, 0, 1, 37, CAST(0x81370B00 AS Date), 29)
INSERT [dbo].[Customer] ([Customer_Id], [Customer_Code], [Customer_Name], [Customer_Name_BL], [Business_Type], [Customer_Type], [Customer_Group], [Location_Id], [Key_Account], [Status], [Updated_By], [Updated_Date], [Sales_Channel]) VALUES (1752, N'TREU02', N'EURO HOME INTERIORS FRZ.', N'EURO HOME INTERIORS FRZ.', 41, 31, 21, 5, 0, 1, 48, CAST(0x81370B00 AS Date), 30)
INSERT [dbo].[Customer] ([Customer_Id], [Customer_Code], [Customer_Name], [Customer_Name_BL], [Business_Type], [Customer_Type], [Customer_Group], [Location_Id], [Key_Account], [Status], [Updated_By], [Updated_Date], [Sales_Channel]) VALUES (1753, N'TREV01', N'EVERY DAY SUPERMARKET', N'EVERY DAY SUPERMARKET', 15, 31, 101, 3, 0, 1, 52, CAST(0x81370B00 AS Date), 28)
INSERT [dbo].[Customer] ([Customer_Id], [Customer_Code], [Customer_Name], [Customer_Name_BL], [Business_Type], [Customer_Type], [Customer_Group], [Location_Id], [Key_Account], [Status], [Updated_By], [Updated_Date], [Sales_Channel]) VALUES (1754, N'TREV01E', N'EVERY DAY SUPERMARKET', N'EVERY DAY SUPERMARKET', 15, 31, 101, 3, 0, 1, 53, CAST(0x81370B00 AS Date), 28)
INSERT [dbo].[Customer] ([Customer_Id], [Customer_Code], [Customer_Name], [Customer_Name_BL], [Business_Type], [Customer_Type], [Customer_Group], [Location_Id], [Key_Account], [Status], [Updated_By], [Updated_Date], [Sales_Channel]) VALUES (1755, N'TREX01', N'EXPRES AL MADEENA HYPERMARKET L.L.C,  Abu Dhabi', N'EXPRES AL MADEENA HYPERMARKET L.L.C,  Abu Dhabi', 42, 18, 20, 2, 1, 1, 41, CAST(0x81370B00 AS Date), 28)
INSERT [dbo].[Customer] ([Customer_Id], [Customer_Code], [Customer_Name], [Customer_Name_BL], [Business_Type], [Customer_Type], [Customer_Group], [Location_Id], [Key_Account], [Status], [Updated_By], [Updated_Date], [Sales_Channel]) VALUES (1756, N'TREX01E', N'EXPRES AL MADEENA HYPERMARKET L.L.C,  Abu Dhabi', N'EXPRES AL MADEENA HYPERMARKET L.L.C,  Abu Dhabi', 42, 18, 20, 2, 1, 1, 40, CAST(0x81370B00 AS Date), 28)
INSERT [dbo].[Customer] ([Customer_Id], [Customer_Code], [Customer_Name], [Customer_Name_BL], [Business_Type], [Customer_Type], [Customer_Group], [Location_Id], [Key_Account], [Status], [Updated_By], [Updated_Date], [Sales_Channel]) VALUES (1757, N'TREX02', N'EXPRESS AL MADINA HYPER MARKET LLC', N'EXPRESS AL MADINA HYPER MARKET LLC', 42, 18, 97, 3, 0, 1, 53, CAST(0x81370B00 AS Date), 28)
INSERT [dbo].[Customer] ([Customer_Id], [Customer_Code], [Customer_Name], [Customer_Name_BL], [Business_Type], [Customer_Type], [Customer_Group], [Location_Id], [Key_Account], [Status], [Updated_By], [Updated_Date], [Sales_Channel]) VALUES (1758, N'TREX02A', N'EXPRESS AL MADINA HYPER MARKET LLC', N'EXPRESS AL MADINA HYPER MARKET LLC', 42, 18, 97, 3, 0, 1, 52, CAST(0x81370B00 AS Date), 28)
INSERT [dbo].[Customer] ([Customer_Id], [Customer_Code], [Customer_Name], [Customer_Name_BL], [Business_Type], [Customer_Type], [Customer_Group], [Location_Id], [Key_Account], [Status], [Updated_By], [Updated_Date], [Sales_Channel]) VALUES (1759, N'TREY01', N'AL EYOON ELECTRICAL CO.L.L.C', N'AL EYOON ELECTRICAL CO.L.L.C', 13, 19, 20, 4, 0, 1, 49, CAST(0x81370B00 AS Date), 28)
INSERT [dbo].[Customer] ([Customer_Id], [Customer_Code], [Customer_Name], [Customer_Name_BL], [Business_Type], [Customer_Type], [Customer_Group], [Location_Id], [Key_Account], [Status], [Updated_By], [Updated_Date], [Sales_Channel]) VALUES (1760, N'TREY01E', N'AL EYOON ELECTRICAL CO.L.L.C', N'AL EYOON ELECTRICAL CO.L.L.C', 13, 19, 20, 4, 0, 1, 67, CAST(0x81370B00 AS Date), 28)
INSERT [dbo].[Customer] ([Customer_Id], [Customer_Code], [Customer_Name], [Customer_Name_BL], [Business_Type], [Customer_Type], [Customer_Group], [Location_Id], [Key_Account], [Status], [Updated_By], [Updated_Date], [Sales_Channel]) VALUES (1761, N'TRFA01', N'AL FALAH PLAZA II ( ALAIN)', N'AL FALAH PLAZA II ( ALAIN)', 42, 17, 95, 4, 1, 1, 49, CAST(0x81370B00 AS Date), 28)
INSERT [dbo].[Customer] ([Customer_Id], [Customer_Code], [Customer_Name], [Customer_Name_BL], [Business_Type], [Customer_Type], [Customer_Group], [Location_Id], [Key_Account], [Status], [Updated_By], [Updated_Date], [Sales_Channel]) VALUES (1762, N'TRFA01A', N'AL FALAH PLAZA II ( ALAIN)', N'AL FALAH PLAZA II ( ALAIN)', 42, 17, 95, 4, 1, 1, 49, CAST(0x81370B00 AS Date), 28)
INSERT [dbo].[Customer] ([Customer_Id], [Customer_Code], [Customer_Name], [Customer_Name_BL], [Business_Type], [Customer_Type], [Customer_Group], [Location_Id], [Key_Account], [Status], [Updated_By], [Updated_Date], [Sales_Channel]) VALUES (1763, N'TRFA02', N'AL FARHAN ELECTRIC STORES', N'AL FARHAN ELECTRIC STORES', 13, 19, 20, 4, 0, 1, 67, CAST(0x81370B00 AS Date), 28)
INSERT [dbo].[Customer] ([Customer_Id], [Customer_Code], [Customer_Name], [Customer_Name_BL], [Business_Type], [Customer_Type], [Customer_Group], [Location_Id], [Key_Account], [Status], [Updated_By], [Updated_Date], [Sales_Channel]) VALUES (1764, N'TRFA02A', N'AL FARHAN ELECTRIC STORES', N'AL FARHAN ELECTRIC STORES', 13, 19, 20, 4, 0, 1, 62, CAST(0x81370B00 AS Date), 28)
INSERT [dbo].[Customer] ([Customer_Id], [Customer_Code], [Customer_Name], [Customer_Name_BL], [Business_Type], [Customer_Type], [Customer_Group], [Location_Id], [Key_Account], [Status], [Updated_By], [Updated_Date], [Sales_Channel]) VALUES (1765, N'TRFA03', N'AL FAIHAA ELECTRONICS TRADING EST', N'AL FAIHAA ELECTRONICS TRADING EST', 13, 19, 20, 2, 0, 1, 45, CAST(0x81370B00 AS Date), 28)
INSERT [dbo].[Customer] ([Customer_Id], [Customer_Code], [Customer_Name], [Customer_Name_BL], [Business_Type], [Customer_Type], [Customer_Group], [Location_Id], [Key_Account], [Status], [Updated_By], [Updated_Date], [Sales_Channel]) VALUES (1766, N'TRFA03A', N'AL FAIHAA ELECTRONICS TRADING EST', N'AL FAIHAA ELECTRONICS TRADING EST', 13, 19, 20, 2, 0, 1, 45, CAST(0x81370B00 AS Date), 28)
INSERT [dbo].[Customer] ([Customer_Id], [Customer_Code], [Customer_Name], [Customer_Name_BL], [Business_Type], [Customer_Type], [Customer_Group], [Location_Id], [Key_Account], [Status], [Updated_By], [Updated_Date], [Sales_Channel]) VALUES (1767, N'TRFA04', N'FATEHPUR TRADING ENTERPRISES', N'FATEHPUR TRADING ENTERPRISES', 13, 19, 20, 3, 0, 1, 49, CAST(0x81370B00 AS Date), 28)
INSERT [dbo].[Customer] ([Customer_Id], [Customer_Code], [Customer_Name], [Customer_Name_BL], [Business_Type], [Customer_Type], [Customer_Group], [Location_Id], [Key_Account], [Status], [Updated_By], [Updated_Date], [Sales_Channel]) VALUES (1768, N'TRFA04E', N'FATEHPUR TRADING ENTERPRISES', N'FATEHPUR TRADING ENTERPRISES', 13, 19, 20, 3, 0, 1, 49, CAST(0x81370B00 AS Date), 28)
INSERT [dbo].[Customer] ([Customer_Id], [Customer_Code], [Customer_Name], [Customer_Name_BL], [Business_Type], [Customer_Type], [Customer_Group], [Location_Id], [Key_Account], [Status], [Updated_By], [Updated_Date], [Sales_Channel]) VALUES (1769, N'TRFA05', N'FAKHRUDEEN HARDWARE', N'FAKHRUDEEN HARDWARE', 13, 19, 20, 2, 0, 1, 45, CAST(0x81370B00 AS Date), 28)
INSERT [dbo].[Customer] ([Customer_Id], [Customer_Code], [Customer_Name], [Customer_Name_BL], [Business_Type], [Customer_Type], [Customer_Group], [Location_Id], [Key_Account], [Status], [Updated_By], [Updated_Date], [Sales_Channel]) VALUES (1770, N'TRFA08', N'LULU HYPER MARKET-(SHJ)', N'LULU HYPER MARKET-(SHJ)', 42, 17, 96, 5, 1, 1, 73, CAST(0x81370B00 AS Date), 28)
INSERT [dbo].[Customer] ([Customer_Id], [Customer_Code], [Customer_Name], [Customer_Name_BL], [Business_Type], [Customer_Type], [Customer_Group], [Location_Id], [Key_Account], [Status], [Updated_By], [Updated_Date], [Sales_Channel]) VALUES (1771, N'TRFA08E', N'LULU HYPER MARKET-(SHJ)', N'LULU HYPER MARKET-(SHJ)', 42, 17, 96, 5, 1, 1, 39, CAST(0x81370B00 AS Date), 28)
INSERT [dbo].[Customer] ([Customer_Id], [Customer_Code], [Customer_Name], [Customer_Name_BL], [Business_Type], [Customer_Type], [Customer_Group], [Location_Id], [Key_Account], [Status], [Updated_By], [Updated_Date], [Sales_Channel]) VALUES (1772, N'TRFA09', N'FATEH TRADING', N'FATEH TRADING', 13, 19, 20, 2, 0, 1, 40, CAST(0x81370B00 AS Date), 28)
INSERT [dbo].[Customer] ([Customer_Id], [Customer_Code], [Customer_Name], [Customer_Name_BL], [Business_Type], [Customer_Type], [Customer_Group], [Location_Id], [Key_Account], [Status], [Updated_By], [Updated_Date], [Sales_Channel]) VALUES (1773, N'TRFA09A', N'FATEH TRADING', N'FATEH TRADING', 13, 19, 20, 2, 0, 1, 41, CAST(0x81370B00 AS Date), 28)
INSERT [dbo].[Customer] ([Customer_Id], [Customer_Code], [Customer_Name], [Customer_Name_BL], [Business_Type], [Customer_Type], [Customer_Group], [Location_Id], [Key_Account], [Status], [Updated_By], [Updated_Date], [Sales_Channel]) VALUES (1774, N'TRFA10', N'FALCON ELECTRNICS EST.', N'FALCON ELECTRNICS EST.', 13, 19, 20, 4, 0, 1, 49, CAST(0x81370B00 AS Date), 28)
INSERT [dbo].[Customer] ([Customer_Id], [Customer_Code], [Customer_Name], [Customer_Name_BL], [Business_Type], [Customer_Type], [Customer_Group], [Location_Id], [Key_Account], [Status], [Updated_By], [Updated_Date], [Sales_Channel]) VALUES (1775, N'TRFA10S', N'FALCON ELECTRNICS EST.', N'FALCON ELECTRNICS EST.', 13, 19, 20, 4, 0, 1, 48, CAST(0x81370B00 AS Date), 28)
INSERT [dbo].[Customer] ([Customer_Id], [Customer_Code], [Customer_Name], [Customer_Name_BL], [Business_Type], [Customer_Type], [Customer_Group], [Location_Id], [Key_Account], [Status], [Updated_By], [Updated_Date], [Sales_Channel]) VALUES (1776, N'TRFA11', N'FAKHRUDDIN EBRAHIM AL HINDI', N'FAKHRUDDIN EBRAHIM AL HINDI', 35, 31, 21, 3, 0, 1, 59, CAST(0x81370B00 AS Date), 30)
INSERT [dbo].[Customer] ([Customer_Id], [Customer_Code], [Customer_Name], [Customer_Name_BL], [Business_Type], [Customer_Type], [Customer_Group], [Location_Id], [Key_Account], [Status], [Updated_By], [Updated_Date], [Sales_Channel]) VALUES (1777, N'TRFA12', N'FARHAN ABDUL GHANI TRADING', N'FARHAN ABDUL GHANI TRADING', 13, 19, 20, 3, 0, 1, 49, CAST(0x81370B00 AS Date), 28)
INSERT [dbo].[Customer] ([Customer_Id], [Customer_Code], [Customer_Name], [Customer_Name_BL], [Business_Type], [Customer_Type], [Customer_Group], [Location_Id], [Key_Account], [Status], [Updated_By], [Updated_Date], [Sales_Channel]) VALUES (1778, N'TRFA13E', N'FALCON HUT ELECTRONICS', N'FALCON HUT ELECTRONICS', 13, 19, 20, 3, 0, 1, 61, CAST(0x81370B00 AS Date), 28)
INSERT [dbo].[Customer] ([Customer_Id], [Customer_Code], [Customer_Name], [Customer_Name_BL], [Business_Type], [Customer_Type], [Customer_Group], [Location_Id], [Key_Account], [Status], [Updated_By], [Updated_Date], [Sales_Channel]) VALUES (1779, N'TRFA14', N'FALCON INTERNATIONAL GEN.TRDG.EST.', N'FALCON INTERNATIONAL GEN.TRDG.EST.', 13, 19, 20, 3, 0, 1, 49, CAST(0x81370B00 AS Date), 28)
INSERT [dbo].[Customer] ([Customer_Id], [Customer_Code], [Customer_Name], [Customer_Name_BL], [Business_Type], [Customer_Type], [Customer_Group], [Location_Id], [Key_Account], [Status], [Updated_By], [Updated_Date], [Sales_Channel]) VALUES (1780, N'TRFA15', N'AL FARAS STORE', N'AL FARAS STORE', 13, 19, 20, 4, 0, 1, 62, CAST(0x81370B00 AS Date), 28)
INSERT [dbo].[Customer] ([Customer_Id], [Customer_Code], [Customer_Name], [Customer_Name_BL], [Business_Type], [Customer_Type], [Customer_Group], [Location_Id], [Key_Account], [Status], [Updated_By], [Updated_Date], [Sales_Channel]) VALUES (1781, N'TRFA16', N'FAROOQ STORES', N'FAROOQ STORES', 13, 19, 20, 4, 0, 1, 62, CAST(0x81370B00 AS Date), 28)
INSERT [dbo].[Customer] ([Customer_Id], [Customer_Code], [Customer_Name], [Customer_Name_BL], [Business_Type], [Customer_Type], [Customer_Group], [Location_Id], [Key_Account], [Status], [Updated_By], [Updated_Date], [Sales_Channel]) VALUES (1782, N'TRFA16A', N'FAROOQ STORES', N'FAROOQ STORES', 13, 19, 20, 4, 0, 1, 62, CAST(0x81370B00 AS Date), 28)
INSERT [dbo].[Customer] ([Customer_Id], [Customer_Code], [Customer_Name], [Customer_Name_BL], [Business_Type], [Customer_Type], [Customer_Group], [Location_Id], [Key_Account], [Status], [Updated_By], [Updated_Date], [Sales_Channel]) VALUES (1783, N'TRFA18', N'FATHIMA TRADING AND SUPERMARKET L.L.C.', N'FATHIMA TRADING AND SUPERMARKET L.L.C.', 15, 18, 86, 2, 1, 1, 40, CAST(0x81370B00 AS Date), 28)
INSERT [dbo].[Customer] ([Customer_Id], [Customer_Code], [Customer_Name], [Customer_Name_BL], [Business_Type], [Customer_Type], [Customer_Group], [Location_Id], [Key_Account], [Status], [Updated_By], [Updated_Date], [Sales_Channel]) VALUES (1784, N'TRFA18A', N'FATHIMA TRADING AND SUPERMARKET L.L.C.', N'FATHIMA TRADING AND SUPERMARKET L.L.C.', 15, 18, 86, 2, 1, 1, 41, CAST(0x81370B00 AS Date), 28)
INSERT [dbo].[Customer] ([Customer_Id], [Customer_Code], [Customer_Name], [Customer_Name_BL], [Business_Type], [Customer_Type], [Customer_Group], [Location_Id], [Key_Account], [Status], [Updated_By], [Updated_Date], [Sales_Channel]) VALUES (1785, N'TRFA19', N'FAIROOZ SUPER MARKET', N'FAIROOZ SUPER MARKET', 15, 18, 112, 3, 1, 1, 53, CAST(0x81370B00 AS Date), 28)
INSERT [dbo].[Customer] ([Customer_Id], [Customer_Code], [Customer_Name], [Customer_Name_BL], [Business_Type], [Customer_Type], [Customer_Group], [Location_Id], [Key_Account], [Status], [Updated_By], [Updated_Date], [Sales_Channel]) VALUES (1786, N'TRFA19A', N'FAIROOZ SUPER MARKET', N'FAIROOZ SUPER MARKET', 15, 18, 112, 3, 1, 1, 52, CAST(0x81370B00 AS Date), 28)
INSERT [dbo].[Customer] ([Customer_Id], [Customer_Code], [Customer_Name], [Customer_Name_BL], [Business_Type], [Customer_Type], [Customer_Group], [Location_Id], [Key_Account], [Status], [Updated_By], [Updated_Date], [Sales_Channel]) VALUES (1787, N'TRFA20', N'AL FATIH ELECTRONICS TRADING CO. LLC', N'AL FATIH ELECTRONICS TRADING CO. LLC', 13, 19, 20, 10, 0, 1, 63, CAST(0x81370B00 AS Date), 28)
INSERT [dbo].[Customer] ([Customer_Id], [Customer_Code], [Customer_Name], [Customer_Name_BL], [Business_Type], [Customer_Type], [Customer_Group], [Location_Id], [Key_Account], [Status], [Updated_By], [Updated_Date], [Sales_Channel]) VALUES (1788, N'TRFA22', N'AL FALAH PLAZA (AUH)', N'AL FALAH PLAZA (AUH)', 42, 17, 95, 2, 1, 1, 41, CAST(0x81370B00 AS Date), 28)
INSERT [dbo].[Customer] ([Customer_Id], [Customer_Code], [Customer_Name], [Customer_Name_BL], [Business_Type], [Customer_Type], [Customer_Group], [Location_Id], [Key_Account], [Status], [Updated_By], [Updated_Date], [Sales_Channel]) VALUES (1789, N'TRFA22A', N'AL FALAH PLAZA (AUH)', N'AL FALAH PLAZA (AUH)', 42, 17, 95, 2, 1, 1, 41, CAST(0x81370B00 AS Date), 28)
INSERT [dbo].[Customer] ([Customer_Id], [Customer_Code], [Customer_Name], [Customer_Name_BL], [Business_Type], [Customer_Type], [Customer_Group], [Location_Id], [Key_Account], [Status], [Updated_By], [Updated_Date], [Sales_Channel]) VALUES (1790, N'TRFA22E', N'AL FALAH PLAZA (AUH)', N'AL FALAH PLAZA (AUH)', 42, 17, 95, 2, 1, 1, 40, CAST(0x81370B00 AS Date), 28)
INSERT [dbo].[Customer] ([Customer_Id], [Customer_Code], [Customer_Name], [Customer_Name_BL], [Business_Type], [Customer_Type], [Customer_Group], [Location_Id], [Key_Account], [Status], [Updated_By], [Updated_Date], [Sales_Channel]) VALUES (1791, N'TRFA23', N'AL FAREED ELECTRONICS', N'AL FAREED ELECTRONICS', 13, 19, 20, 8, 0, 1, 36, CAST(0x81370B00 AS Date), 28)
INSERT [dbo].[Customer] ([Customer_Id], [Customer_Code], [Customer_Name], [Customer_Name_BL], [Business_Type], [Customer_Type], [Customer_Group], [Location_Id], [Key_Account], [Status], [Updated_By], [Updated_Date], [Sales_Channel]) VALUES (1792, N'TRFA24', N'FATHIMA SUPERMARKET L.L.C (RAK)', N'FATHIMA SUPERMARKET L.L.C (RAK)', 13, 18, 86, 8, 1, 1, 36, CAST(0x81370B00 AS Date), 28)
INSERT [dbo].[Customer] ([Customer_Id], [Customer_Code], [Customer_Name], [Customer_Name_BL], [Business_Type], [Customer_Type], [Customer_Group], [Location_Id], [Key_Account], [Status], [Updated_By], [Updated_Date], [Sales_Channel]) VALUES (1793, N'TRFA24E', N'FATHIMA SUPERMARKET L.L.C (RAK)', N'FATHIMA SUPERMARKET L.L.C (RAK)', 13, 18, 86, 8, 1, 1, 51, CAST(0x81370B00 AS Date), 28)
INSERT [dbo].[Customer] ([Customer_Id], [Customer_Code], [Customer_Name], [Customer_Name_BL], [Business_Type], [Customer_Type], [Customer_Group], [Location_Id], [Key_Account], [Status], [Updated_By], [Updated_Date], [Sales_Channel]) VALUES (1794, N'TRFA25', N'AL FALAJ PURE DRINKING WATER CO', N'AL FALAJ PURE DRINKING WATER CO', 134, 19, 21, 25, 0, 1, 59, CAST(0x81370B00 AS Date), 30)
INSERT [dbo].[Customer] ([Customer_Id], [Customer_Code], [Customer_Name], [Customer_Name_BL], [Business_Type], [Customer_Type], [Customer_Group], [Location_Id], [Key_Account], [Status], [Updated_By], [Updated_Date], [Sales_Channel]) VALUES (1795, N'TRFA28', N'AL FAWAR ELECTRONICS TRDG. EST.', N'AL FAWAR ELECTRONICS TRDG. EST.', 13, 19, 20, 3, 0, 1, 60, CAST(0x81370B00 AS Date), 28)
INSERT [dbo].[Customer] ([Customer_Id], [Customer_Code], [Customer_Name], [Customer_Name_BL], [Business_Type], [Customer_Type], [Customer_Group], [Location_Id], [Key_Account], [Status], [Updated_By], [Updated_Date], [Sales_Channel]) VALUES (1796, N'TRFA29', N'FAIROZ ALMDEENA HYPER MARKET LLC', N'FAIROZ ALMDEENA HYPER MARKET LLC', 42, 19, 20, 2, 0, 1, 41, CAST(0x81370B00 AS Date), 28)
INSERT [dbo].[Customer] ([Customer_Id], [Customer_Code], [Customer_Name], [Customer_Name_BL], [Business_Type], [Customer_Type], [Customer_Group], [Location_Id], [Key_Account], [Status], [Updated_By], [Updated_Date], [Sales_Channel]) VALUES (1797, N'TRFA29E', N'FAIROZ ALMDEENA HYPER MARKET LLC', N'FAIROZ ALMDEENA HYPER MARKET LLC', 42, 19, 20, 2, 0, 1, 40, CAST(0x81370B00 AS Date), 28)
INSERT [dbo].[Customer] ([Customer_Id], [Customer_Code], [Customer_Name], [Customer_Name_BL], [Business_Type], [Customer_Type], [Customer_Group], [Location_Id], [Key_Account], [Status], [Updated_By], [Updated_Date], [Sales_Channel]) VALUES (1798, N'SAHY36', N'PANDA 35 FAYZIEAH QASIM', N'شركه العزيزيه بنده المتحدة فرع القصيم 35', 15, 17, 91, 20, 1, 1, 76, CAST(0x81370B00 AS Date), 28)
INSERT [dbo].[Customer] ([Customer_Id], [Customer_Code], [Customer_Name], [Customer_Name_BL], [Business_Type], [Customer_Type], [Customer_Group], [Location_Id], [Key_Account], [Status], [Updated_By], [Updated_Date], [Sales_Channel]) VALUES (1799, N'SAHY37', N'HYPER PANDA KHAMIS MSHAYET', N'شركه العزيزيه بنده المتحدة فرع خميس مشيط', 15, 17, 91, 20, 1, 1, 77, CAST(0x81370B00 AS Date), 28)
INSERT [dbo].[Customer] ([Customer_Id], [Customer_Code], [Customer_Name], [Customer_Name_BL], [Business_Type], [Customer_Type], [Customer_Group], [Location_Id], [Key_Account], [Status], [Updated_By], [Updated_Date], [Sales_Channel]) VALUES (1800, N'SAHY38', N'HYPER PANDA  20006 JEDDAH PRINCE MUTIB STREET', N'شركه العزيزيه بنده المتحدة فرع الامير متعب 20006', 15, 17, 91, 14, 1, 1, 77, CAST(0x81370B00 AS Date), 28)
INSERT [dbo].[Customer] ([Customer_Id], [Customer_Code], [Customer_Name], [Customer_Name_BL], [Business_Type], [Customer_Type], [Customer_Group], [Location_Id], [Key_Account], [Status], [Updated_By], [Updated_Date], [Sales_Channel]) VALUES (1801, N'SAHY39', N'PANDA 403 DAMMAM FIRST STREET', N'شركه العزيزيه بنده المتحدة فرع الدمام 403', 15, 17, 91, 11, 1, 1, 95, CAST(0x81370B00 AS Date), 28)
INSERT [dbo].[Customer] ([Customer_Id], [Customer_Code], [Customer_Name], [Customer_Name_BL], [Business_Type], [Customer_Type], [Customer_Group], [Location_Id], [Key_Account], [Status], [Updated_By], [Updated_Date], [Sales_Channel]) VALUES (1802, N'SAHY40', N'PANDA - 301 - UNAIZAH- QASSIM', N'شركه العزيزيه بنده المتحدة فرع عنيزة القصيم 301', 15, 17, 91, 20, 1, 1, 81, CAST(0x81370B00 AS Date), 28)
INSERT [dbo].[Customer] ([Customer_Id], [Customer_Code], [Customer_Name], [Customer_Name_BL], [Business_Type], [Customer_Type], [Customer_Group], [Location_Id], [Key_Account], [Status], [Updated_By], [Updated_Date], [Sales_Channel]) VALUES (1803, N'SAHY41', N'PANDA 200 RAWDAH JEDDAH', N'شركه العزيزيه بنده المتحدة فرع الروضه جده 200', 15, 17, 91, 14, 1, 1, 77, CAST(0x81370B00 AS Date), 28)
INSERT [dbo].[Customer] ([Customer_Id], [Customer_Code], [Customer_Name], [Customer_Name_BL], [Business_Type], [Customer_Type], [Customer_Group], [Location_Id], [Key_Account], [Status], [Updated_By], [Updated_Date], [Sales_Channel]) VALUES (1804, N'SAHY42', N'PANDA 201 TAHLIA STREET JEDDAH', N'شركه العزيزيه بنده المتحدة فرع التحليه جده 201', 15, 17, 91, 14, 1, 1, 77, CAST(0x81370B00 AS Date), 28)
INSERT [dbo].[Customer] ([Customer_Id], [Customer_Code], [Customer_Name], [Customer_Name_BL], [Business_Type], [Customer_Type], [Customer_Group], [Location_Id], [Key_Account], [Status], [Updated_By], [Updated_Date], [Sales_Channel]) VALUES (1805, N'SAHY43', N'PANDA 124 EASTERN RING ROAD EXIT 15', N'شركه العزيزيه بنده المتحدة فرع الرياض مخرج 15 -124', 15, 17, 91, 23, 1, 1, 81, CAST(0x81370B00 AS Date), 28)
INSERT [dbo].[Customer] ([Customer_Id], [Customer_Code], [Customer_Name], [Customer_Name_BL], [Business_Type], [Customer_Type], [Customer_Group], [Location_Id], [Key_Account], [Status], [Updated_By], [Updated_Date], [Sales_Channel]) VALUES (1806, N'SAHY44', N'PANDA 153 - RIYADH.OTAIGA BRIDGE (SEWEDY STREET).', N'شركه العزيزيه بنده المتحدة فرع عتيقة -طريق السويدي 153', 15, 17, 91, 23, 1, 1, 81, CAST(0x81370B00 AS Date), 28)
INSERT [dbo].[Customer] ([Customer_Id], [Customer_Code], [Customer_Name], [Customer_Name_BL], [Business_Type], [Customer_Type], [Customer_Group], [Location_Id], [Key_Account], [Status], [Updated_By], [Updated_Date], [Sales_Channel]) VALUES (1807, N'SAHY45', N'HYPER Panda 204 TAIF', N'شركه العزيزيه بنده المتحدة فرع الطايف 204', 15, 17, 91, 23, 1, 1, 77, CAST(0x81370B00 AS Date), 28)
INSERT [dbo].[Customer] ([Customer_Id], [Customer_Code], [Customer_Name], [Customer_Name_BL], [Business_Type], [Customer_Type], [Customer_Group], [Location_Id], [Key_Account], [Status], [Updated_By], [Updated_Date], [Sales_Channel]) VALUES (1808, N'SAHY46', N'HYPER Panda Al Makarona branch', N'شركه العزيزيه بنده المتحدة فرع المكرونة', 15, 17, 91, 23, 1, 1, 77, CAST(0x81370B00 AS Date), 28)
INSERT [dbo].[Customer] ([Customer_Id], [Customer_Code], [Customer_Name], [Customer_Name_BL], [Business_Type], [Customer_Type], [Customer_Group], [Location_Id], [Key_Account], [Status], [Updated_By], [Updated_Date], [Sales_Channel]) VALUES (1809, N'SAHY47', N'Hyper Panda 30001, Buraydah, Shahinat', N'شركه العزيزيه بنده المتحدة فرع الشاحنات -بريدة  30001', 15, 17, 91, 23, 1, 1, 81, CAST(0x81370B00 AS Date), 28)
INSERT [dbo].[Customer] ([Customer_Id], [Customer_Code], [Customer_Name], [Customer_Name_BL], [Business_Type], [Customer_Type], [Customer_Group], [Location_Id], [Key_Account], [Status], [Updated_By], [Updated_Date], [Sales_Channel]) VALUES (1810, N'SAHY48', N'Hyper Panda - Mada؟in Fahd branch', N'شركه العزيزيه بنده المتحدة فرع  فهد -المدينة', 15, 17, 91, 23, 1, 1, 77, CAST(0x81370B00 AS Date), 28)
INSERT [dbo].[Customer] ([Customer_Id], [Customer_Code], [Customer_Name], [Customer_Name_BL], [Business_Type], [Customer_Type], [Customer_Group], [Location_Id], [Key_Account], [Status], [Updated_By], [Updated_Date], [Sales_Channel]) VALUES (1811, N'SAHY49', N'Panda 412- Abqaiq (Eastern Region)', N'شركه العزيزيه بنده المتحدة فرع البقيق 412', 15, 17, 91, 23, 1, 1, 95, CAST(0x81370B00 AS Date), 28)
INSERT [dbo].[Customer] ([Customer_Id], [Customer_Code], [Customer_Name], [Customer_Name_BL], [Business_Type], [Customer_Type], [Customer_Group], [Location_Id], [Key_Account], [Status], [Updated_By], [Updated_Date], [Sales_Channel]) VALUES (1812, N'SAHY50', N'Panda 410 Hassa', N'شركه العزيزيه بنده المتحدة فرع الاحساء', 15, 17, 91, 23, 1, 1, 76, CAST(0x81370B00 AS Date), 28)
INSERT [dbo].[Customer] ([Customer_Id], [Customer_Code], [Customer_Name], [Customer_Name_BL], [Business_Type], [Customer_Type], [Customer_Group], [Location_Id], [Key_Account], [Status], [Updated_By], [Updated_Date], [Sales_Channel]) VALUES (1813, N'SAHY51', N'Panda Otaiga Riyadh', N'شركه العزيزيه بنده المتحدة فرع العتيقة', 15, 17, 91, 23, 1, 1, 81, CAST(0x81370B00 AS Date), 28)
INSERT [dbo].[Customer] ([Customer_Id], [Customer_Code], [Customer_Name], [Customer_Name_BL], [Business_Type], [Customer_Type], [Customer_Group], [Location_Id], [Key_Account], [Status], [Updated_By], [Updated_Date], [Sales_Channel]) VALUES (1814, N'SAHY53', N'Panda 404 Hasa', N'شركه العزيزيه بنده المتحدة فرع الاحساء 404', 15, 17, 91, 23, 1, 1, 95, CAST(0x81370B00 AS Date), 28)
INSERT [dbo].[Customer] ([Customer_Id], [Customer_Code], [Customer_Name], [Customer_Name_BL], [Business_Type], [Customer_Type], [Customer_Group], [Location_Id], [Key_Account], [Status], [Updated_By], [Updated_Date], [Sales_Channel]) VALUES (1815, N'SAHY54', N'Hyper Panda 10008 Al- Rayan Exit 14', N'شركه العزيزيه بنده المتحدة فرع الريان 10008', 15, 17, 91, 23, 1, 1, 81, CAST(0x81370B00 AS Date), 28)
INSERT [dbo].[Customer] ([Customer_Id], [Customer_Code], [Customer_Name], [Customer_Name_BL], [Business_Type], [Customer_Type], [Customer_Group], [Location_Id], [Key_Account], [Status], [Updated_By], [Updated_Date], [Sales_Channel]) VALUES (1816, N'SAHY55', N'HYPER PANDA URAIJA', N'شركه العزيزيه بنده المتحدة فرع العريجاء', 15, 17, 91, 23, 1, 1, 81, CAST(0x81370B00 AS Date), 28)
INSERT [dbo].[Customer] ([Customer_Id], [Customer_Code], [Customer_Name], [Customer_Name_BL], [Business_Type], [Customer_Type], [Customer_Group], [Location_Id], [Key_Account], [Status], [Updated_By], [Updated_Date], [Sales_Channel]) VALUES (1817, N'SAHY56', N'PANDA 5- BATHAH (RIYADH)', N'شركه العزيزيه بنده المتحدة فرع البطحاء- الرياض 5', 15, 17, 91, 23, 1, 1, 76, CAST(0x81370B00 AS Date), 28)
INSERT [dbo].[Customer] ([Customer_Id], [Customer_Code], [Customer_Name], [Customer_Name_BL], [Business_Type], [Customer_Type], [Customer_Group], [Location_Id], [Key_Account], [Status], [Updated_By], [Updated_Date], [Sales_Channel]) VALUES (1818, N'SAHY57', N'PANDA 453- JUBAIL', N'شركه العزيزيه بنده المتحدة فرع الجبيل 453', 15, 17, 91, 20, 1, 1, 95, CAST(0x81370B00 AS Date), 28)
INSERT [dbo].[Customer] ([Customer_Id], [Customer_Code], [Customer_Name], [Customer_Name_BL], [Business_Type], [Customer_Type], [Customer_Group], [Location_Id], [Key_Account], [Status], [Updated_By], [Updated_Date], [Sales_Channel]) VALUES (1819, N'SAHY58', N'HYPER PANDA RAKA 40009 (KHOBAR)', N'شركه العزيزيه بنده المتحدة فرع راكاء  الخبر 40009', 15, 17, 91, 20, 1, 1, 95, CAST(0x81370B00 AS Date), 28)
INSERT [dbo].[Customer] ([Customer_Id], [Customer_Code], [Customer_Name], [Customer_Name_BL], [Business_Type], [Customer_Type], [Customer_Group], [Location_Id], [Key_Account], [Status], [Updated_By], [Updated_Date], [Sales_Channel]) VALUES (1820, N'SAHY59', N'PANDA 46-ALFIRDOUS.ST JUBAIL', N'شركه العزيزيه بنده المتحدة فرع الفردوس الجبيل 46', 15, 17, 91, 20, 1, 1, 95, CAST(0x81370B00 AS Date), 28)
INSERT [dbo].[Customer] ([Customer_Id], [Customer_Code], [Customer_Name], [Customer_Name_BL], [Business_Type], [Customer_Type], [Customer_Group], [Location_Id], [Key_Account], [Status], [Updated_By], [Updated_Date], [Sales_Channel]) VALUES (1821, N'SAHY60', N'PANDA 457- QATEEF', N'شركه العزيزيه بنده المتحدة فرع القطيف 457', 15, 17, 91, 20, 1, 1, 95, CAST(0x81370B00 AS Date), 28)
INSERT [dbo].[Customer] ([Customer_Id], [Customer_Code], [Customer_Name], [Customer_Name_BL], [Business_Type], [Customer_Type], [Customer_Group], [Location_Id], [Key_Account], [Status], [Updated_By], [Updated_Date], [Sales_Channel]) VALUES (1822, N'SAHY61', N'PANDA 40011-DAMMAM', N'شركه العزيزيه بنده المتحدة فرع الدمام 40011', 15, 17, 91, 11, 1, 1, 95, CAST(0x81370B00 AS Date), 28)
INSERT [dbo].[Customer] ([Customer_Id], [Customer_Code], [Customer_Name], [Customer_Name_BL], [Business_Type], [Customer_Type], [Customer_Group], [Location_Id], [Key_Account], [Status], [Updated_By], [Updated_Date], [Sales_Channel]) VALUES (1823, N'SAHY62', N'HYPER PANDA -KM- KHAMIS AVENUE', N'شركة العزيزية بنده المتحدة خميس افينو', 15, 17, 91, 20, 1, 1, 77, CAST(0x81370B00 AS Date), 28)
INSERT [dbo].[Customer] ([Customer_Id], [Customer_Code], [Customer_Name], [Customer_Name_BL], [Business_Type], [Customer_Type], [Customer_Group], [Location_Id], [Key_Account], [Status], [Updated_By], [Updated_Date], [Sales_Channel]) VALUES (1824, N'SAHY63', N'PANDA 504- TABUK', N'شركه العزيزيه بنده المتحدة فرع تبوك 504', 15, 17, 91, 20, 1, 1, 77, CAST(0x81370B00 AS Date), 28)
INSERT [dbo].[Customer] ([Customer_Id], [Customer_Code], [Customer_Name], [Customer_Name_BL], [Business_Type], [Customer_Type], [Customer_Group], [Location_Id], [Key_Account], [Status], [Updated_By], [Updated_Date], [Sales_Channel]) VALUES (1825, N'SAHY64', N'PANDA TABUK 501', N'شركه العزيزيه بنده المتحدة فرع تبوك 501', 15, 17, 91, 20, 1, 1, 77, CAST(0x81370B00 AS Date), 28)
INSERT [dbo].[Customer] ([Customer_Id], [Customer_Code], [Customer_Name], [Customer_Name_BL], [Business_Type], [Customer_Type], [Customer_Group], [Location_Id], [Key_Account], [Status], [Updated_By], [Updated_Date], [Sales_Channel]) VALUES (1826, N'SAHY65', N'PANDA 251 KING ROAD (JEDDAH)', N'شركه العزيزيه بنده المتحدة فرع طريق الملك جده 251', 15, 17, 91, 14, 1, 1, 77, CAST(0x81370B00 AS Date), 28)
INSERT [dbo].[Customer] ([Customer_Id], [Customer_Code], [Customer_Name], [Customer_Name_BL], [Business_Type], [Customer_Type], [Customer_Group], [Location_Id], [Key_Account], [Status], [Updated_By], [Updated_Date], [Sales_Channel]) VALUES (1827, N'SAHY66', N'HYPER PANDA DAREEN MALL-DAMMAM 40012', N'شركه العزيزيه بنده المتحدة فرع دارين مول الدمام 40012', 15, 17, 91, 11, 1, 1, 95, CAST(0x81370B00 AS Date), 28)
INSERT [dbo].[Customer] ([Customer_Id], [Customer_Code], [Customer_Name], [Customer_Name_BL], [Business_Type], [Customer_Type], [Customer_Group], [Location_Id], [Key_Account], [Status], [Updated_By], [Updated_Date], [Sales_Channel]) VALUES (1828, N'SAHY67', N'HYPER PANDA 70006- ABHA', N'شركه العزيزيه بنده المتحدة فرع أبها 70006', 15, 17, 91, 20, 1, 1, 77, CAST(0x81370B00 AS Date), 28)
INSERT [dbo].[Customer] ([Customer_Id], [Customer_Code], [Customer_Name], [Customer_Name_BL], [Business_Type], [Customer_Type], [Customer_Group], [Location_Id], [Key_Account], [Status], [Updated_By], [Updated_Date], [Sales_Channel]) VALUES (1829, N'SAHY68', N'HYPER PANDA 40010- AL HASSA', N'شركة العزيزية بندة المتحدة فرع الاحساء 40010', 15, 17, 91, 20, 1, 1, 95, CAST(0x81370B00 AS Date), 28)
INSERT [dbo].[Customer] ([Customer_Id], [Customer_Code], [Customer_Name], [Customer_Name_BL], [Business_Type], [Customer_Type], [Customer_Group], [Location_Id], [Key_Account], [Status], [Updated_By], [Updated_Date], [Sales_Channel]) VALUES (1830, N'SAHY69', N'PANDA 308 BURAIDAH - QASSIM', N'شركة العزيزية بندة المتحدة فرع بريدة - القصيم 308', 15, 17, 91, 20, 1, 1, 81, CAST(0x81370B00 AS Date), 28)
INSERT [dbo].[Customer] ([Customer_Id], [Customer_Code], [Customer_Name], [Customer_Name_BL], [Business_Type], [Customer_Type], [Customer_Group], [Location_Id], [Key_Account], [Status], [Updated_By], [Updated_Date], [Sales_Channel]) VALUES (1831, N'SAHY70', N'HYPER PANDA 40006 ANDALUSIA DAMMAM', N'شركة العزيزية بندة المتحدة فرع الاندلسية - الدمام 40006', 15, 17, 91, 11, 1, 1, 95, CAST(0x81370B00 AS Date), 28)
INSERT [dbo].[Customer] ([Customer_Id], [Customer_Code], [Customer_Name], [Customer_Name_BL], [Business_Type], [Customer_Type], [Customer_Group], [Location_Id], [Key_Account], [Status], [Updated_By], [Updated_Date], [Sales_Channel]) VALUES (1832, N'SAHY71', N'PANDA 452-DAMMAM', N'شركة العزيزية بندة المتحدة فرع الدمام 452', 15, 17, 91, 11, 1, 1, 95, CAST(0x81370B00 AS Date), 28)
INSERT [dbo].[Customer] ([Customer_Id], [Customer_Code], [Customer_Name], [Customer_Name_BL], [Business_Type], [Customer_Type], [Customer_Group], [Location_Id], [Key_Account], [Status], [Updated_By], [Updated_Date], [Sales_Channel]) VALUES (1833, N'SAHY72', N'HYPER PANDA GALLERIA - RIYADH', N'شركة العزيزية بنده المتحدة  فرع جاليريا - الرياض', 15, 17, 91, 23, 1, 1, 81, CAST(0x81370B00 AS Date), 28)
INSERT [dbo].[Customer] ([Customer_Id], [Customer_Code], [Customer_Name], [Customer_Name_BL], [Business_Type], [Customer_Type], [Customer_Group], [Location_Id], [Key_Account], [Status], [Updated_By], [Updated_Date], [Sales_Channel]) VALUES (1834, N'SAHY73', N'HYPER PANDA DAHRAN MALL', N'شركة العزيزية بنده المتحدة  فرع  الظهران مول', 15, 17, 91, 11, 1, 1, 95, CAST(0x81370B00 AS Date), 28)
INSERT [dbo].[Customer] ([Customer_Id], [Customer_Code], [Customer_Name], [Customer_Name_BL], [Business_Type], [Customer_Type], [Customer_Group], [Location_Id], [Key_Account], [Status], [Updated_By], [Updated_Date], [Sales_Channel]) VALUES (1835, N'SAHY74', N'HYPER PANDA SALAM MALL- RIYADH', N'شركة العزيزية بنده المتحدة  فرع سلام مول - الرياض', 15, 17, 91, 23, 1, 1, 81, CAST(0x81370B00 AS Date), 28)
INSERT [dbo].[Customer] ([Customer_Id], [Customer_Code], [Customer_Name], [Customer_Name_BL], [Business_Type], [Customer_Type], [Customer_Group], [Location_Id], [Key_Account], [Status], [Updated_By], [Updated_Date], [Sales_Channel]) VALUES (1836, N'SAHY75', N'HYPER PANDA KHURAIS-RIYADH', N'شركة العزيزية بنده المتحدة  فرع خريص - الرياض', 15, 17, 91, 23, 1, 1, 81, CAST(0x81370B00 AS Date), 28)
INSERT [dbo].[Customer] ([Customer_Id], [Customer_Code], [Customer_Name], [Customer_Name_BL], [Business_Type], [Customer_Type], [Customer_Group], [Location_Id], [Key_Account], [Status], [Updated_By], [Updated_Date], [Sales_Channel]) VALUES (1837, N'SAHY76', N'HYPER PANDA AL NOOR MALL - MEDINA', N'شركة العزيزية بنده المتحدة  فرع النور مول - المدينة', 15, 17, 91, 20, 1, 1, 77, CAST(0x81370B00 AS Date), 28)
INSERT [dbo].[Customer] ([Customer_Id], [Customer_Code], [Customer_Name], [Customer_Name_BL], [Business_Type], [Customer_Type], [Customer_Group], [Location_Id], [Key_Account], [Status], [Updated_By], [Updated_Date], [Sales_Channel]) VALUES (1838, N'SAHY77', N'HYPER PANDA AZIZ MALL- JEDDAH', N'شركة العزيزية بنده المتحدة  فرع  عزيز مول - جدة', 15, 17, 91, 14, 1, 1, 77, CAST(0x81370B00 AS Date), 28)
INSERT [dbo].[Customer] ([Customer_Id], [Customer_Code], [Customer_Name], [Customer_Name_BL], [Business_Type], [Customer_Type], [Customer_Group], [Location_Id], [Key_Account], [Status], [Updated_By], [Updated_Date], [Sales_Channel]) VALUES (1839, N'SAHY78', N'HYPER PANDA - MALL OF ARAB - JEDDAH', N'شركة العزيزية بنده المتحدة  فرع العرب مول - جدة', 15, 17, 91, 14, 1, 1, 77, CAST(0x81370B00 AS Date), 28)
INSERT [dbo].[Customer] ([Customer_Id], [Customer_Code], [Customer_Name], [Customer_Name_BL], [Business_Type], [Customer_Type], [Customer_Group], [Location_Id], [Key_Account], [Status], [Updated_By], [Updated_Date], [Sales_Channel]) VALUES (1840, N'SAHY79', N'HYPER PANDA NAKHEEL PLAZA-QASSIM', N'شركة العزيزية بنده المتحدة  فرع النخيل بلازا - القصيم', 15, 17, 91, 20, 1, 1, 81, CAST(0x81370B00 AS Date), 28)
INSERT [dbo].[Customer] ([Customer_Id], [Customer_Code], [Customer_Name], [Customer_Name_BL], [Business_Type], [Customer_Type], [Customer_Group], [Location_Id], [Key_Account], [Status], [Updated_By], [Updated_Date], [Sales_Channel]) VALUES (1841, N'SAHY80', N'HYPER PANDA ONAIZAH MALL-30011 QASIM', N'شركة العزيزية بنده المتحدة  فرع عنيزة مول - القصيم 30011', 15, 17, 91, 20, 1, 1, 81, CAST(0x81370B00 AS Date), 28)
INSERT [dbo].[Customer] ([Customer_Id], [Customer_Code], [Customer_Name], [Customer_Name_BL], [Business_Type], [Customer_Type], [Customer_Group], [Location_Id], [Key_Account], [Status], [Updated_By], [Updated_Date], [Sales_Channel]) VALUES (1842, N'SAHY81', N'PANDA KING SAUD UNIVERSITY,125,EXIT 2', N'شركة العزيزية بنده المتحدة  فرع جامعة الملك سعود مخرج 2 - 125', 15, 17, 91, 23, 1, 1, 81, CAST(0x81370B00 AS Date), 28)
INSERT [dbo].[Customer] ([Customer_Id], [Customer_Code], [Customer_Name], [Customer_Name_BL], [Business_Type], [Customer_Type], [Customer_Group], [Location_Id], [Key_Account], [Status], [Updated_By], [Updated_Date], [Sales_Channel]) VALUES (1843, N'SAHY82', N'PANDA 103/ OPPOSITE HARAG', N'شركة العزيزية بنده المتحدة  فرع الحراج 103', 15, 17, 91, 23, 1, 1, 81, CAST(0x81370B00 AS Date), 28)
INSERT [dbo].[Customer] ([Customer_Id], [Customer_Code], [Customer_Name], [Customer_Name_BL], [Business_Type], [Customer_Type], [Customer_Group], [Location_Id], [Key_Account], [Status], [Updated_By], [Updated_Date], [Sales_Channel]) VALUES (1844, N'SAHY83', N'HYPER PANDA- JAW HYPER- KHARJ', N'شركة العزيزية بنده المتحدة  فرع جو - الخرج', 15, 17, 91, 23, 1, 1, 81, CAST(0x81370B00 AS Date), 28)
INSERT [dbo].[Customer] ([Customer_Id], [Customer_Code], [Customer_Name], [Customer_Name_BL], [Business_Type], [Customer_Type], [Customer_Group], [Location_Id], [Key_Account], [Status], [Updated_By], [Updated_Date], [Sales_Channel]) VALUES (1845, N'SAHY84', N'HYPER PANDA 40021-AL EHSA MALL- HASA', N'شركة العزيزية بنده المتحدة  فرع الاحساء مول - الاحساء 40021', 15, 17, 91, 11, 1, 1, 95, CAST(0x81370B00 AS Date), 28)
INSERT [dbo].[Customer] ([Customer_Id], [Customer_Code], [Customer_Name], [Customer_Name_BL], [Business_Type], [Customer_Type], [Customer_Group], [Location_Id], [Key_Account], [Status], [Updated_By], [Updated_Date], [Sales_Channel]) VALUES (1846, N'SAHY85', N'PANDA N2MALL ALFAISALIAH-JEDDAH', N'شركة العزيزية بنده المتحدة  فرع الفيصلية مول - جدة', 15, 17, 91, 14, 1, 1, 77, CAST(0x81370B00 AS Date), 28)
INSERT [dbo].[Customer] ([Customer_Id], [Customer_Code], [Customer_Name], [Customer_Name_BL], [Business_Type], [Customer_Type], [Customer_Group], [Location_Id], [Key_Account], [Status], [Updated_By], [Updated_Date], [Sales_Channel]) VALUES (1847, N'SAHY86', N'PANDA 205, SOUK SOURYAN (PRINCE NAIF St).JEDDAH', N'شركة العزيزية بنده المتحدة  فرع سوق سريان طريق الامير نايف -جدة 205', 15, 17, 91, 14, 1, 1, 77, CAST(0x81370B00 AS Date), 28)
INSERT [dbo].[Customer] ([Customer_Id], [Customer_Code], [Customer_Name], [Customer_Name_BL], [Business_Type], [Customer_Type], [Customer_Group], [Location_Id], [Key_Account], [Status], [Updated_By], [Updated_Date], [Sales_Channel]) VALUES (1848, N'SAHY87', N'PANDA 208, SHAREE MALL.MAKKAH', N'شركة العزيزية بنده المتحدة  فرع شارع مول - مكة 208', 15, 17, 91, 20, 1, 1, 94, CAST(0x81370B00 AS Date), 28)
INSERT [dbo].[Customer] ([Customer_Id], [Customer_Code], [Customer_Name], [Customer_Name_BL], [Business_Type], [Customer_Type], [Customer_Group], [Location_Id], [Key_Account], [Status], [Updated_By], [Updated_Date], [Sales_Channel]) VALUES (1849, N'SAHY88', N'PANDA JIZAN 703 ALRASHED MALL', N'شركة العزيزية بنده المتحدة  فرع الراشد مول- جيزان 703', 15, 17, 91, 20, 1, 1, 77, CAST(0x81370B00 AS Date), 28)
GO
print 'Processed 600 total records'
INSERT [dbo].[Customer] ([Customer_Id], [Customer_Code], [Customer_Name], [Customer_Name_BL], [Business_Type], [Customer_Type], [Customer_Group], [Location_Id], [Key_Account], [Status], [Updated_By], [Updated_Date], [Sales_Channel]) VALUES (1850, N'SAHY89', N'PANDA JAMJOOM CENTER 219-JEDDAH', N'شركة العزيزية بنده المتحدة  فرع مركز جمجوم -جدة 219', 15, 17, 91, 14, 1, 1, 77, CAST(0x81370B00 AS Date), 28)
INSERT [dbo].[Customer] ([Customer_Id], [Customer_Code], [Customer_Name], [Customer_Name_BL], [Business_Type], [Customer_Type], [Customer_Group], [Location_Id], [Key_Account], [Status], [Updated_By], [Updated_Date], [Sales_Channel]) VALUES (1851, N'SAHY90', N'HYPER PANDA 10007 HAMZA ROAD', N'شركة العزيزية بنده المتحدة  فرع طريق حمزة 10007', 15, 17, 91, 23, 1, 1, 81, CAST(0x81370B00 AS Date), 28)
INSERT [dbo].[Customer] ([Customer_Id], [Customer_Code], [Customer_Name], [Customer_Name_BL], [Business_Type], [Customer_Type], [Customer_Group], [Location_Id], [Key_Account], [Status], [Updated_By], [Updated_Date], [Sales_Channel]) VALUES (1852, N'SAHY91', N'HYPER PANDA- UM AL HAMAM 10010', N'شركة العزيزية بنده المتحدة  فرع ام الحمام 10010', 15, 17, 91, 23, 1, 1, 81, CAST(0x81370B00 AS Date), 28)
INSERT [dbo].[Customer] ([Customer_Id], [Customer_Code], [Customer_Name], [Customer_Name_BL], [Business_Type], [Customer_Type], [Customer_Group], [Location_Id], [Key_Account], [Status], [Updated_By], [Updated_Date], [Sales_Channel]) VALUES (1853, N'SAHY92', N'HYPER PANDA - SULTANA 10009', N'شركة العزيزية بنده المتحدة  فرع سلطانة 10009', 15, 17, 91, 23, 1, 1, 81, CAST(0x81370B00 AS Date), 28)
INSERT [dbo].[Customer] ([Customer_Id], [Customer_Code], [Customer_Name], [Customer_Name_BL], [Business_Type], [Customer_Type], [Customer_Group], [Location_Id], [Key_Account], [Status], [Updated_By], [Updated_Date], [Sales_Channel]) VALUES (1854, N'SAHY93', N'HYPER PANDA TAIF', N'شركة العزيزية بنده المتحدة  فرع الطائف', 15, 17, 91, 20, 1, 1, 77, CAST(0x81370B00 AS Date), 28)
INSERT [dbo].[Customer] ([Customer_Id], [Customer_Code], [Customer_Name], [Customer_Name_BL], [Business_Type], [Customer_Type], [Customer_Group], [Location_Id], [Key_Account], [Status], [Updated_By], [Updated_Date], [Sales_Channel]) VALUES (1855, N'SAHY94', N'PANDA 702 KHAMIS MUSHAIT-RIYADH ROAD', N'شركة العزيزية بنده المتحدة  فرع خميس مشيط 702', 15, 17, 91, 23, 1, 1, 77, CAST(0x81370B00 AS Date), 28)
INSERT [dbo].[Customer] ([Customer_Id], [Customer_Code], [Customer_Name], [Customer_Name_BL], [Business_Type], [Customer_Type], [Customer_Group], [Location_Id], [Key_Account], [Status], [Updated_By], [Updated_Date], [Sales_Channel]) VALUES (1856, N'SAHY95', N'Hyper Panda 10012 Riyadh - Bade''a', N'شركة العزيزية بنده المتحدة  فرع البديعة - الرياض 10012', 15, 17, 91, 23, 1, 1, 81, CAST(0x81370B00 AS Date), 28)
INSERT [dbo].[Customer] ([Customer_Id], [Customer_Code], [Customer_Name], [Customer_Name_BL], [Business_Type], [Customer_Type], [Customer_Group], [Location_Id], [Key_Account], [Status], [Updated_By], [Updated_Date], [Sales_Channel]) VALUES (1857, N'SAHY96', N'Hyper Panda 20011 - Makkah', N'شركة العزيزية بنده المتحدة  فرع مكة 20011', 15, 17, 91, 14, 1, 1, 77, CAST(0x81370B00 AS Date), 28)
INSERT [dbo].[Customer] ([Customer_Id], [Customer_Code], [Customer_Name], [Customer_Name_BL], [Business_Type], [Customer_Type], [Customer_Group], [Location_Id], [Key_Account], [Status], [Updated_By], [Updated_Date], [Sales_Channel]) VALUES (1858, N'SAHY97', N'Hyper Panda - 460 Al Hassa Al Mobrz', N'شركة العزيزية بنده المتحدة  فرع المبرز - الاحساء 460', 15, 17, 91, 11, 1, 1, 95, CAST(0x81370B00 AS Date), 28)
INSERT [dbo].[Customer] ([Customer_Id], [Customer_Code], [Customer_Name], [Customer_Name_BL], [Business_Type], [Customer_Type], [Customer_Group], [Location_Id], [Key_Account], [Status], [Updated_By], [Updated_Date], [Sales_Channel]) VALUES (1859, N'SAHY98', N'Hyper Panda - 30004 HAIL', N'شركة العزيزية بنده المتحدة  فرع حائل 30004', 15, 17, 91, 21, 1, 1, 81, CAST(0x81370B00 AS Date), 28)
INSERT [dbo].[Customer] ([Customer_Id], [Customer_Code], [Customer_Name], [Customer_Name_BL], [Business_Type], [Customer_Type], [Customer_Group], [Location_Id], [Key_Account], [Status], [Updated_By], [Updated_Date], [Sales_Channel]) VALUES (1860, N'SAJM01', N'ALJAZEERA SUPER STORE MOUSA BIN NOUSAYR STREET RIYADH', N'أسواق الجزيرة فرع موسى بن نصير - الرياض', 15, 17, 74, 23, 1, 1, 100, CAST(0x81370B00 AS Date), 28)
INSERT [dbo].[Customer] ([Customer_Id], [Customer_Code], [Customer_Name], [Customer_Name_BL], [Business_Type], [Customer_Type], [Customer_Group], [Location_Id], [Key_Account], [Status], [Updated_By], [Updated_Date], [Sales_Channel]) VALUES (1861, N'SAJM02', N'AL JAZEERAH SUPER STORE- MANSOURA BRANCH', N'أسواق الجزيرة فرع موسى بن نصير', 15, 17, 74, 23, 1, 1, 100, CAST(0x81370B00 AS Date), 28)
INSERT [dbo].[Customer] ([Customer_Id], [Customer_Code], [Customer_Name], [Customer_Name_BL], [Business_Type], [Customer_Type], [Customer_Group], [Location_Id], [Key_Account], [Status], [Updated_By], [Updated_Date], [Sales_Channel]) VALUES (1862, N'SALU01', N'LULU HYPERMARKET AL KHOABR KSA', N'أسواق لولو - الخبر', 15, 17, 94, 11, 1, 1, 95, CAST(0x81370B00 AS Date), 28)
INSERT [dbo].[Customer] ([Customer_Id], [Customer_Code], [Customer_Name], [Customer_Name_BL], [Business_Type], [Customer_Type], [Customer_Group], [Location_Id], [Key_Account], [Status], [Updated_By], [Updated_Date], [Sales_Channel]) VALUES (1863, N'SALU02', N'LULU CENTRAL WARE HOUSE-ALKHOBAR', N'المستودع الرئيسي لأسواق لولو - الخبر', 15, 17, 94, 20, 1, 1, 95, CAST(0x81370B00 AS Date), 28)
INSERT [dbo].[Customer] ([Customer_Id], [Customer_Code], [Customer_Name], [Customer_Name_BL], [Business_Type], [Customer_Type], [Customer_Group], [Location_Id], [Key_Account], [Status], [Updated_By], [Updated_Date], [Sales_Channel]) VALUES (1864, N'SALU03', N'LULU SHOPPING CENTER RIYADH 3730', N'اسواق لولو - الرياض  3730', 15, 17, 94, 23, 1, 1, 81, CAST(0x81370B00 AS Date), 28)
INSERT [dbo].[Customer] ([Customer_Id], [Customer_Code], [Customer_Name], [Customer_Name_BL], [Business_Type], [Customer_Type], [Customer_Group], [Location_Id], [Key_Account], [Status], [Updated_By], [Updated_Date], [Sales_Channel]) VALUES (1865, N'SALU04', N'LULU 3740 Central Logistic', N'المستودع المركزي لأسواق لولو 3740', 15, 17, 94, 23, 1, 1, 81, CAST(0x81370B00 AS Date), 28)
INSERT [dbo].[Customer] ([Customer_Id], [Customer_Code], [Customer_Name], [Customer_Name_BL], [Business_Type], [Customer_Type], [Customer_Group], [Location_Id], [Key_Account], [Status], [Updated_By], [Updated_Date], [Sales_Channel]) VALUES (1866, N'SALU05', N'LULU HYPER - RIYADH AVENUE', N'أسواق لولو - افينو', 15, 17, 94, 23, 1, 1, 81, CAST(0x81370B00 AS Date), 28)
INSERT [dbo].[Customer] ([Customer_Id], [Customer_Code], [Customer_Name], [Customer_Name_BL], [Business_Type], [Customer_Type], [Customer_Group], [Location_Id], [Key_Account], [Status], [Updated_By], [Updated_Date], [Sales_Channel]) VALUES (1867, N'SALU06', N'LULU HYPERMARKET - 3760 BATHA RIYADH', N'أسواق لولو فرع البطحاء - الرياض 3760', 15, 17, 94, 23, 1, 1, 81, CAST(0x81370B00 AS Date), 28)
INSERT [dbo].[Customer] ([Customer_Id], [Customer_Code], [Customer_Name], [Customer_Name_BL], [Business_Type], [Customer_Type], [Customer_Group], [Location_Id], [Key_Account], [Status], [Updated_By], [Updated_Date], [Sales_Channel]) VALUES (1868, N'SAMR01', N'MARHABA SHOPPING CENTER PALESTINE STORE - JEDDAH', N'MARHABA SHOPPING CENTER PALESTINE STORE - JEDDAH', 15, 17, 99, 14, 1, 1, 94, CAST(0x81370B00 AS Date), 28)
INSERT [dbo].[Customer] ([Customer_Id], [Customer_Code], [Customer_Name], [Customer_Name_BL], [Business_Type], [Customer_Type], [Customer_Group], [Location_Id], [Key_Account], [Status], [Updated_By], [Updated_Date], [Sales_Channel]) VALUES (1869, N'SANE01', N'NESTO HYPERMARKET, RIYADH', N'أسواق نيستو - الرياض', 131, 146, 102, 20, 1, 1, 81, CAST(0x81370B00 AS Date), 28)
INSERT [dbo].[Customer] ([Customer_Id], [Customer_Code], [Customer_Name], [Customer_Name_BL], [Business_Type], [Customer_Type], [Customer_Group], [Location_Id], [Key_Account], [Status], [Updated_By], [Updated_Date], [Sales_Channel]) VALUES (1870, N'SANE02', N'NESTO DAMMAM', N'أسواق نيستو - الدمام', 15, 17, 102, 11, 1, 1, 95, CAST(0x81370B00 AS Date), 28)
INSERT [dbo].[Customer] ([Customer_Id], [Customer_Code], [Customer_Name], [Customer_Name_BL], [Business_Type], [Customer_Type], [Customer_Group], [Location_Id], [Key_Account], [Status], [Updated_By], [Updated_Date], [Sales_Channel]) VALUES (1871, N'SANE03', N'NESTO LOGISTICS AZIZIA-RIYADH', N'نستو لوجيستيكس', 15, 17, 102, 11, 1, 1, 81, CAST(0x81370B00 AS Date), 28)
INSERT [dbo].[Customer] ([Customer_Id], [Customer_Code], [Customer_Name], [Customer_Name_BL], [Business_Type], [Customer_Type], [Customer_Group], [Location_Id], [Key_Account], [Status], [Updated_By], [Updated_Date], [Sales_Channel]) VALUES (1872, N'SAOT', N'OTHAIM OUGBA BAN NAFEA SUPERMARKET RIYADH', N'شركة أسواق العثيم التجارية فرع عقبة بن نافع - الرياض', 15, 17, 103, 23, 1, 1, 100, CAST(0x81370B00 AS Date), 28)
INSERT [dbo].[Customer] ([Customer_Id], [Customer_Code], [Customer_Name], [Customer_Name_BL], [Business_Type], [Customer_Type], [Customer_Group], [Location_Id], [Key_Account], [Status], [Updated_By], [Updated_Date], [Sales_Channel]) VALUES (1873, N'SAOT01', N'OTHAIM NON FOOD WAREHOUS', N'مستودعات شركة أسواق العثيم التجارية', 15, 17, 103, 23, 1, 1, 100, CAST(0x81370B00 AS Date), 28)
INSERT [dbo].[Customer] ([Customer_Id], [Customer_Code], [Customer_Name], [Customer_Name_BL], [Business_Type], [Customer_Type], [Customer_Group], [Location_Id], [Key_Account], [Status], [Updated_By], [Updated_Date], [Sales_Channel]) VALUES (1874, N'SAOT02', N'OTHAIM KHURAIS HYPER NO 83', N'شركة أسواق العثيم التجارية فرع خريص 83', 15, 17, 103, 23, 1, 1, 100, CAST(0x81370B00 AS Date), 28)
INSERT [dbo].[Customer] ([Customer_Id], [Customer_Code], [Customer_Name], [Customer_Name_BL], [Business_Type], [Customer_Type], [Customer_Group], [Location_Id], [Key_Account], [Status], [Updated_By], [Updated_Date], [Sales_Channel]) VALUES (1875, N'SAOT03', N'OTHAIM MARKETS 91 MURSALAT', N'شركة أسواق العثيم التجارية فرع المرسلات 91', 15, 17, 103, 23, 1, 1, 100, CAST(0x81370B00 AS Date), 28)
INSERT [dbo].[Customer] ([Customer_Id], [Customer_Code], [Customer_Name], [Customer_Name_BL], [Business_Type], [Customer_Type], [Customer_Group], [Location_Id], [Key_Account], [Status], [Updated_By], [Updated_Date], [Sales_Channel]) VALUES (1876, N'SAOT04', N'OTHAIM MARKET ALRABWA 28', N'شركة أسواق العثيم التجارية فرع الربوة 28', 15, 17, 103, 23, 1, 1, 100, CAST(0x81370B00 AS Date), 28)
INSERT [dbo].[Customer] ([Customer_Id], [Customer_Code], [Customer_Name], [Customer_Name_BL], [Business_Type], [Customer_Type], [Customer_Group], [Location_Id], [Key_Account], [Status], [Updated_By], [Updated_Date], [Sales_Channel]) VALUES (1877, N'SAOT05', N'OTHAIM MARKET ALSOWAYDE 39', N'شركة أسواق العثيم التجارية فرع السويدي 39', 15, 17, 103, 23, 1, 1, 100, CAST(0x81370B00 AS Date), 28)
INSERT [dbo].[Customer] ([Customer_Id], [Customer_Code], [Customer_Name], [Customer_Name_BL], [Business_Type], [Customer_Type], [Customer_Group], [Location_Id], [Key_Account], [Status], [Updated_By], [Updated_Date], [Sales_Channel]) VALUES (1878, N'SAOT06', N'OTHAIM MARKET ALEHSA STREET 81', N'شركة أسواق العثيم التجارية فرع الاحساء 81', 15, 17, 103, 23, 1, 1, 100, CAST(0x81370B00 AS Date), 28)
INSERT [dbo].[Customer] ([Customer_Id], [Customer_Code], [Customer_Name], [Customer_Name_BL], [Business_Type], [Customer_Type], [Customer_Group], [Location_Id], [Key_Account], [Status], [Updated_By], [Updated_Date], [Sales_Channel]) VALUES (1879, N'SAOT07', N'BRANCH 31 KING ABDULLAH ROAD RIYADH', N'شركة أسواق العثيم التجارية فرع طريق الملك عبدالله 31', 15, 17, 103, 23, 1, 1, 84, CAST(0x81370B00 AS Date), 28)
INSERT [dbo].[Customer] ([Customer_Id], [Customer_Code], [Customer_Name], [Customer_Name_BL], [Business_Type], [Customer_Type], [Customer_Group], [Location_Id], [Key_Account], [Status], [Updated_By], [Updated_Date], [Sales_Channel]) VALUES (1880, N'SAOT09', N'OTHAIM SUPERMARKETR OUM ALHAMAM BRANCH 86', N'شركة أسواق العثيم التجارية فرع أم الحمام 86', 15, 17, 103, 23, 1, 1, 100, CAST(0x81370B00 AS Date), 28)
INSERT [dbo].[Customer] ([Customer_Id], [Customer_Code], [Customer_Name], [Customer_Name_BL], [Business_Type], [Customer_Type], [Customer_Group], [Location_Id], [Key_Account], [Status], [Updated_By], [Updated_Date], [Sales_Channel]) VALUES (1881, N'SAOT10', N'OTHAIM ALSITEEN BRANCH ALMALAZ STREET', N'شركة أسواق العثيم التجارية فرع الستين بالملز', 15, 17, 103, 23, 1, 1, 100, CAST(0x81370B00 AS Date), 28)
INSERT [dbo].[Customer] ([Customer_Id], [Customer_Code], [Customer_Name], [Customer_Name_BL], [Business_Type], [Customer_Type], [Customer_Group], [Location_Id], [Key_Account], [Status], [Updated_By], [Updated_Date], [Sales_Channel]) VALUES (1882, N'SAOT11', N'OTHAIM BATHA BRANCH CROSS TAREK BIN ZIAD AND BATHA STREET', N'شركة أسواق العثيم التجارية فرع تقاطع طارق بن زياد و شارع البطحاء العام', 15, 17, 103, 23, 1, 1, 100, CAST(0x81370B00 AS Date), 28)
INSERT [dbo].[Customer] ([Customer_Id], [Customer_Code], [Customer_Name], [Customer_Name_BL], [Business_Type], [Customer_Type], [Customer_Group], [Location_Id], [Key_Account], [Status], [Updated_By], [Updated_Date], [Sales_Channel]) VALUES (1883, N'SAOT12', N'OTHAIM MARKET ALRAWDA BRANCH RIYADH', N'شركة أسواق العثيم التجارية فرع الروضة - الرياض', 15, 17, 103, 23, 1, 1, 84, CAST(0x81370B00 AS Date), 28)
INSERT [dbo].[Customer] ([Customer_Id], [Customer_Code], [Customer_Name], [Customer_Name_BL], [Business_Type], [Customer_Type], [Customer_Group], [Location_Id], [Key_Account], [Status], [Updated_By], [Updated_Date], [Sales_Channel]) VALUES (1884, N'SAOT13', N'OTHAIM BRANCH 15 AL OROUBA RIYADH', N'شركة أسواق العثيم التجارية فرع العروبة - الرياض 15', 15, 17, 103, 23, 1, 1, 100, CAST(0x81370B00 AS Date), 28)
INSERT [dbo].[Customer] ([Customer_Id], [Customer_Code], [Customer_Name], [Customer_Name_BL], [Business_Type], [Customer_Type], [Customer_Group], [Location_Id], [Key_Account], [Status], [Updated_By], [Updated_Date], [Sales_Channel]) VALUES (1885, N'SAOT14', N'OTHAIM MOROUG BRANCH 7 RIYADH', N'شركة أسواق العثيم التجارية فرع المروج - الرياض 7', 15, 17, 103, 23, 1, 1, 100, CAST(0x81370B00 AS Date), 28)
INSERT [dbo].[Customer] ([Customer_Id], [Customer_Code], [Customer_Name], [Customer_Name_BL], [Business_Type], [Customer_Type], [Customer_Group], [Location_Id], [Key_Account], [Status], [Updated_By], [Updated_Date], [Sales_Channel]) VALUES (1886, N'SAOT15', N'OTHAIM HAFR BATEN BRANCH 18', N'شركة أسواق العثيم التجارية فرع حفر الباطن 18', 15, 17, 103, 20, 1, 1, 100, CAST(0x81370B00 AS Date), 28)
INSERT [dbo].[Customer] ([Customer_Id], [Customer_Code], [Customer_Name], [Customer_Name_BL], [Business_Type], [Customer_Type], [Customer_Group], [Location_Id], [Key_Account], [Status], [Updated_By], [Updated_Date], [Sales_Channel]) VALUES (1887, N'SAOT16', N'OTHAIM BURAIDA 24 BRANCH', N'شركة أسواق العثيم التجارية فرع بريدة 24', 15, 17, 103, 20, 1, 1, 100, CAST(0x81370B00 AS Date), 28)
INSERT [dbo].[Customer] ([Customer_Id], [Customer_Code], [Customer_Name], [Customer_Name_BL], [Business_Type], [Customer_Type], [Customer_Group], [Location_Id], [Key_Account], [Status], [Updated_By], [Updated_Date], [Sales_Channel]) VALUES (1888, N'SAOT17', N'OTHAIM AL-SOLAY BRANCH-ABU OBAIDA STREET 08', N'شركة أسواق العثيم التجارية فرع السلي - الرياض 8', 15, 17, 103, 23, 1, 1, 100, CAST(0x81370B00 AS Date), 28)
INSERT [dbo].[Customer] ([Customer_Id], [Customer_Code], [Customer_Name], [Customer_Name_BL], [Business_Type], [Customer_Type], [Customer_Group], [Location_Id], [Key_Account], [Status], [Updated_By], [Updated_Date], [Sales_Channel]) VALUES (1889, N'SAOT18', N'Othaim 20 Dabab Branch', N'شركة أسواق العثيم التجارية فرع الضباب 20', 15, 17, 103, 23, 1, 1, 100, CAST(0x81370B00 AS Date), 28)
INSERT [dbo].[Customer] ([Customer_Id], [Customer_Code], [Customer_Name], [Customer_Name_BL], [Business_Type], [Customer_Type], [Customer_Group], [Location_Id], [Key_Account], [Status], [Updated_By], [Updated_Date], [Sales_Channel]) VALUES (1890, N'SAOT19', N'OTHAIM GHORNATHA BRANCH', N'شركة أسواق العثيم التجارية فرع غرناطة', 15, 17, 103, 23, 1, 1, 84, CAST(0x81370B00 AS Date), 28)
INSERT [dbo].[Customer] ([Customer_Id], [Customer_Code], [Customer_Name], [Customer_Name_BL], [Business_Type], [Customer_Type], [Customer_Group], [Location_Id], [Key_Account], [Status], [Updated_By], [Updated_Date], [Sales_Channel]) VALUES (1891, N'SAOT20', N'OTHAIM MA''EN BIN ZA''EDA (EASTERN RING ROAD BESIDE SAPTCO)', N'شركة أسواق العثيم التجارية فرع معن بن زائدة', 15, 17, 103, 23, 1, 1, 100, CAST(0x81370B00 AS Date), 28)
INSERT [dbo].[Customer] ([Customer_Id], [Customer_Code], [Customer_Name], [Customer_Name_BL], [Business_Type], [Customer_Type], [Customer_Group], [Location_Id], [Key_Account], [Status], [Updated_By], [Updated_Date], [Sales_Channel]) VALUES (1892, N'SAOT21', N'OTHAIM HGAB MARKETS - NASEEM', N'شركة أسواق العثيم التجارية فرع اسواق حجاب - النسيم', 15, 17, 103, 23, 1, 1, 100, CAST(0x81370B00 AS Date), 28)
INSERT [dbo].[Customer] ([Customer_Id], [Customer_Code], [Customer_Name], [Customer_Name_BL], [Business_Type], [Customer_Type], [Customer_Group], [Location_Id], [Key_Account], [Status], [Updated_By], [Updated_Date], [Sales_Channel]) VALUES (1893, N'SAOT22', N'OTHAM ALKHAZAN 27 RIYADH', N'شركة أسواق العثيم التجارية فرع الخزان 27', 15, 17, 103, 23, 1, 1, 100, CAST(0x81370B00 AS Date), 28)
INSERT [dbo].[Customer] ([Customer_Id], [Customer_Code], [Customer_Name], [Customer_Name_BL], [Business_Type], [Customer_Type], [Customer_Group], [Location_Id], [Key_Account], [Status], [Updated_By], [Updated_Date], [Sales_Channel]) VALUES (1894, N'SAOT23', N'OTHAIM OSMAN BIN AFAAN- EXIT 7', N'شركة أسواق العثيم التجارية فرع عثمان بن عفان مخرج 7', 15, 17, 103, 23, 1, 1, 100, CAST(0x81370B00 AS Date), 28)
INSERT [dbo].[Customer] ([Customer_Id], [Customer_Code], [Customer_Name], [Customer_Name_BL], [Business_Type], [Customer_Type], [Customer_Group], [Location_Id], [Key_Account], [Status], [Updated_By], [Updated_Date], [Sales_Channel]) VALUES (1895, N'SAOT24', N'OTHAIM ALSHIFA CASH & CARRY ALTERMIZI ROAD', N'شركة أسواق العثيم التجارية فرع الشفا طريق الترمذي', 15, 17, 103, 23, 1, 1, 100, CAST(0x81370B00 AS Date), 28)
INSERT [dbo].[Customer] ([Customer_Id], [Customer_Code], [Customer_Name], [Customer_Name_BL], [Business_Type], [Customer_Type], [Customer_Group], [Location_Id], [Key_Account], [Status], [Updated_By], [Updated_Date], [Sales_Channel]) VALUES (1896, N'SAOT25', N'OTHAIM BADIAH CASH AND CARRY RIYADH', N'شركة أسواق العثيم التجارية فرع البديعة - الرياض', 15, 17, 103, 23, 1, 1, 100, CAST(0x81370B00 AS Date), 28)
INSERT [dbo].[Customer] ([Customer_Id], [Customer_Code], [Customer_Name], [Customer_Name_BL], [Business_Type], [Customer_Type], [Customer_Group], [Location_Id], [Key_Account], [Status], [Updated_By], [Updated_Date], [Sales_Channel]) VALUES (1897, N'SAOT26', N'OTHAIM AL-MANSOURA CASH AND CARRY-ALMANSOURA', N'شركة أسواق العثيم التجارية فرع المنصورة', 15, 17, 103, 23, 1, 1, 100, CAST(0x81370B00 AS Date), 28)
INSERT [dbo].[Customer] ([Customer_Id], [Customer_Code], [Customer_Name], [Customer_Name_BL], [Business_Type], [Customer_Type], [Customer_Group], [Location_Id], [Key_Account], [Status], [Updated_By], [Updated_Date], [Sales_Channel]) VALUES (1898, N'SAOT27', N'OTHAIM MAHAN BIN SAYED- RIYADH', N'شركة أسواق العثيم التجارية فرع معن بن زائدة -الرياض', 15, 17, 103, 23, 1, 1, 84, CAST(0x81370B00 AS Date), 28)
INSERT [dbo].[Customer] ([Customer_Id], [Customer_Code], [Customer_Name], [Customer_Name_BL], [Business_Type], [Customer_Type], [Customer_Group], [Location_Id], [Key_Account], [Status], [Updated_By], [Updated_Date], [Sales_Channel]) VALUES (1899, N'SAOT28', N'OTHAIM DIRIYAH MARKET', N'شركة أسواق العثيم التجارية فرع سوق الدرعية', 15, 17, 103, 23, 1, 1, 100, CAST(0x81370B00 AS Date), 28)
INSERT [dbo].[Customer] ([Customer_Id], [Customer_Code], [Customer_Name], [Customer_Name_BL], [Business_Type], [Customer_Type], [Customer_Group], [Location_Id], [Key_Account], [Status], [Updated_By], [Updated_Date], [Sales_Channel]) VALUES (1900, N'SAOT29', N'OTHAIM AL HARAM PLAZA - RIYADH', N'شركة أسواق العثيم التجارية فرع الهرم بلازا - الرياض', 15, 17, 103, 23, 1, 1, 100, CAST(0x81370B00 AS Date), 28)
INSERT [dbo].[Customer] ([Customer_Id], [Customer_Code], [Customer_Name], [Customer_Name_BL], [Business_Type], [Customer_Type], [Customer_Group], [Location_Id], [Key_Account], [Status], [Updated_By], [Updated_Date], [Sales_Channel]) VALUES (1901, N'SAOT30', N'OTHAIM , SAWARY MALL 165 - JEDDAH', N'شركة أسواق العثيم التجارية فرع سواري مول - جدة 165', 15, 17, 103, 14, 1, 1, 100, CAST(0x81370B00 AS Date), 28)
INSERT [dbo].[Customer] ([Customer_Id], [Customer_Code], [Customer_Name], [Customer_Name_BL], [Business_Type], [Customer_Type], [Customer_Group], [Location_Id], [Key_Account], [Status], [Updated_By], [Updated_Date], [Sales_Channel]) VALUES (1902, N'SAOT31', N'OTHAIM 172 AL SALA', N'شركة أسواق العثيم التجارية فرع الصلاح 172', 15, 17, 103, 23, 1, 1, 100, CAST(0x81370B00 AS Date), 28)
INSERT [dbo].[Customer] ([Customer_Id], [Customer_Code], [Customer_Name], [Customer_Name_BL], [Business_Type], [Customer_Type], [Customer_Group], [Location_Id], [Key_Account], [Status], [Updated_By], [Updated_Date], [Sales_Channel]) VALUES (1903, N'SASACO01', N'SAUDI COMPANY FOR HARDWARE', N'الشركة السعودية', 15, 17, 113, 23, 0, 1, 109, CAST(0x81370B00 AS Date), 28)
INSERT [dbo].[Customer] ([Customer_Id], [Customer_Code], [Customer_Name], [Customer_Name_BL], [Business_Type], [Customer_Type], [Customer_Group], [Location_Id], [Key_Account], [Status], [Updated_By], [Updated_Date], [Sales_Channel]) VALUES (1904, N'SASHCASH', N'Showroom Cash Sales', N'المعرض -المبيعات النقدية', 33, 31, 108, 23, 0, 1, 114, CAST(0x81370B00 AS Date), 28)
INSERT [dbo].[Customer] ([Customer_Id], [Customer_Code], [Customer_Name], [Customer_Name_BL], [Business_Type], [Customer_Type], [Customer_Group], [Location_Id], [Key_Account], [Status], [Updated_By], [Updated_Date], [Sales_Channel]) VALUES (1905, N'SASHDCASH', N'Showroom Cash Sales - Dammam', N'المعرض -المبيعات النقدية  - الدمام', 33, 31, 108, 11, 0, 1, 113, CAST(0x81370B00 AS Date), 28)
INSERT [dbo].[Customer] ([Customer_Id], [Customer_Code], [Customer_Name], [Customer_Name_BL], [Business_Type], [Customer_Type], [Customer_Group], [Location_Id], [Key_Account], [Status], [Updated_By], [Updated_Date], [Sales_Channel]) VALUES (1906, N'SAWA01', N'WALIED SULAIMAN AL ROSOUDI', N'مؤسسة وليد سليمان الرشودي', 33, 17, 113, 23, 0, 1, 116, CAST(0x81370B00 AS Date), 28)
INSERT [dbo].[Customer] ([Customer_Id], [Customer_Code], [Customer_Name], [Customer_Name_BL], [Business_Type], [Customer_Type], [Customer_Group], [Location_Id], [Key_Account], [Status], [Updated_By], [Updated_Date], [Sales_Channel]) VALUES (1907, N'SAYH35', N'PANDA 407 HOFUF', N'شركة العزيزية بنده المتحدة  فرع الهفوف 407', 15, 17, 91, 20, 1, 1, 95, CAST(0x81370B00 AS Date), 28)
INSERT [dbo].[Customer] ([Customer_Id], [Customer_Code], [Customer_Name], [Customer_Name_BL], [Business_Type], [Customer_Type], [Customer_Group], [Location_Id], [Key_Account], [Status], [Updated_By], [Updated_Date], [Sales_Channel]) VALUES (1908, N'TRST11', N'STAR LIGHT HOTELS BAKERIES & REST''S ACCESSORIES TR.', N'STAR LIGHT HOTELS BAKERIES & REST''S ACCESSORIES TR.', 35, 31, 21, 5, 0, 1, 48, CAST(0x81370B00 AS Date), 30)
INSERT [dbo].[Customer] ([Customer_Id], [Customer_Code], [Customer_Name], [Customer_Name_BL], [Business_Type], [Customer_Type], [Customer_Group], [Location_Id], [Key_Account], [Status], [Updated_By], [Updated_Date], [Sales_Channel]) VALUES (1909, N'TRSU02', N'AL SUFARA TRADING', N'AL SUFARA TRADING', 13, 19, 20, 2, 0, 1, 45, CAST(0x81370B00 AS Date), 28)
INSERT [dbo].[Customer] ([Customer_Id], [Customer_Code], [Customer_Name], [Customer_Name_BL], [Business_Type], [Customer_Type], [Customer_Group], [Location_Id], [Key_Account], [Status], [Updated_By], [Updated_Date], [Sales_Channel]) VALUES (1910, N'TRSU03', N'SUN WORLD ENTERPRISE (L.L.C.)', N'SUN WORLD ENTERPRISE (L.L.C.)', 13, 19, 20, 3, 0, 1, 44, CAST(0x81370B00 AS Date), 28)
INSERT [dbo].[Customer] ([Customer_Id], [Customer_Code], [Customer_Name], [Customer_Name_BL], [Business_Type], [Customer_Type], [Customer_Group], [Location_Id], [Key_Account], [Status], [Updated_By], [Updated_Date], [Sales_Channel]) VALUES (1911, N'TRSU07', N'SUBWAY', N'SUBWAY', 126, 19, 20, 3, 0, 1, 59, CAST(0x81370B00 AS Date), 30)
INSERT [dbo].[Customer] ([Customer_Id], [Customer_Code], [Customer_Name], [Customer_Name_BL], [Business_Type], [Customer_Type], [Customer_Group], [Location_Id], [Key_Account], [Status], [Updated_By], [Updated_Date], [Sales_Channel]) VALUES (1912, N'TRSU08', N'SUN CITY SUPER MARKET LLC', N'SUN CITY SUPER MARKET LLC', 15, 19, 20, 10, 0, 1, 50, CAST(0x81370B00 AS Date), 28)
INSERT [dbo].[Customer] ([Customer_Id], [Customer_Code], [Customer_Name], [Customer_Name_BL], [Business_Type], [Customer_Type], [Customer_Group], [Location_Id], [Key_Account], [Status], [Updated_By], [Updated_Date], [Sales_Channel]) VALUES (1913, N'TRSU09', N'AL SUEZ SUPER MARKET', N'AL SUEZ SUPER MARKET', 15, 18, 112, 5, 1, 1, 50, CAST(0x81370B00 AS Date), 28)
INSERT [dbo].[Customer] ([Customer_Id], [Customer_Code], [Customer_Name], [Customer_Name_BL], [Business_Type], [Customer_Type], [Customer_Group], [Location_Id], [Key_Account], [Status], [Updated_By], [Updated_Date], [Sales_Channel]) VALUES (1914, N'TRSU12', N'SULTAN JUMA ELECTRONICS', N'SULTAN JUMA ELECTRONICS', 13, 19, 20, 3, 0, 1, 44, CAST(0x81370B00 AS Date), 28)
INSERT [dbo].[Customer] ([Customer_Id], [Customer_Code], [Customer_Name], [Customer_Name_BL], [Business_Type], [Customer_Type], [Customer_Group], [Location_Id], [Key_Account], [Status], [Updated_By], [Updated_Date], [Sales_Channel]) VALUES (1915, N'TRSU15', N'SUPER GENERAL TRDG. CO. LLC', N'SUPER GENERAL TRDG. CO. LLC', 13, 19, 20, 3, 0, 1, 44, CAST(0x81370B00 AS Date), 28)
INSERT [dbo].[Customer] ([Customer_Id], [Customer_Code], [Customer_Name], [Customer_Name_BL], [Business_Type], [Customer_Type], [Customer_Group], [Location_Id], [Key_Account], [Status], [Updated_By], [Updated_Date], [Sales_Channel]) VALUES (1916, N'TRSU20', N'SUN LINE ELECTRONICS', N'SUN LINE ELECTRONICS', 13, 19, 20, 3, 0, 1, 38, CAST(0x81370B00 AS Date), 28)
INSERT [dbo].[Customer] ([Customer_Id], [Customer_Code], [Customer_Name], [Customer_Name_BL], [Business_Type], [Customer_Type], [Customer_Group], [Location_Id], [Key_Account], [Status], [Updated_By], [Updated_Date], [Sales_Channel]) VALUES (1917, N'TRSU20E', N'SUN LINE ELECTRONICS', N'SUN LINE ELECTRONICS', 13, 19, 20, 3, 0, 1, 39, CAST(0x81370B00 AS Date), 28)
INSERT [dbo].[Customer] ([Customer_Id], [Customer_Code], [Customer_Name], [Customer_Name_BL], [Business_Type], [Customer_Type], [Customer_Group], [Location_Id], [Key_Account], [Status], [Updated_By], [Updated_Date], [Sales_Channel]) VALUES (1918, N'TRSU20W', N'SUN LINE ELECTRONICS LLC.', N'SUN LINE ELECTRONICS LLC.', 33, 18, 22, 3, 0, 1, 37, CAST(0x81370B00 AS Date), 29)
INSERT [dbo].[Customer] ([Customer_Id], [Customer_Code], [Customer_Name], [Customer_Name_BL], [Business_Type], [Customer_Type], [Customer_Group], [Location_Id], [Key_Account], [Status], [Updated_By], [Updated_Date], [Sales_Channel]) VALUES (1919, N'TRSU21', N'SUPER AWAFI MINERAL WATER CO. LLC', N'SUPER AWAFI MINERAL WATER CO. LLC', 134, 19, 21, 2, 0, 1, 59, CAST(0x81370B00 AS Date), 30)
INSERT [dbo].[Customer] ([Customer_Id], [Customer_Code], [Customer_Name], [Customer_Name_BL], [Business_Type], [Customer_Type], [Customer_Group], [Location_Id], [Key_Account], [Status], [Updated_By], [Updated_Date], [Sales_Channel]) VALUES (1920, N'TRSU22', N'SUN LINE EECTRONICS L.L.C (BRANCH)', N'SUN LINE EECTRONICS L.L.C (BRANCH)', 13, 19, 20, 3, 0, 1, 49, CAST(0x81370B00 AS Date), 28)
INSERT [dbo].[Customer] ([Customer_Id], [Customer_Code], [Customer_Name], [Customer_Name_BL], [Business_Type], [Customer_Type], [Customer_Group], [Location_Id], [Key_Account], [Status], [Updated_By], [Updated_Date], [Sales_Channel]) VALUES (1921, N'TRSU23', N'AL SUWAIS SUPERMARKET', N'AL SUWAIS SUPERMARKET', 13, 18, 20, 3, 1, 1, 38, CAST(0x81370B00 AS Date), 28)
INSERT [dbo].[Customer] ([Customer_Id], [Customer_Code], [Customer_Name], [Customer_Name_BL], [Business_Type], [Customer_Type], [Customer_Group], [Location_Id], [Key_Account], [Status], [Updated_By], [Updated_Date], [Sales_Channel]) VALUES (1922, N'TRSU23E', N'AL SUWAIS SUPERMARKET', N'AL SUWAIS SUPERMARKET', 13, 18, 20, 3, 1, 1, 53, CAST(0x81370B00 AS Date), 28)
INSERT [dbo].[Customer] ([Customer_Id], [Customer_Code], [Customer_Name], [Customer_Name_BL], [Business_Type], [Customer_Type], [Customer_Group], [Location_Id], [Key_Account], [Status], [Updated_By], [Updated_Date], [Sales_Channel]) VALUES (1923, N'TRSU24', N'SUPER PRICE ELECTRONICS', N'SUPER PRICE ELECTRONICS', 121, 17, 20, 4, 0, 1, 62, CAST(0x81370B00 AS Date), 28)
INSERT [dbo].[Customer] ([Customer_Id], [Customer_Code], [Customer_Name], [Customer_Name_BL], [Business_Type], [Customer_Type], [Customer_Group], [Location_Id], [Key_Account], [Status], [Updated_By], [Updated_Date], [Sales_Channel]) VALUES (1924, N'TRSU25', N'SUPER ELITE REALTIES BROKER', N'SUPER ELITE REALTIES BROKER', 137, 31, 21, 3, 0, 1, 48, CAST(0x81370B00 AS Date), 30)
INSERT [dbo].[Customer] ([Customer_Id], [Customer_Code], [Customer_Name], [Customer_Name_BL], [Business_Type], [Customer_Type], [Customer_Group], [Location_Id], [Key_Account], [Status], [Updated_By], [Updated_Date], [Sales_Channel]) VALUES (1925, N'TRSU27', N'SUN ENGINEERING & CONTRACTING CO,(L.L.C)', N'SUN ENGINEERING & CONTRACTING CO,(L.L.C)', 36, 31, 21, 3, 0, 1, 69, CAST(0x81370B00 AS Date), 30)
INSERT [dbo].[Customer] ([Customer_Id], [Customer_Code], [Customer_Name], [Customer_Name_BL], [Business_Type], [Customer_Type], [Customer_Group], [Location_Id], [Key_Account], [Status], [Updated_By], [Updated_Date], [Sales_Channel]) VALUES (1926, N'TRSW01', N'SWITCH ELECTRONICS', N'SWITCH ELECTRONICS', 139, 18, 22, 3, 1, 1, 63, CAST(0x81370B00 AS Date), 28)
INSERT [dbo].[Customer] ([Customer_Id], [Customer_Code], [Customer_Name], [Customer_Name_BL], [Business_Type], [Customer_Type], [Customer_Group], [Location_Id], [Key_Account], [Status], [Updated_By], [Updated_Date], [Sales_Channel]) VALUES (1927, N'TRSW02', N'SWITCH ELECTRONCS L L C  AL AIN', N'SWITCH ELECTRONCS L L C  AL AIN', 121, 18, 22, 4, 1, 1, 62, CAST(0x81370B00 AS Date), 28)
INSERT [dbo].[Customer] ([Customer_Id], [Customer_Code], [Customer_Name], [Customer_Name_BL], [Business_Type], [Customer_Type], [Customer_Group], [Location_Id], [Key_Account], [Status], [Updated_By], [Updated_Date], [Sales_Channel]) VALUES (1928, N'TRSY01', N'SYRIAN JORDANIAN ELECTRICDEVICES TR.', N'SYRIAN JORDANIAN ELECTRICDEVICES TR.', 32, 18, 20, 5, 0, 1, 42, CAST(0x81370B00 AS Date), 28)
INSERT [dbo].[Customer] ([Customer_Id], [Customer_Code], [Customer_Name], [Customer_Name_BL], [Business_Type], [Customer_Type], [Customer_Group], [Location_Id], [Key_Account], [Status], [Updated_By], [Updated_Date], [Sales_Channel]) VALUES (1929, N'TRTA01', N'TALAL SUPERMARKET - BUR DUBAI', N'TALAL SUPERMARKET - BUR DUBAI', 15, 18, 112, 3, 1, 1, 61, CAST(0x81370B00 AS Date), 28)
INSERT [dbo].[Customer] ([Customer_Id], [Customer_Code], [Customer_Name], [Customer_Name_BL], [Business_Type], [Customer_Type], [Customer_Group], [Location_Id], [Key_Account], [Status], [Updated_By], [Updated_Date], [Sales_Channel]) VALUES (1930, N'TRTA01E', N'TALAL SUPERMARKET - BUR DUBAI', N'TALAL SUPERMARKET - BUR DUBAI', 15, 18, 112, 3, 1, 1, 61, CAST(0x81370B00 AS Date), 28)
INSERT [dbo].[Customer] ([Customer_Id], [Customer_Code], [Customer_Name], [Customer_Name_BL], [Business_Type], [Customer_Type], [Customer_Group], [Location_Id], [Key_Account], [Status], [Updated_By], [Updated_Date], [Sales_Channel]) VALUES (1931, N'TRTA04', N'TALAL SUPERMARKET', N'TALAL SUPERMARKET', 15, 18, 112, 3, 1, 1, 53, CAST(0x81370B00 AS Date), 28)
INSERT [dbo].[Customer] ([Customer_Id], [Customer_Code], [Customer_Name], [Customer_Name_BL], [Business_Type], [Customer_Type], [Customer_Group], [Location_Id], [Key_Account], [Status], [Updated_By], [Updated_Date], [Sales_Channel]) VALUES (1932, N'TRTA04A', N'TALAL SUPERMARKET', N'TALAL SUPERMARKET', 15, 18, 112, 3, 1, 1, 52, CAST(0x81370B00 AS Date), 28)
INSERT [dbo].[Customer] ([Customer_Id], [Customer_Code], [Customer_Name], [Customer_Name_BL], [Business_Type], [Customer_Type], [Customer_Group], [Location_Id], [Key_Account], [Status], [Updated_By], [Updated_Date], [Sales_Channel]) VALUES (1933, N'TRTA07', N'TAWAKKAL ENTERPRISES', N'TAWAKKAL ENTERPRISES', 13, 19, 20, 5, 0, 1, 63, CAST(0x81370B00 AS Date), 28)
INSERT [dbo].[Customer] ([Customer_Id], [Customer_Code], [Customer_Name], [Customer_Name_BL], [Business_Type], [Customer_Type], [Customer_Group], [Location_Id], [Key_Account], [Status], [Updated_By], [Updated_Date], [Sales_Channel]) VALUES (1934, N'TRTA09', N'TAJ ELECTRONICS', N'TAJ ELECTRONICS', 13, 19, 20, 5, 0, 1, 63, CAST(0x81370B00 AS Date), 28)
INSERT [dbo].[Customer] ([Customer_Id], [Customer_Code], [Customer_Name], [Customer_Name_BL], [Business_Type], [Customer_Type], [Customer_Group], [Location_Id], [Key_Account], [Status], [Updated_By], [Updated_Date], [Sales_Channel]) VALUES (1935, N'TRTA10', N'TARGET ELECTRONICS CO. LLC.', N'TARGET ELECTRONICS CO. LLC.', 13, 19, 20, 3, 0, 1, 66, CAST(0x81370B00 AS Date), 28)
INSERT [dbo].[Customer] ([Customer_Id], [Customer_Code], [Customer_Name], [Customer_Name_BL], [Business_Type], [Customer_Type], [Customer_Group], [Location_Id], [Key_Account], [Status], [Updated_By], [Updated_Date], [Sales_Channel]) VALUES (1936, N'TRTA10E', N'TARGET ELECTRONICS CO. LLC.', N'TARGET ELECTRONICS CO. LLC.', 13, 19, 20, 3, 0, 1, 49, CAST(0x81370B00 AS Date), 28)
INSERT [dbo].[Customer] ([Customer_Id], [Customer_Code], [Customer_Name], [Customer_Name_BL], [Business_Type], [Customer_Type], [Customer_Group], [Location_Id], [Key_Account], [Status], [Updated_By], [Updated_Date], [Sales_Channel]) VALUES (1937, N'TRTA11', N'TALIB ALI POUR TRADING', N'TALIB ALI POUR TRADING', 13, 19, 20, 3, 0, 1, 61, CAST(0x81370B00 AS Date), 28)
INSERT [dbo].[Customer] ([Customer_Id], [Customer_Code], [Customer_Name], [Customer_Name_BL], [Business_Type], [Customer_Type], [Customer_Group], [Location_Id], [Key_Account], [Status], [Updated_By], [Updated_Date], [Sales_Channel]) VALUES (1938, N'TRTA12', N'TALAL SUPERMARKET (BR)', N'TALAL SUPERMARKET (BR)', 15, 18, 112, 3, 1, 1, 53, CAST(0x81370B00 AS Date), 28)
INSERT [dbo].[Customer] ([Customer_Id], [Customer_Code], [Customer_Name], [Customer_Name_BL], [Business_Type], [Customer_Type], [Customer_Group], [Location_Id], [Key_Account], [Status], [Updated_By], [Updated_Date], [Sales_Channel]) VALUES (1939, N'TRTA12A', N'TALAL SUPERMARKET (BR)', N'TALAL SUPERMARKET (BR)', 15, 18, 112, 3, 1, 1, 52, CAST(0x81370B00 AS Date), 28)
INSERT [dbo].[Customer] ([Customer_Id], [Customer_Code], [Customer_Name], [Customer_Name_BL], [Business_Type], [Customer_Type], [Customer_Group], [Location_Id], [Key_Account], [Status], [Updated_By], [Updated_Date], [Sales_Channel]) VALUES (1940, N'TRTA12E', N'TALAL SUPERMARKET (BR)', N'TALAL SUPERMARKET (BR)', 15, 18, 112, 3, 1, 1, 49, CAST(0x81370B00 AS Date), 28)
INSERT [dbo].[Customer] ([Customer_Id], [Customer_Code], [Customer_Name], [Customer_Name_BL], [Business_Type], [Customer_Type], [Customer_Group], [Location_Id], [Key_Account], [Status], [Updated_By], [Updated_Date], [Sales_Channel]) VALUES (1941, N'TRTA13', N'AL TAEF VALLEY ELECTRONICS', N'AL TAEF VALLEY ELECTRONICS', 13, 19, 20, 3, 0, 1, 44, CAST(0x81370B00 AS Date), 28)
INSERT [dbo].[Customer] ([Customer_Id], [Customer_Code], [Customer_Name], [Customer_Name_BL], [Business_Type], [Customer_Type], [Customer_Group], [Location_Id], [Key_Account], [Status], [Updated_By], [Updated_Date], [Sales_Channel]) VALUES (1942, N'TRTA14', N'AL TAQAH PERFUMES, GIFTS & ELECTRONICS', N'AL TAQAH PERFUMES, GIFTS & ELECTRONICS', 13, 19, 20, 5, 0, 1, 50, CAST(0x81370B00 AS Date), 28)
